{"id":10488,"date":"2018-07-20T17:12:35","date_gmt":"2018-07-20T16:12:35","guid":{"rendered":"https:\/\/marielisel.com\/?page_id=10488"},"modified":"2018-07-20T17:12:35","modified_gmt":"2018-07-20T16:12:35","slug":"seance-par-skype","status":"publish","type":"page","link":"https:\/\/test2.under-construction.work\/index.php\/seances\/seance-par-skype\/","title":{"rendered":"S\u00e9ance par visio (\u00e0 distance)"},"content":{"rendered":"<blockquote><p><strong>S\u00e9ance par ZOOM<br \/>\n<\/strong><\/p><\/blockquote>\n<p>En cette p\u00e9riode de covid, la pratique virtuelle s&rsquo;intensifie.<\/p>\n<p>En temps ordinaire, je pratique souvent des s\u00e9ances d&rsquo;<a href=\"https:\/\/test2.under-construction.work\/les-outils-de-la-praticienne\/\" target=\"_blank\" rel=\"noopener\">hypnose<\/a> et de <a href=\"https:\/\/test2.under-construction.work\/les-techniques-de-reve-eveille\/\" target=\"_blank\" rel=\"noopener\">REAH<\/a> (r\u00eave \u00e9veill\u00e9 augment\u00e9 par l&rsquo;hypnose) par visio. Vous pouvez lire quelques t\u00e9moignages ci-dessous. Cela fonctionne tr\u00e8s bien.<\/p>\n<p>J&rsquo;utilise de pr\u00e9f\u00e9rence une salle virtuelle o\u00f9 nous nous rencontrons car en cas de coupure d&rsquo;internet, il est facile de se reconnecter sans se rappeler et d\u00e9crocher. Il suffit de revenir dans la salle o\u00f9 l&rsquo;autre est rest\u00e9.e.<\/p>\n<p>Pour le moment, je privil\u00e9gie ZOOM, car c&rsquo;est le plus fiable. D&rsquo;autres sont possibles si cela vous pose un souci.<\/p>\n<ul>\n<li><a href=\"https:\/\/conf.domainepublic.net\/\" target=\"_blank\" rel=\"noopener\">Jitsi <\/a>(domaine public, youpi!)<\/li>\n<li>KMeet<\/li>\n<li>HANGOUTS<\/li>\n<li>SKYPE<\/li>\n<li>ZOOM<\/li>\n<li>Klaxoon<\/li>\n<li>Whereby<\/li>\n<\/ul>\n<p><em>\u00ab\u00a0Clairement, les forces qui g\u00e9n\u00e8rent le voyage int\u00e9rieur n\u2019en ont que faire que la guide soit l\u00e0 physiquement ou virtuellement\u00a0\u00bb<\/em> (les t\u00e9moignages plus longs sont en bas de cette page)<em><br \/>\n<\/em><\/p>\n<blockquote><p><strong>Les conditions<\/strong><\/p><\/blockquote>\n<ul>\n<li>les m\u00eames conditions que les s\u00e9ances du visu (plus de 18 ans, pas de trouble psychopathologique aigu ni drogue ni alcoolisme s\u00e9v\u00e8re&#8230; <a href=\"https:\/\/test2.under-construction.work\/seances\/contre-indications-et-precautions\/\" target=\"_blank\" rel=\"noopener\">voyez la page consacr\u00e9e<\/a>)<\/li>\n<li>un bon wifi<\/li>\n<li>de la tranquillit\u00e9<\/li>\n<li>une progression dans le travail de fa\u00e7on \u00e0 ce que vous g\u00e9riez votre transe de fa\u00e7on confortable.<\/li>\n<\/ul>\n<p>Je vous demanderai donc de pr\u00e9voir une pi\u00e8ce calme o\u00f9 il n&rsquo;y a pas d&rsquo;irruption humaine ou animale, une connexion haut d\u00e9bit, un \u00e9cran stable (pas un t\u00e9l\u00e9phone en main) et, \u00e9ventuellement (pas n\u00e9cessaire mais pratique) un casque avec micro.<\/p>\n<p>Mes accompagn\u00e9.e.s en visio sont en France, Belgique, Luxembourg, Suisse, Maroc, Japon, Chine et Am\u00e9rique du Sud&#8230; Tant qu&rsquo;il y a du r\u00e9seau, \u00e7a roule!<\/p>\n<p>Bienvenue<\/p>\n<blockquote><p><strong>Avantages<\/strong><\/p><\/blockquote>\n<ul>\n<li><strong>Organisation g\u00e9ographique optimum<\/strong> (je suis souvent en vadrouille)<\/li>\n<li><b>Gains de temps <\/b>(pas de d\u00e9placement de chez vous au cabinet)<b><br \/>\n<\/b><\/li>\n<li><strong>Confort<\/strong> (vous \u00eates dans votre fauteuil et pouvez y rester apr\u00e8s la s\u00e9ance)<\/li>\n<li><strong>Int\u00e9gration<\/strong> directe dans votre quotidien<\/li>\n<li><strong>Safe<\/strong> (pas de risque covid)<b><br \/>\n<\/b><\/li>\n<li><strong>Cocon<\/strong> (avec un casque, id\u00e9alement avec micro, c&rsquo;est mieux!)<\/li>\n<li><a href=\"https:\/\/test2.under-construction.work\/seances\/\"><strong>Moins cher<\/strong> (par rapport aux tarifs parisiens)<\/a><\/li>\n<\/ul>\n<blockquote><p><strong>Tarifs<\/strong><\/p><\/blockquote>\n<p><strong>La dur\u00e9e des visio-s\u00e9ances<\/strong> peut varier, selon votre entrainement et selon vos pr\u00e9f\u00e9rences.<\/p>\n<p><strong>Le sch\u00e9ma habituel est de 1h15 pour la premi\u00e8re puis 1h15 ou 1h pour les suivantes.<\/strong><\/p>\n<ul>\n<li><strong>1h15<\/strong> (dur\u00e9e normale 1\u00e8re s\u00e9ance et suivantes si elles sont espac\u00e9es de plus d&rsquo;une semaine\/1\u00e0 jours) <strong>75 (65 euros<\/strong> en tarif r\u00e9duit)<\/li>\n<li><strong>1h<\/strong> (dur\u00e9e normale \u00e0 partir de la seconde s\u00e9ance si les s\u00e9ances sont rapproch\u00e9es) <strong>60 euros (50 euros<\/strong> en tarif r\u00e9duit)<\/li>\n<\/ul>\n<p>On peut aussi prendre son temps&#8230;<\/p>\n<ul>\n<li><strong>1h30<\/strong> (\u00e0 l&rsquo;aise) <strong>90 (<\/strong><strong>80<\/strong> en r\u00e9duit)<\/li>\n<li><strong>1h45 <\/strong>(tr\u00e8s \u00e0 l\u2019aise) <strong>105 (95)<br \/>\n<\/strong><\/li>\n<li><strong>2h<\/strong> (super \u00e0 l\u2019aise) <strong>120 (110)<br \/>\n<\/strong><\/li>\n<\/ul>\n<p>Et vous pouvez aider les personnes qui n&rsquo;ont pas les moyens avec cette crise Covid19.<\/p>\n<ul>\n<li>Vous pouvez payer <strong>plus que votre s\u00e9ance, pour participer aux<\/strong> <strong>s\u00e9ances pendues<\/strong> (de grosses r\u00e9ductions offertes par celleux qui en ont les moyens aux personnes qui en ont besoin, priorit\u00e9 aux lgbtqia+)<\/li>\n<\/ul>\n<p><strong>Tarif r\u00e9duit<\/strong>: statut d\u2019artiste, coll\u00e8gue hypno, \u00e9tudiant.e de l\u2019Arche, personne au ch\u00f4mage, \u00e9tudiant.e de moins de 25 ans, demande particuli\u00e8re (\u00e0 discuter en amont).<\/p>\n<p>Vous me payez <a href=\"https:\/\/test2.under-construction.work\/seances\/virements-bancaires\/\">par virement.<\/a><\/p>\n<p>Bienvenue dans mon espace de travail virtuel!<\/p>\n<figure id=\"attachment_13703\" aria-describedby=\"caption-attachment-13703\" style=\"width: 411px\" class=\"wp-caption alignnone\"><img loading=\"lazy\" decoding=\"async\" class=\"alignnone size-full wp-image-13703\" src=\"https:\/\/test2.under-construction.work\/wp-content\/uploads\/2020\/03\/capture-de28099ecc81cran-2020-03-14-acc80-22.53.47.png\" alt=\"Capture d\u2019\u00e9cran 2020-03-14 \u00e0 22.53.47\" width=\"411\" height=\"303\" \/><figcaption id=\"caption-attachment-13703\" class=\"wp-caption-text\">En ces temps troubles, prenons soin de nous&#8230;<\/figcaption><\/figure>\n<blockquote><p><strong>T\u00e9moignages (partag\u00e9s avec permission des autrices et auteurs)<br \/>\n<\/strong><\/p><\/blockquote>\n<div title=\"Page 1\">\n<p><em>\u00ab\u00a0Il y a un mois, je partais en hypnose guid\u00e9e en visio par Marie pour explorer la douleur physique qui me faisait extr\u00eamement souffrir depuis des mois.<\/em><\/p>\n<div class=\"text_exposed_show\">\n<p><em>Le voyage se r\u00e9v\u00e8le sous le signe de l&rsquo;abeille. \u00c9tendue dans un champ, mon corps se transforme peu \u00e0 peu pour devenir celui d&rsquo;une abeille g\u00e9ante. Ma vision devient extraordinaire. Chaque \u0153il est maintenant muni de milliers de petites cam\u00e9ras qui \u00e9largissent mon champ visuel. Je vois en grand et en petit, de pr\u00e8s ou de tr\u00e8s loin en m\u00eame temps.<\/em><\/p>\n<p><em>Puis, une douleur actroce me reveille: mon dard a arrach\u00e9 tout mon abdomen. Je ne sais pas quoi faire pour soigner cette d\u00e9chirure mais bient\u00f4t des dizaines ou des centaines d&rsquo;abeilles entament une ronde autour de moi et m&rsquo;enveloppent d&rsquo;un voile de miel. Leur chant et leur danse m&rsquo;apaisent et annoncent la gu\u00e9rison.<\/em><\/p>\n<p><em>Aujourd&rsquo;hui, trois semaines apr\u00e8s mon op\u00e9ration chirurgicale, c&rsquo;est un nid d&rsquo;abeilles qui a \u00e9lu domicile sur le mur de ma terrasse bruxelloise. Depuis hier, leur chant m&rsquo;enchante et me rappelle \u00e0 cette s\u00e9ance magique d&rsquo;abeilles gu\u00e9risseuses. Du coup, je ne sais pas si je dois les laisser vivre leur vie et les remercier ou appeler un apiculteur pour les d\u00e9placer gentiment!<\/em><\/p>\n<p><em>Dr\u00f4le de co\u00efncidence toute de m\u00eame non ? Merci la vie. Et merci Marie !\u00a0\u00bb<\/em><\/p>\n<p><img loading=\"lazy\" decoding=\"async\" class=\"alignnone size-full wp-image-14899\" src=\"https:\/\/test2.under-construction.work\/wp-content\/uploads\/2020\/07\/capture-de28099ecc81cran-2020-07-18-acc80-19.52.12.png\" alt=\"Capture d\u2019\u00e9cran 2020-07-18 \u00e0 19.52.12\" width=\"497\" height=\"536\" \/><\/p>\n<p>***<\/p>\n<\/div>\n<p><em>Mon premier rdv en visio avec Marie se r\u00e9sume en quelques lettres WAOU.<\/em><\/p>\n<p><em>J\u2019\u00e9tais pourtant bien \u00a0stress\u00e9 puisque\u00a0 je cumulais un premier rdv pour une premi\u00e9re exp\u00e9rience de r\u00eave \u00e9veill\u00e9 et en\u00a0 visio.<\/em><\/p>\n<p><em>Mon stress s\u2019est rapidement dissip\u00e9 pour laisser place \u00e0 la curiosit\u00e9 et une envie de l\u00e2cher prise.\u00a0<\/em><\/p>\n<p><em>Marie a su me rassurer de part son approche simple, transparente et assez pragmatique. De part aussi sa pr\u00e9sence aussi que l\u2019on sent sans jugement aucun.\u00a0<\/em><\/p>\n<p><em>Le plus marquant ( d\u2019o\u00f9 mon WAOU) est ce cadre de s\u00e9curit\u00e9 que j\u2019ai ressentie et qui m\u2019a permit de faire une s\u00e9ance intense et productive.\u00a0<\/em><\/p>\n<p><em>Il y a eu aussi de l\u2019humour, des sourires et \u00e0 nouveau de la simplicit\u00e9 et \u00e7a c\u2019est top aussi.\u00a0<\/em><\/p>\n<p><em>Marie \u00e0 une approche r\u00e9ellement singuli\u00e8re et simple \u00e0 la fois, qui est selon moi gage de professionnalisme .\u00a0<\/em><\/p>\n<p><em>Je me suis sentie libre, confiante et assez en s\u00e9curit\u00e9 pour faire sauter une ou deux barri\u00e8res d\u00e9s la premi\u00e8re s\u00e9ance. Waou !\u00a0<\/em><\/p>\n<p><em>Merci Marie !\u00a0<\/em><\/p>\n<p><img loading=\"lazy\" decoding=\"async\" class=\"alignnone size-full wp-image-6688\" src=\"https:\/\/test2.under-construction.work\/wp-content\/uploads\/2017\/01\/16266244_380626465626555_6166719559989128986_n.jpg\" alt=\"16266244_380626465626555_6166719559989128986_n\" width=\"458\" height=\"402\" \/><\/p>\n<\/div>\n<div><\/div>\n<p><em>La nature dans mes voyages hypnotiques.<\/em><\/p>\n<p><em>Lors de mes s\u00e9ances hypnotiques en visio, la nature occupe une place pr\u00e9pond\u00e9rante : flotter \u00e0 la surface d\u2019un lac, me lover dans un tronc d\u2019arbre, me retrouver au sein d&rsquo;un volcan en \u00e9ruption, laisser pousser des plantes \u00e0 l\u2019int\u00e9rieur de mon corps, int\u00e9grer le soleil en moi et cela \u00e0 maintes reprises&#8230; Sans compter sur la pr\u00e9sence des guides-animaux qui m&rsquo;accompagnent lors de chaque voyage. <\/em><\/p>\n<p><em>Les t\u00e2ches prescrites en fin de s\u00e9ance maintiennent souvent ce lien cr\u00e9\u00e9 : prendre du temps pour moi dans un jardin ou un bois, trouver une pierre et la garder, retourner en auto-hypnose dans les lieux visit\u00e9s,&#8230;<\/em><\/p>\n<p><em>La nature est revenue au premier plan dans ma vie quotidienne en tant que lieu de ressourcement et de refuge.<\/em><\/p>\n<p>***<\/p>\n<p><em>Premi\u00e8re exp\u00e9rience d\u2019hypnose pour moi. C\u2019\u00e9tait donc un double pari de la tenter durant cette p\u00e9riode exceptionnelle de confinement li\u00e9e au Coronavirus, par \u00e9cran interpos\u00e9.<\/em><\/p>\n<p><em>Malgr\u00e9 quelques d\u00e9boires techniques li\u00e9s \u00e0 ma connexion, Marie a tout de suite \u00e9t\u00e9 d\u2019une pr\u00e9sence apaisante et accueillante.J\u2019ai appr\u00e9ci\u00e9 le temps offert par Marie lors de la premi\u00e8re s\u00e9ance d\u2019une part pour me laisser expliquer ma demande et mon \u00e9tat, et d\u2019autre part pour la clart\u00e9 de ses explications sur la pratique qu\u2019elle propose. Marie est tr\u00e8s transparente sur le cadre de son travail et des limites de celui-ci, chose tr\u00e8s rassurante pour moi.<\/em><\/p>\n<p><em>J\u2019ai \u00e9t\u00e9 \u00e9tonn\u00e9e de constater la facilit\u00e9 avec laquelle je me suis laiss\u00e9e guider par la voix d\u2019une th\u00e9rapeute que je n\u2019avais jamais rencontr\u00e9e en chair et en os. La douceur de sa voix et l\u2019assurance avec laquelle elle m\u00e8ne la s\u00e9ance m\u2019ont guid\u00e9e avec confiance dans une voie nouvelle d\u2019exploration de mon \u00eatre. <\/em><\/p>\n<p><em>Quel voyage ! Tout cela est assez neuf pour moi mais je dois dire que j\u2019ai \u00e9t\u00e9 conquise d\u00e8s la premi\u00e8re s\u00e9ance. <\/em><\/p>\n<p><em>J\u2019ai d\u00e9couvert un monde int\u00e9rieur avec lequel je peux entrer en contact et en dialogue m\u00eame, ce qui a pour effet de diminuer l\u2019angoisse li\u00e9e au sentiment d\u2019impuissance et parfois de d\u00e9possession de mon propre corps face \u00e0 la maladie et \u00e0 la douleur physique. La m\u00e9decine traditionnelle et les sp\u00e9cialistes en particulier morcellent tellement leur diagnostic et la prise en compte des pathologies dont nous souffrons que j\u2019ai eu envie de faire appel \u00e0 d\u2019autres techniques pour envisager un soin plus global qui r\u00e9unifie corps et \u00e2me. <\/em><\/p>\n<p><em>L\u2019hypnose propos\u00e9e par Marie nous donne aussi des outils concrets qui se d\u00e9ploient sous la forme de petits \u00ab exercices personnalis\u00e9s\u00bb \u00a0donn\u00e9s en fin de s\u00e9ance qui permettent de poursuivre le travail et de s\u2019approprier la technique. Ces exercices me portent au quotidien pour affronter avec plus de s\u00e9r\u00e9nit\u00e9 la p\u00e9riode difficile que je traverse. <\/em><\/p>\n<p><em>Je recommande vivement \u00e0 toutes celles et ceux qui traversent une p\u00e9riode difficile et cherchent une voie cr\u00e9ative pour se (re)d\u00e9couvrir (mai 2020).<\/em><\/p>\n<p>***<\/p>\n<p><em>Merci et merci et merci encore! <\/em><br \/>\n<em>C\u2019est un v\u00e9ritable chamboulement positif, <\/em><br \/>\n<em>Une avanc\u00e9e \u00e9norme, <\/em><br \/>\n<em>Un pont vers l\u2019infini\u2026<\/em><\/p>\n<p><em>***<\/em><\/p>\n<p><em>J&rsquo;ai rencontr\u00e9 Marie lors d&rsquo;un festival \u00e0 Paris parce que j&rsquo;ai particip\u00e9 \u00e0 un de ses ateliers d&rsquo;hypnose. Je dois avouer que j&rsquo;y suis all\u00e9 tr\u00e8s sceptique, je ne croyais pas \u00e0 l&rsquo;hypnose et j&rsquo;en avais l&rsquo;image tr\u00e8s \u00e9loign\u00e9e de celle que pratique Marie. Lors de son atelier j&rsquo;ai fait une rencontre tr\u00e8s forte, ce qui \u00e9tait compl\u00e8tement inattendu \u00e9tant donn\u00e9 que j&rsquo;\u00e9tais s\u00fbr que je ferai l&rsquo;atelier tout seul !<\/em><\/p>\n<p><em>J&rsquo;ai commenc\u00e9 alors \u00e0 voir Marie pour des s\u00e9ances, lorsque j&rsquo;\u00e9tais \u00e0 Paris ou elle \u00e0 Berlin, o\u00f9 j&rsquo;habite. Elle m&rsquo;aide \u00e9norm\u00e9ment \u00e0 y voir plus clair et \u00e0 d\u00e9bloquer des choses qui m&#8217;emp\u00eachent d&rsquo;avancer.<\/em><\/p>\n<p><em>A plusieurs reprises elle m&rsquo;a propos\u00e9 de faire des s\u00e9ances par visio mais j&rsquo;ai toujours d\u00e9clin\u00e9, au fond de moi je ne croyais pas que \u00e7a pouvait fonctionner et je pensais que tant que c&rsquo;\u00e9tait le cas de toutes fa\u00e7ons \u00e7a ne fonctionnerait pas.<\/em><\/p>\n<p><em>L\u00e0-dessus est arriv\u00e9 le coronavirus, avec toutes ses cons\u00e9quences et notamment l&rsquo;impossibilit\u00e9 de voyager. Je ne pouvais donc plus avoir de s\u00e9ance avec Marie. Lorsque je suis arriv\u00e9 \u00e0 un grand barrage dans ma vie il a \u00e9t\u00e9 clair pour moi que j&rsquo;avais besoin de son aide et que je devais tenter la visio.<\/em><\/p>\n<p><em>C&rsquo;est donc ce que j&rsquo;ai fait et \u00e7a a compl\u00e8tement fonctionn\u00e9, la s\u00e9ance en visio m&rsquo;aide autant \u00e0 avancer que lorsqu&rsquo;elle est dans la m\u00eame pi\u00e8ce que moi. Et l&rsquo;avantage c&rsquo;est que nos s\u00e9ances peuvent maintenant \u00eatre r\u00e9guli\u00e8res et par cons\u00e9quence je peux avancer encore mieux que lorsque je les programmais au fil de mes voyages ou des siens.<\/em><\/p>\n<p><em>Alors pour les personnes qui doutent que cela fonctionne, comme c&rsquo;\u00e9tait mon cas il y a quelques mois, je dirais juste : essayez sans \u00e0 priori et vous serez surpris !<\/em><\/p>\n<p>***<\/p>\n<div class=\"page\" title=\"Page 1\">\n<div class=\"layoutArea\">\n<div class=\"column\"><em>Je reviens vers toi apr\u00e8s la s\u00e9ance de lundi qui a \u00e9t\u00e9 une tr\u00e8s belle exp\u00e9rience pour moi.\u00a0<\/em><\/div>\n<\/div>\n<\/div>\n<p><em>Elle m\u2019a aid\u00e9 \u00e0 r\u00e9concilier mon mental et mon c\u0153ur, c\u2019est \u00e9norme\u00a0! Cette s\u00e9ance m\u2019a permis d\u2019ancrer dans mon corps le fait que la situation est folle mais pas moi\u2026 et de calmer le questionnement qui m\u2019envahissait depuis trop longtemps.<\/em><\/p>\n<p><em>L\u2019apr\u00e8s-midi, je me suis sentie l\u00e9g\u00e8re et joyeuse, \u00e7a ne m\u2019\u00e9tais pas arriv\u00e9e depuis un moment\u2026<\/em><\/p>\n<p><em>Ca m\u2019a fort \u00e9tonn\u00e9e que ce soit mon corps qui parle. J\u2019imaginais que dans l\u2019hypnose, le corps \u00e9tait hors jeu justement. J\u2019\u00e9tais aussi \u00e9tonn\u00e9e de ne pas avoir d\u2019images alors que je suis tr\u00e8s visuelle habituellement.<\/em><\/p>\n<p><em>Je te remercie encore pour ton \u00e9coute et ta voix, pour l\u2019accueil \u00e0 ce qui se passe sur le moment, sans jugement. Je me suis sentie en confiance, c\u2019est pr\u00e9cieux.<\/em><\/p>\n<p>***<\/p>\n<p><em>J&rsquo;ai fait deux s\u00e9ances sur Skype avec Marie depuis le d\u00e9but du confinement et elles m&rsquo;ont fait un bien fou. <\/em><\/p>\n<p><em>Aucune diff\u00e9rence en soi avec le travail en analogue: Marie est compl\u00e8tement pr\u00e9sente, son soutien et sa concentration sont palpables, l&rsquo;\u00e9change est vivant. <\/em><\/p>\n<p><em>Clairement, les forces qui g\u00e9n\u00e8rent le voyage int\u00e9rieur n&rsquo;en ont que faire que la guide soit l\u00e0 physiquement ou virtuellement \ud83d\ude09<\/em><\/p>\n<p><em>***<\/em><\/p>\n<p><em>Depuis novembre 2018 j ai eu des RV tr\u00e8s r\u00e9guliers avec Marie jusqu&rsquo;\u00e0 la fin f\u00e9vrier et depuis d\u00e9but mars 2020, nous avons commenc\u00e9 les RV par skype.<\/em><\/p>\n<p><em>Au d\u00e9but cela m inqui\u00e9tait et me stressait un peu , puis tr\u00e8s vite, les s\u00e9ances se sont d\u00e9roul\u00e9es comme en pr\u00e9sentiel, avec un temps de paroles, puis \u00e0 la demande de Marie de fermer les yeux, d&rsquo;observer les sensations dans le corps et peu \u00e0 peu le travail th\u00e9rapeutique s&rsquo; installe progressivement , le r\u00eave \u00e9veill\u00e9 se d\u00e9roule, les \u00e9motions arrivent, les ressentis dans le corps.<\/em><\/p>\n<p><em>Marie induit et propose des situations, des images&#8230;..et le travail hypnotique se produit tranquillement. <\/em><em>Tr\u00e8s vite, on oublie l &lsquo;\u00e9cran \u00e9tant pris par la situation, par la transe.<\/em><\/p>\n<p><em>Je suis tr\u00e8s satisfaite de ces s\u00e9ances par skype qui pour moi produisent les m\u00eames effets. <\/em><em>Je continue de faire beaucoup de progr\u00e8s, d&rsquo;avancer en me sentant toujours de mieux en mieux .<\/em><\/p>\n<p><em>Je poursuivrai ces s\u00e9ances par internet apr\u00e8s le confinement et mon d\u00e9m\u00e9nagement loin de Paris.<\/em><\/p>\n<p>***<\/p>\n<p><em>J&rsquo;ai rencontr\u00e9 Marie deux fois avant qu&rsquo;elle ne me propose de r\u00e9aliser une s\u00e9ance par skype. <\/em><\/p>\n<p><em>Le c\u00f4t\u00e9 pratique est \u00e9vident : pas de trajets et un horaire flexible.\u00a0 Par contre, j&rsquo;avais une appr\u00e9hension quant \u00e0 la mise en situation : me sentirai-je \u00e0 l&rsquo;aise?\u00a0 Le voyage vers mon monde int\u00e9rieur sera-t-il possible?\u00a0 L&rsquo;\u00e9loignement physique ne sera-t-il pas un facteur limitant?<\/em><\/p>\n<p><em>A l&rsquo;heure convenue, nous avons entam\u00e9 notre conversation skype.\u00a0 Tout d&rsquo;abord, nous avons fait le point sur mes progr\u00e8s depuis notre derni\u00e8re entrevue.\u00a0 J&rsquo;ai mis l&rsquo;accent sur les sentiments de solidit\u00e9, d&rsquo;ancrage, d&rsquo;\u00eatre \u00ab\u00a0moi-m\u00eame\u00a0\u00bb que j&rsquo;avais ressentis \u00e0 la sortie de la s\u00e9ance.\u00a0 Sentiments que je voulais retrouver et int\u00e9grer profond\u00e9ment en moi.\u00a0 Un nouvel objectif\u00a0 \u00e9tait trouv\u00e9!<\/em><\/p>\n<p><em>Une fois cet objectif clairement \u00e9nonc\u00e9, Marie m&rsquo;a propos\u00e9 de fermer les yeux et de faire un scan de chaque partie de mon corps.\u00a0 Un inconfort \u00e9tant pr\u00e9sent dans la r\u00e9gion de la gorge.\u00a0 J&rsquo;ai \u00e9cout\u00e9 les besoins de cette zone et j&rsquo;y ai apport\u00e9 lumi\u00e8re et respiration jusqu&rsquo;\u00e0 ce la tension disparaisse.\u00a0 Toujours sous l&rsquo;impulsion de Marie, je suis partie en voyage.\u00a0 Mon premier guide m&rsquo;a accueilli.\u00a0 D&rsquo;autres se sont relay\u00e9s tour \u00e0 tour jusqu&rsquo;\u00e0 ce que Marie me demande me concentrer sur mon 3e oeil.\u00a0 Cette r\u00e9gion du front \u00e9tant crisp\u00e9e, j&rsquo;y ai fait entrer de la lumi\u00e8re, de la paix, de la d\u00e9tente tout en laissant p\u00e9n\u00e9trer de la solidit\u00e9 dans chaque cellule de mon corps. Tout ce qui avait besoin d&rsquo;\u00eatre transform\u00e9 ou \u00e9limin\u00e9 l&rsquo;a \u00e9t\u00e9 gr\u00e2ce \u00e0 ma respiration et mon dernier guide.\u00a0 Pour cl\u00f4turer le voyage, j&rsquo;ai fait un pacte avec moi-m\u00eame : me poser ou me reposer 10 minutes par jour. \u00a0<\/em><\/p>\n<p><em>La s\u00e9ance s&rsquo;\u00e9tait tr\u00e8s bien pass\u00e9e, elle a \u00e9t\u00e9 intense et surprenante (comme \u00e0 chaque fois).\u00a0 Je me sentais bien et mes craintes n&rsquo;avaient plus lieu d&rsquo;\u00eatre<\/em>.<\/p>\n<p><em>Gr\u00e2ce \u00e0 ce voyage, j&rsquo;ai abord\u00e9 mon nouveau travail de mani\u00e8re sereine.\u00a0 La solidit\u00e9 est au rendez-vous! \ud83d\ude42\u00a0 Il est \u00e9vident que je renforce tous les jours ce sentiment et que je respecte tous les termes de mon accord&#8230;<\/em><\/p>\n<p><em>Un tout grand merci \u00e0 Marie<\/em><\/p>\n<p>***<\/p>\n<p><em>J ai fait plusieurs s\u00e9ances avec Marie en face \u00e0 face mais un jour je n&rsquo;avais pas d&rsquo;autre choix que d&rsquo;en faire une par skype, il est vrai que j appr\u00e9hendais cette s\u00e9ance, je me disais que \u00e7a n allait pas \u00eatre pareil, puis je me suis quand m\u00eame lanc\u00e9e&#8230;<\/em><\/p>\n<p><em>Je n&rsquo;ai tr\u00e8s honn\u00eatement pas fait la diff\u00e9rence, Marie est 1000 fois pr\u00e9sente, rien ne change, d ailleurs cette s\u00e9ance m&rsquo;a d\u00e9bloqu\u00e9 une \u00e9tape importante de mon cheminement.<\/em><br \/>\n<em>A ce jour je sais que je ne m arr\u00eaterai plus \u00e0 \u00e7a, peut importe par quel biais se font les s\u00e9ances, Marie est tr\u00e8s professionnelle, je lui fais enti\u00e8rement confiance.<\/em><\/p>\n<p><em>Merci Marie<\/em><\/p>\n<p dir=\"auto\">***<\/p>\n<p><em>Habitant loin des endroits o\u00f9 Marie re\u00e7oit habituellement, la seule fa\u00e7on d\u2019effectuer des sessions \u00e9tait par Skype. Je n\u2019ai donc pas h\u00e9sit\u00e9 \u00e0 prendre un premier rendez-vous.\u00a0<\/em><\/p>\n<p><em>Il est vrai que la premi\u00e8re fois, j\u2019ai tout de m\u00eame eu des doutes sur ma capacit\u00e9 \u00e0 entrer en transe de cette mani\u00e8re-l\u00e0.<\/em><\/p>\n<p><em>Mais, gr\u00e2ce au savoir-faire de Marie, tout s\u2019est tr\u00e8s bien pass\u00e9. Je n\u2019ai jamais ressenti que la distance \u00e9tait un frein quelconque \u00e0 la qualit\u00e9 de la th\u00e9rapie et suis vraiment enchant\u00e9 de cette mani\u00e8re de faire. Il est vrai que j\u2019aurais pu trouver un hypnoth\u00e9rapeute dans ma r\u00e9gion, mais pouvoir pratiquer avec une personne qualifi\u00e9e et de confiance \u00e9tait le plus important.<\/em><\/p>\n<p><em>J\u2019appr\u00e9cie \u00e9galement la flexibilit\u00e9 que donne ce type de session et l\u2019absence de perte de temps dans les transports.\u00a0<\/em><\/p>\n<p><em>Je ne peux que recommander Marie et ce type de sessions \u00e0 distance.\u00a0<\/em><\/p>\n<p>***<\/p>\n<p><em>Voyage gr\u00e2ce \u00e0 Skype\u00a0<\/em><\/p>\n<p><em>Cela fait maintenant plus d\u2019un an que je r\u00e9alise des voyages hypnotiques avec l\u2019aide de Marie.\u00a0<\/em><\/p>\n<p><em>Apr\u00e8s quelques rencontres, nous avons commenc\u00e9 les s\u00e9ances d&rsquo;auto-hypnose via Skype : lorsque j\u2019en ressens le besoin, je contacte Marie et l\u2019on fixe un rendez-vous virtuel.<\/em><\/p>\n<p><em>Malgr\u00e9 l&rsquo;a priori de la distance physique, l&rsquo;\u00e9tat d&rsquo;hypnose s&rsquo;installe rapidement apr\u00e8s avoir d\u00e9termin\u00e9 l&rsquo;objectif du moment.\u00a0 En cas de coupure, il est \u00e9tonnamment facile de repartir en voyage, de retrouver et suivre ses guides.\u00a0 Le travail entam\u00e9 se poursuit de s\u00e9ances en s\u00e9ances.<\/em><\/p>\n<p><em>Finalement, la technologie permet de la flexibilit\u00e9 par rapport \u00e0 l&rsquo;horaire et au lieu o\u00f9 l&rsquo;on se trouve.\u00a0 Il suffit juste d&rsquo;une connexion internet et d&rsquo;un ordinateur voire d&rsquo;un smartphone&#8230;<\/em><\/p>\n<p>***<\/p>\n<p><em>La p\u00e9riode de confinement que l\u2019on vit actuellement n\u2019a rien chang\u00e9 \u00e0 mes \u00ab habitudes hypnotiques \u00bb. Quand j\u2019en ressens le besoin, je contacte Marie pour prendre un rendez-vous virtuel. Diverses possibilit\u00e9s s\u2019offrent \u00e0 nous : Skype, Messenger, Hangouts en fonction de la qualit\u00e9 du moment. Les voyages sont, par contre, toujours qualitatifs! Merci \u00e0 mes guides et \u00e0 Marie&#8230;<\/em><\/p>\n<div class=\"yj6qo\"><\/div>\n<div class=\"adL\"><\/div>\n","protected":false},"excerpt":{"rendered":"<p>S\u00e9ance par ZOOM En cette p\u00e9riode de covid, la pratique virtuelle s&rsquo;intensifie. En temps ordinaire, je pratique souvent des s\u00e9ances d&rsquo;hypnose et de REAH (r\u00eave \u00e9veill\u00e9 augment\u00e9 par l&rsquo;hypnose) par visio. Vous pouvez lire quelques t\u00e9moignages ci-dessous. Cela fonctionne tr\u00e8s bien. J&rsquo;utilise de pr\u00e9f\u00e9rence une salle virtuelle o\u00f9 nous nous rencontrons car en cas de [&hellip;]<\/p>\n","protected":false},"author":2,"featured_media":10619,"parent":883,"menu_order":0,"comment_status":"closed","ping_status":"closed","template":"","meta":{"footnotes":""},"class_list":["post-10488","page","type-page","status-publish","has-post-thumbnail","hentry"],"_links":{"self":[{"href":"https:\/\/test2.under-construction.work\/index.php\/wp-json\/wp\/v2\/pages\/10488","targetHints":{"allow":["GET"]}}],"collection":[{"href":"https:\/\/test2.under-construction.work\/index.php\/wp-json\/wp\/v2\/pages"}],"about":[{"href":"https:\/\/test2.under-construction.work\/index.php\/wp-json\/wp\/v2\/types\/page"}],"author":[{"embeddable":true,"href":"https:\/\/test2.under-construction.work\/index.php\/wp-json\/wp\/v2\/users\/2"}],"replies":[{"embeddable":true,"href":"https:\/\/test2.under-construction.work\/index.php\/wp-json\/wp\/v2\/comments?post=10488"}],"version-history":[{"count":0,"href":"https:\/\/test2.under-construction.work\/index.php\/wp-json\/wp\/v2\/pages\/10488\/revisions"}],"up":[{"embeddable":true,"href":"https:\/\/test2.under-construction.work\/index.php\/wp-json\/wp\/v2\/pages\/883"}],"wp:featuredmedia":[{"embeddable":true,"href":"https:\/\/test2.under-construction.work\/index.php\/wp-json\/"}],"wp:attachment":[{"href":"https:\/\/test2.under-construction.work\/index.php\/wp-json\/wp\/v2\/media?parent=10488"}],"curies":[{"name":"wp","href":"https:\/\/api.w.org\/{rel}","templated":true}]}}