{"id":10497,"date":"2018-07-20T17:57:26","date_gmt":"2018-07-20T16:57:26","guid":{"rendered":"https:\/\/marielisel.com\/?page_id=10497"},"modified":"2018-07-20T17:57:26","modified_gmt":"2018-07-20T16:57:26","slug":"les-stages-et-formations-2-3-jours","status":"publish","type":"page","link":"https:\/\/test2.under-construction.work\/index.php\/les-stages-et-formations-2-3-jours\/","title":{"rendered":"Les stages et formations (2-5 jours)"},"content":{"rendered":"<p style=\"text-align:justify;\">J&rsquo;organise des stages pour tout public, des stages pour artistes et des formations pour les hypnopraticien.ne.s, dans la nature en Loz\u00e8re, en C\u00e9vennes, mais aussi \u00e0 Bruxelles et partout o\u00f9 l&rsquo;on m&rsquo;invite (\u00e0 Paris, les salles sont minuscules et hors de prix).<\/p>\n<p>Tous les workshops et stages sont inclusifs. LGBTQI+ friendly.<\/p>\n\n<blockquote>\n<p style=\"text-align:center;\">2021<\/p>\n<\/blockquote>\n<p style=\"text-align:left;\">mars, <a href=\"https:\/\/test2.under-construction.work\/2021\/01\/17\/stage-de-reah-toulouse-niveau-1-27-28-mars-niveau-2-29-30-mars-2021\/\">REAH<\/a><\/p>\n<p>juin danse et hypnose<\/p>\n<p>aout connexions avec<a href=\"\/_wp_link_placeholder\"> les chevaux<\/a><\/p>\n<blockquote>\n<p style=\"text-align:center;\">2020 (j&rsquo;ai enlev\u00e9 la p\u00e9riode covid19)<\/p>\n<\/blockquote>\n<p>Les stages de printemps ont \u00e9t\u00e9 annul\u00e9s.<\/p>\n<p><strong>AOUT<\/strong><\/p>\n<p><strong>Avec les chevaux&#8230;<\/strong><\/p>\n<p>En ao\u00fbt, pour la 4\u00e8me ann\u00e9e cons\u00e9cutive, je vous invite \u00e0 partager 2X4 jours de travers\u00e9e hypnose-r\u00eave \u00e9veill\u00e9-rituel-m\u00e9diation par le cheval-connexion \u00e0 la nature, en Loz\u00e8re.<\/p>\n<p><a href=\"https:\/\/test2.under-construction.work\/ateliers-workshops\/avec-les-chevaux\/se-connecter-a-soi-au-cheval-au-monde\/\" target=\"_blank\" rel=\"noopener\">Se connecter \u00e0 soi, au cheval, au monde<\/a>, en deux travers\u00e9es:<\/p>\n<ul>\n<li>6-9 ao\u00fbt 2020 <a href=\"https:\/\/www.facebook.com\/events\/237760747573011\/\" target=\"_blank\" rel=\"noopener\">Evenement FB ici<\/a><\/li>\n<li>(((pause 11-12)))<\/li>\n<li>13-16 ao\u00fbt 2020 <a href=\"https:\/\/www.facebook.com\/events\/242317246840336\/\" target=\"_blank\" rel=\"noopener\">Ev\u00e9nement FB ici<\/a><\/li>\n<\/ul>\n<p><strong>OCTOBRE<\/strong><\/p>\n<p><strong>Pour les accompagnantes en hypnose, sophro, PNL&#8230;<\/strong><\/p>\n<p>En octobre, je donnerai \u00e0 Nantes deux jours de formation en REAH: <a href=\"https:\/\/test2.under-construction.work\/les-techniques-de-reve-eveille\/\" target=\"_blank\" rel=\"noopener\">r\u00eave \u00e9veill\u00e9<\/a> augment\u00e9 par l&rsquo;hypnose.<\/p>\n<p>Le <a href=\"https:\/\/test2.under-construction.work\/ateliers-et-stages\/stage-de-reah-pour-praticien-ne-s-en-hypnose\/\" target=\"_blank\" rel=\"noopener\">descriptif du stage<\/a> est ici et les nombreux <a href=\"http:\/\/T\u00e9moignages des stagiaires hypnos en REAH des 2 stages 2019\" target=\"_blank\" rel=\"noopener\"> t\u00e9moignages des stagiaires de 2018-2019<\/a> l\u00e0.<\/p>\n<p>Je suis dispo pour partager 2-3-4 jours dans votre r\u00e9gion. N&rsquo;h\u00e9sitez pas \u00e0 me contacter.<\/p>\n<p><a href=\"https:\/\/test2.under-construction.work\/les-stages-et-formations-2-3-jours\/\" target=\"_blank\" rel=\"noopener\">De nombreux stages<\/a> donn\u00e9s les ann\u00e9es pr\u00e9c\u00e9dentes peuvent vous inspirer!<\/p>\n<blockquote>\n<p style=\"text-align:center;\"><strong>Programm\u00e9s en 2018-2019<br \/>\n<\/strong><\/p>\n<\/blockquote>\n<p><strong>Septembre-d\u00e9cembre 2018<br \/>\n<\/strong><\/p>\n<p><a href=\"https:\/\/test2.under-construction.work\/ateliers-et-stages\/stage-de-reah-pour-praticien-ne-s-en-hypnose-1-3-decembre-brenaz\/\" target=\"_blank\" rel=\"noopener noreferrer\">Formation en REAH<\/a>\u00a0(r\u00eave \u00e9veill\u00e9 augment\u00e9 par l&rsquo;hypnose, <em>appellation personnelle<\/em>), pour praticien.ne.s en hypnose,\u00a0Brenaz, 8, 9, 10\u00a0<strong>d\u00e9cembre 2018<\/strong> (2 jours et demi) et Marseille (avril<strong> 2019<\/strong>, 2 jours)<\/p>\n<p><a href=\"https:\/\/efigies-ateliers.hypotheses.org\/3845?fbclid=IwAR0c-6rs-2qqN21CX8Q0GPY-fZHU79ZDv72UmaK-2S22mZUgNJbeGLANx1A\" target=\"_blank\" rel=\"noopener noreferrer\">L\u2019atelier \u00ab\u00a0Questions Queer\u00a0\u00bb<\/a> d&rsquo;EFiGiES, \u00a0le 14 d\u00e9cembre 2018 m&rsquo;accueille pour une pr\u00e9sentation intitul\u00e9e : \u00ab Exploration queer sous hypnose \u00bb.<\/p>\n<p><strong>Janvier 2019<br \/>\n<\/strong><\/p>\n<p>Workshop en \u00e9cole sup\u00e9rieure d&rsquo;art, <a href=\"http:\/\/www.ensapc.fr\/fr\/\" target=\"_blank\" rel=\"noopener noreferrer\">ENSAPC<\/a> Ecole Nationale Sup\u00e9rieure d&rsquo;Art de Paris Cergy (3 jours, semaine du 14 au 18 janvier 2019)<\/p>\n<p><strong>Mars<\/strong><\/p>\n<p><a href=\"https:\/\/test2.under-construction.work\/accompagnement-pour-la-creation\/workshop-en-ecole-dart\/\" target=\"_blank\" rel=\"noopener noreferrer\">Workshop hypnotique en \u00e9cole sup\u00e9rieure\u00a0d\u2019art<\/a>,\u00a0Esba\u00a0Talm (Angers, Tours, Le Mans), du lundi 4 mars au vendredi 8 mars (5 jours)<\/p>\n<p><strong>Avril<\/strong><\/p>\n<p><a href=\"https:\/\/test2.under-construction.work\/ateliers-et-stages\/stage-de-reah-pour-praticien-ne-s-en-hypnose-1-3-decembre-brenaz\/\" target=\"_blank\" rel=\"noopener noreferrer\">Formation en REAH<\/a>\u00a0(r\u00eave \u00e9veill\u00e9 augment\u00e9 par l&rsquo;hypnose, <em>appellation personnelle<\/em>), pour praticien.ne.s en hypnose, Marseille, 13-14 avril<\/p>\n<p><strong>Mai<\/strong><\/p>\n<p>Stage: \u00ab\u00a0<a href=\"https:\/\/test2.under-construction.work\/ateliers-et-stages\/stage-lautohypnose-pour-developper-la-conscience-de-soi-et-le-mieux-etre-saint-germain-de-calberte-cevennes-16-17-juin-2018\/\" target=\"_blank\" rel=\"noopener noreferrer\">L\u2019autohypnose pour d\u00e9velopper la conscience de soi et le mieux-\u00eatre<\/a>\u00a0\u00bb, Saint-Germain de Calberte (C\u00e9vennes), 4-5 mai 2019 (2 jours)<\/p>\n<p><a href=\"https:\/\/test2.under-construction.work\/ateliers-et-stages\/stage-dhypnoyoga-avec-katia-feltrin-et-marie-lisel-mai-2019\/\" target=\"_blank\" rel=\"noopener noreferrer\">Stage d\u2019hypnoyoga<\/a>, avec Katia Feltrin et Marie Lisel, Monast\u00e8re ste-Marie (pr\u00e8s de Dieppe), <strong>30 mai- 02 juin 2019<\/strong> (4 jours)<\/p>\n<p><strong>Juin-ao\u00fbt<\/strong><\/p>\n<p><a href=\"https:\/\/test2.under-construction.work\/ateliers-workshops\/avec-les-chevaux\/se-connecter-a-soi-au-cheval-au-monde\/\" target=\"_blank\" rel=\"noopener noreferrer\">Se connecter \u00e0 soi, au cheval, au monde<\/a>, Azini\u00e8res (Florac, Loz\u00e8re, C\u00e9vennes), septembre 2017, mai 2018, juillet 2018, aout 2018, <strong>juin-aout 2019<\/strong> (3 stages de 3 et 4 jours en 2019)<\/p>\n<ul>\n<li>Juin 2019 (3 jours): 29-30-01<\/li>\n<li>Ao\u00fbt 2019 (3 jours): 3-4-5<\/li>\n<li>Ao\u00fbt 2019 (4 jours): 15-16-17-18<\/li>\n<\/ul>\n<p><strong>Septembre<\/strong><\/p>\n<p>\u00ab\u00a0<a href=\"https:\/\/test2.under-construction.work\/les-stages-et-formations-2-3-jours\/stage-de-communication-intuitive-connexion-profonde-et-desorientation-septembre-2019-saint-germain-de-calberte-cevennes\/\" target=\"_blank\" rel=\"noopener\">Connexion profonde, communication intuitive et (d\u00e9s)orientation<\/a>\u00ab\u00a0, Saint-Germain de Calberte (C\u00e9vennes), 2 jours<\/p>\n<blockquote>\n<p style=\"text-align:center;\"><strong>A (re)programmer<\/strong><\/p>\n<\/blockquote>\n<p>Formation pour praticien.ne.s en hypnose\u00a0\u00abPour une hypnose cr\u00e9ative\u00bb (plusieurs modules possibles, de 2 ou 3 jours chacun: REAH, prescription de t\u00e2che par les ego-states, voix et chant en s\u00e9ance, utilisation d&rsquo;objets transitionnels, s\u00e9ance d&rsquo;hypnose en balade, m\u00e9diation animale hypnotique&#8230;)<\/p>\n<p><a href=\"https:\/\/test2.under-construction.work\/accompagnement-pour-la-creation\/workshop-en-ecole-dart\/\" target=\"_blank\" rel=\"noopener noreferrer\">Workshop hypnotique en \u00e9cole sup\u00e9rieure d&rsquo;art<\/a><\/p>\n<p><a href=\"https:\/\/test2.under-construction.work\/ateliers-workshops\/ateliers-pour-artistes-et-autres-specialistes\/atelier-sur-mesure-au-sein-de-votre-projet-dart-de-la-scene\/\" target=\"_blank\" rel=\"noopener noreferrer\">Intervention sur plateau<\/a> (danse, th\u00e9\u00e2tre, perf, cirque&#8230;) au sein de votre projet en arts de la sc\u00e8ne<\/p>\n<p>Stage \u00ab\u00a0L\u00a0\u00bbhypnose et le r\u00eave \u00e9veill\u00e9 pour la cr\u00e9ation\u00a0\u00bb (pour les cr\u00e9atrices\/cr\u00e9ateurs)<\/p>\n<p>Stage\u00a0\u00ab\u00a0Explorer sa cr\u00e9ativit\u00e9\u00a0\u00bb (tout public), avec Christine Beau, Saint-Germain de Calberte (C\u00e9vennes),\u00a02 jours<\/p>\n<p>Stage, <a href=\"https:\/\/test2.under-construction.work\/les-stages-et-formations-2-3-jours\/apprendre-lautohypnose-st-germain-de-calberte27-28-mai-2017\/\">Apprendre l\u2019autohypnose en 4 ateliers<\/a> (donn\u00e9 \u00e0 St-Germain de Calberte, mai\u00a02017)<\/p>\n<p>Stage \u00abTous les corps sont beaux!\u00bb (2 ou 3 jours)<\/p>\n<p>Stage \u00abExploration des genres par l&rsquo;hypnose et le REAH\u00bb (2 ou 3 jours)<\/p>\n<p>Stage \u00ab\u00a0Connexion avec la nature\u00a0\u00bb<\/p>\n<p>Stage\u00a0\u00ab Hypnose et pens\u00e9e magique, sorci\u00e8res, chamanisme et autres bizarreries\u00a0\u00bb (2 ou 3 jours)<\/p>\n<p>Stage REAH, niveau 1 et niveau 2 (pour les hypnos)<\/p>\n<p>Stage espace transitionnel (pour les hypnos)<\/p>\n<p>Stage espace transitionnel (tout public)<\/p>\n<p>Stage: \u00ab\u00a0<a href=\"https:\/\/test2.under-construction.work\/ateliers-et-stages\/exploration-de-la-nature\/stage-reapprendre-a-rever\/\" target=\"_blank\" rel=\"noopener noreferrer\">(r\u00e9)apprendre \u00e0 r\u00eaver<\/a>\u00a0\u00bb (tout public) (2 ou 3 jours)<\/p>\n<p>Stage hypnoyoga<\/p>\n<p>Stage auto-hypnose<\/p>\n<p>Stage connexion et communication intuitive<\/p>\n<p>&#8230;<\/p>\n<blockquote><p><strong>N&rsquo;h\u00e9sitez pas \u00e0 me proposer des lieux et des dates pour un atelier (1h30-3h) ou un stage in\u00e9dit (2 \u00e0 5 jours). <\/strong><\/p>\n<p><strong>Nous r\u00e9digerons le contenu selon mes possibles et selon vos attentes. <\/strong><\/p>\n<p><strong>Notez que <a href=\"https:\/\/test2.under-construction.work\/ateliers-et-stages\/\" target=\"_blank\" rel=\"noopener\">les ateliers <\/a>peuvent \u00eatre d\u00e9velopp\u00e9s ou combin\u00e9s en stages.\u00a0<\/strong><\/p><\/blockquote>\n<p><img loading=\"lazy\" decoding=\"async\" class=\"alignnone size-full wp-image-10680\" src=\"https:\/\/test2.under-construction.work\/wp-content\/uploads\/2018\/08\/p_20180709_161806_vhdr_auto.jpg\" alt=\"P_20180709_161806_vHDR_Auto\" width=\"979\" height=\"551\" \/><\/p>\n","protected":false},"excerpt":{"rendered":"<p>J&rsquo;organise des stages pour tout public, des stages pour artistes et des formations pour les hypnopraticien.ne.s, dans la nature en Loz\u00e8re, en C\u00e9vennes, mais aussi \u00e0 Bruxelles et partout o\u00f9 l&rsquo;on m&rsquo;invite (\u00e0 Paris, les salles sont minuscules et hors de prix). Tous les workshops et stages sont inclusifs. LGBTQI+ friendly. 2021 mars, REAH juin [&hellip;]<\/p>\n","protected":false},"author":2,"featured_media":0,"parent":0,"menu_order":0,"comment_status":"closed","ping_status":"closed","template":"","meta":{"footnotes":""},"class_list":["post-10497","page","type-page","status-publish","hentry"],"_links":{"self":[{"href":"https:\/\/test2.under-construction.work\/index.php\/wp-json\/wp\/v2\/pages\/10497","targetHints":{"allow":["GET"]}}],"collection":[{"href":"https:\/\/test2.under-construction.work\/index.php\/wp-json\/wp\/v2\/pages"}],"about":[{"href":"https:\/\/test2.under-construction.work\/index.php\/wp-json\/wp\/v2\/types\/page"}],"author":[{"embeddable":true,"href":"https:\/\/test2.under-construction.work\/index.php\/wp-json\/wp\/v2\/users\/2"}],"replies":[{"embeddable":true,"href":"https:\/\/test2.under-construction.work\/index.php\/wp-json\/wp\/v2\/comments?post=10497"}],"version-history":[{"count":0,"href":"https:\/\/test2.under-construction.work\/index.php\/wp-json\/wp\/v2\/pages\/10497\/revisions"}],"wp:attachment":[{"href":"https:\/\/test2.under-construction.work\/index.php\/wp-json\/wp\/v2\/media?parent=10497"}],"curies":[{"name":"wp","href":"https:\/\/api.w.org\/{rel}","templated":true}]}}