{"id":11063,"date":"2018-10-01T22:21:19","date_gmt":"2018-10-01T21:21:19","guid":{"rendered":"https:\/\/marielisel.com\/?page_id=11063"},"modified":"2018-10-01T22:21:19","modified_gmt":"2018-10-01T21:21:19","slug":"espace-transitionnel","status":"publish","type":"page","link":"https:\/\/test2.under-construction.work\/index.php\/les-outils-de-la-praticienne\/espace-transitionnel\/","title":{"rendered":"Espace transitionnel"},"content":{"rendered":"<blockquote>\n<p style=\"text-align:center;\"><strong>L\u2019espace transitionnel<\/strong><\/p>\n<\/blockquote>\n<p style=\"text-align:justify;\">L&rsquo;espace transitionnel peut \u00eatre un objet, une image, un lieu, une odeur, un son&#8230; qui devient une partie de moi hors de moi par la projection de mon monde int\u00e9rieur. Il me permet d\u00e8s lors de transformer mes \u00e9motions, sensations, actions et autres r\u00e9actions.<\/p>\n<p style=\"text-align:justify;\">Comme l\u2019<a href=\"https:\/\/test2.under-construction.work\/2017\/01\/04\/explorer-limaginal-grace-au-pouvoir-animal\/\" target=\"_blank\" rel=\"noopener\">imaginal<\/a> se situe entre le r\u00e9el sensible (monde que je per\u00e7ois avec mes sens) et le r\u00e9el conceptuel (monde des id\u00e9es), l\u2019objet transitionnel est une aire entre le monde ext\u00e9rieur (per\u00e7u par diff\u00e9rentes personnes, \u00ab\u00a0objectivement\u00a0\u00bb) et le monde int\u00e9rieur (con\u00e7u subjectivement).<\/p>\n<p style=\"text-align:justify;\">Un exemple? Quand j&rsquo;\u00e9tais adolescente, Billy, le chien de ma m\u00e8re, a ramen\u00e9 de la for\u00eat un bois de daguet (tomb\u00e9 quand il change de ramure). Ce cadeau est rest\u00e9 dans les tiroirs de la maison familiale pendant pas mal d&rsquo;ann\u00e9es&#8230; jusqu&rsquo;\u00e0 ce que mon imaginal le reconnaisse et lui donne le statut d&rsquo;objet transitionnel. Depuis, il m&rsquo;accompagne en atelier et performance et me permet de trouver mon positionnement juste, instantan\u00e9ment, quel que soit l&rsquo;\u00e9tat dans lequel je me trouve avant. Il est en quelque sorte un \u00ab\u00a0doudou de voyage dans l&rsquo;imaginal en tant qu&rsquo;accompagnante d&rsquo;un groupe\u00a0\u00bb, form\u00e9 \u00e0 la fois d&rsquo;un objet choisi-trouv\u00e9 et de ma projection-cr\u00e9ation. Il ne m&rsquo;est pas indispensable mais c&rsquo;est un \u00ab\u00a0raccourci\u00a0\u00bb pratique et rassurant pour attiser ce que je me repr\u00e9sente comme le pouvoir du cerf.<\/p>\n<figure id=\"attachment_11103\" aria-describedby=\"caption-attachment-11103\" style=\"width: 279px\" class=\"wp-caption alignnone\"><img loading=\"lazy\" decoding=\"async\" class=\"alignnone size-full wp-image-11103\" src=\"https:\/\/test2.under-construction.work\/wp-content\/uploads\/2018\/10\/capture-d_c3a9cran-2018-10-02-c3a0-23-21-36.png\" alt=\"Capture d_\u00e9cran 2018-10-02 \u00e0 23.21.36\" width=\"279\" height=\"313\" \/><figcaption id=\"caption-attachment-11103\" class=\"wp-caption-text\">Daguet (jeune cerf)<\/figcaption><\/figure>\n<p style=\"text-align:justify;\">Autre exemple, d&rsquo;un lieu cette fois: un rocher plat dans la rivi\u00e8re, toujours au coeur de la for\u00eat, constitue lui aussi un espace transitionnel. C&rsquo;est un endroit o\u00f9 je vais me (d\u00e9)poser quelques heures pour trouver de la clairvoyance apr\u00e8s avoir laiss\u00e9 partir ce qui a besoin de descendre avec le courant. J&rsquo;y trouve finalement la paix et reconstitue mon axe vertical. A nouveau, il ne m&rsquo;est pas indispensable mais je sais qu&rsquo;\u00e0 cet endroit un processus bienfaisant se met en place automatiquement \u00e0 l&rsquo;int\u00e9rieur de moi.<\/p>\n<p style=\"text-align:justify;\">Je travaille \u00e9galement gr\u00e2ce \u00e0 une odeur, au chant partag\u00e9 avec une amie qui me ram\u00e8ne, seule, \u00e0 nos \u00e9tats particuliers d&rsquo;exp\u00e9rimentation, \u00e0 une phrase psalmodi\u00e9e&#8230; et je change selon mes d\u00e9couvertes et mes intentions, non seulement pour ouvrir ma palette, mais aussi pour ne pas devenir d\u00e9pendante d&rsquo;un \u00e9l\u00e9ment ext\u00e9rieur dans mon alignement.<\/p>\n<p style=\"text-align:justify;\">Lors des s\u00e9ances individuelles, \u00e0 chacun.e ses choix d&rsquo;objets et ph\u00e9nom\u00e8nes choisis-trouv\u00e9s qui rassemblent le dehors partag\u00e9 et l&rsquo;int\u00e9rieur imagin\u00e9, pour cr\u00e9er un \u00e9tat particulier (nettoyage, clairvoyance, tranquillit\u00e9, \u00e9nergie, focus, cr\u00e9ativit\u00e9, ouverture, douceur, confiance, joie&#8230;).<\/p>\n<p style=\"text-align:justify;\">Lors d&rsquo;un stage, la construction collective d&rsquo;un espace transitionnel est aussi un outil que je mets souvent en place pour que chacun.e trouve progressivement sa place en soi, en relation avec les autres et au coeur de la nature, du monde.<\/p>\n<figure id=\"attachment_7580\" aria-describedby=\"caption-attachment-7580\" style=\"width: 683px\" class=\"wp-caption alignnone\"><img loading=\"lazy\" decoding=\"async\" class=\"alignnone size-full wp-image-7580\" src=\"https:\/\/test2.under-construction.work\/wp-content\/uploads\/2017\/10\/capture-d_c3a9cran-2017-10-29-c3a0-20-18-16.png\" alt=\"Capture d_\u00e9cran 2017-10-29 \u00e0 20.18.16\" width=\"683\" height=\"508\" \/><figcaption id=\"caption-attachment-7580\" class=\"wp-caption-text\">Construction collective \u00e0 partir d&rsquo;objets transitionnels, stage 2017<\/figcaption><\/figure>\n<blockquote>\n<p style=\"text-align:center;\"><strong>L&rsquo;objet transitionnel: une aire interm\u00e9diaire d\u2019exp\u00e9rience<\/strong><\/p>\n<\/blockquote>\n<p>Si vous pr\u00e9f\u00e9rez commencer par l&rsquo;une de mes histoires personnelles pour comprendre le concept, filez vers l&rsquo;article <a href=\"https:\/\/test2.under-construction.work\/2017\/03\/01\/limaginal-de-ma-soeur\/\">L&rsquo;imaginal de ma soeur.\u00a0<\/a><\/p>\n<p>Sinon, c&rsquo;est parti avec Winnicott!<\/p>\n<p style=\"text-align:justify;\">Pour tenter d&rsquo;expliquer ce ph\u00e9nom\u00e8ne, partons de ce que Winnicott a mis en lumi\u00e8re, dans\u00a0<a href=\"https:\/\/psycha.ru\/fr\/winnicott\/1969\/pediatrie_psychanalyse.html\" target=\"_blank\" rel=\"noopener\"><em>Les objets transitionnels<\/em>, 1969<\/a>.<\/p>\n<p style=\"text-align:justify;\">Winnicott a soulev\u00e9 l\u2019importance du doudou, une petite chose que l\u2019enfant transporte avec lui et qui apporte une r\u00e9assurance. C\u2019est la premi\u00e8re \u00ab\u00a0non-moi possession\u00a0\u00bb (ce n\u2019est pas moi mais c\u2019est \u00e0 moi et \u00e7a fait partie de moi, comme un moi d\u00e9tachable). L\u2019objet est fourni par l\u2019ext\u00e9rieur (peluche, drap) mais c\u2019est l\u2019enfant qui le cr\u00e9e par son empreinte (odeur, notamment). En outre, le nom est cr\u00e9\u00e9 par l\u2019enfant en d\u00e9formant le mot des parents.\u00a0Voici donc l\u2019objet \u00ab\u00a0trouv\u00e9-cr\u00e9\u00e9 \u00bb de la petite enfance.<\/p>\n<p style=\"text-align:justify;\">D\u00e8s la naissance, l\u2019\u00eatre humain est en butte \u00e0 la question de la relation entre perception objective bas\u00e9e sur l\u2019\u00e9preuve de r\u00e9alit\u00e9 et cr\u00e9ativit\u00e9.\u00a0Les objets et ph\u00e9nom\u00e8nes transitionnels (que nous regroupons sous le terme \u00ab\u00a0espace\u00a0\u00bb) forment une aire interm\u00e9diaire d\u2019exp\u00e9rience o\u00f9 la r\u00e9alit\u00e9 int\u00e9rieure et la vie ext\u00e9rieure contribuent l\u2019une et l\u2019autre au v\u00e9cu de l\u2019individu. Autrement dit, dans cette aire, je fais l&rsquo;exp\u00e9rience d&rsquo;une r\u00e9alit\u00e9 qui se situe entre ce qui existe en dehors de moi et ce qui existe en moi.\u00a0L\u2019\u00e9quilibre psychique\u00a0consiste \u00e0 maintenir la r\u00e9alit\u00e9 int\u00e9rieure et la r\u00e9alit\u00e9 ext\u00e9rieure \u00e0 la fois distinctes et reli\u00e9es l\u2019une \u00e0 l\u2019autre.<\/p>\n<p style=\"text-align:justify;\">La mise en rapport de la r\u00e9alit\u00e9 int\u00e9rieure et de la r\u00e9alit\u00e9 ext\u00e9rieure occasionne des tensions au quotidien, qui sont rel\u00e2ch\u00e9es dans les aires interm\u00e9diaires d\u2019exp\u00e9rience, comme l&rsquo;art, la religion, le jeu invent\u00e9 et\u2026 les espaces transitionnel de travail hypnotique, chamanique et autres moyens de transformation de la subjectivit\u00e9.<\/p>\n<figure id=\"attachment_11093\" aria-describedby=\"caption-attachment-11093\" style=\"width: 534px\" class=\"wp-caption alignnone\"><img loading=\"lazy\" decoding=\"async\" class=\"alignnone size-full wp-image-11093\" src=\"https:\/\/test2.under-construction.work\/wp-content\/uploads\/2018\/10\/capture-d_c3a9cran-2018-10-02-c3a0-22-47-41.png\" alt=\"Capture d_\u00e9cran 2018-10-02 \u00e0 22.47.41\" width=\"534\" height=\"380\" \/><figcaption id=\"caption-attachment-11093\" class=\"wp-caption-text\">Annette Messager, Les Restes (1998)<\/figcaption><\/figure>\n<blockquote>\n<p style=\"text-align:center;\"><strong>L\u2019objet transitionnel des adultes<\/strong><\/p>\n<\/blockquote>\n<p style=\"text-align:justify;\">Les th\u00e9ories de Winnicott ont en effet \u00e9t\u00e9 prolong\u00e9es dans des \u00e9tudes sur le jeu en tant qu\u2019invention (par opposition au \u00ab\u00a0jeu de soci\u00e9t\u00e9\u00a0\u00bb dont on apprend les r\u00e8gles), le f\u00e9tichisme, le sentiment religieux, le go\u00fbt des arts, les rites obsessionnels, etc. (on peut aussi m\u00e9langer tout cela).<\/p>\n<p style=\"text-align:justify;\">En psychanalyse, n\u2019importe quel objet peut servir d\u2019objet transitionnel. Winnicott parle des anneaux de rideaux compt\u00e9s par une patiente. Dans mon exp\u00e9rience personnelle, cela s\u2019est cristallis\u00e9 autour d\u2019un po\u00e8me \u00ab\u00a0Les seins acryliques\u00a0\u00bb que j\u2019ai \u00e9crit en \u00f4de au tableau que je voyais depuis le divan, \u00e0 la fin d\u2019une tranche de 7 ann\u00e9es (notons que le premier objet non-moi est le sein, organe du maternage, du d\u00e9sir de nourrir\u2026 bref\u00a0!).<\/p>\n<p style=\"text-align:justify;\">En religion, on se rassemble pour former un groupe sur base de l\u2019analogie des exp\u00e9riences illusoires. Les objets transitionnels utilis\u00e9s pour cela sont reconnus par le groupe entier (comme la valeur tranquillisante du doudou est reconnue par les parents). Il ne s\u2019agit pas que de symboles. L\u2019hostie des catholiques n\u2019est pas qu\u2019un rappel du corps du Christ.<\/p>\n<figure id=\"attachment_11094\" aria-describedby=\"caption-attachment-11094\" style=\"width: 550px\" class=\"wp-caption alignnone\"><img loading=\"lazy\" decoding=\"async\" class=\"alignnone size-full wp-image-11094\" src=\"https:\/\/test2.under-construction.work\/wp-content\/uploads\/2018\/10\/capture-d_c3a9cran-2018-10-02-c3a0-22-50-23.png\" alt=\"Capture d_\u00e9cran 2018-10-02 \u00e0 22.50.23\" width=\"550\" height=\"348\" \/><figcaption id=\"caption-attachment-11094\" class=\"wp-caption-text\">Cocktail ou autoportrait en soci\u00e9t\u00e9 Dimention variable &#8211; 2009 Courtesy Transit Gallery (BE) &amp; Mehdi-Georges Lahlou<\/figcaption><\/figure>\n<p style=\"text-align:justify;\">En dehors des religions et pratiques spirituelles, si un adulte exige des autres qu\u2019ils admettent comme objectifs ses ph\u00e9nom\u00e8nes subjectifs (donc partager une illusion qui n\u2019est pas la leur), la soci\u00e9t\u00e9 y voit un signe de folie, qui peut d\u00e9clencher une proc\u00e9dure d\u2019enfermement.<\/p>\n<p style=\"text-align:justify;\">Si un adulte trouve du plaisir dans son aire interm\u00e9diaire sans exigence pour les autres, il se rassemblera avec des pairs qui ont des aires avec des points communs (comme l\u2019art, la religion, le f\u00e9tichisme\u2026) ou d\u00e9veloppera son univers propre.<\/p>\n<p style=\"text-align:justify;\">En n\u00e9o-chamanisme autour d\u2019un.e guide s\u2019\u00e9non\u00e7ant comme tel.le, l\u2019objet transitionnel est cr\u00e9\u00e9 de fa\u00e7on singuli\u00e8re, tout en \u00e9tant choisi selon des r\u00e8gles communes, selon un code tir\u00e9 de syncr\u00e9tismes entre des pratiques ancestrales (pierres, plumes, poils, griffes, peau, dents, b\u00e2ton, plante odorante, pendule, directions\u2026). J\u2019ai ainsi construit autel, roue de m\u00e9decine, ongod&#8230; au cours d\u2019un parcours initiatique, selon des consignes \u00e0 la fois pr\u00e9cises et laissant de la place \u00e0 ma cr\u00e9ativit\u00e9.<\/p>\n<p style=\"text-align:justify;\">L\u2019objet transitionnel est utilis\u00e9 dans bien des th\u00e9rapies, sous la forme de jeu, de figurine, de construction, de rituel\u2026\u00a0en individuel et en collectif.<\/p>\n<figure id=\"attachment_11096\" aria-describedby=\"caption-attachment-11096\" style=\"width: 742px\" class=\"wp-caption alignnone\"><img loading=\"lazy\" decoding=\"async\" class=\"alignnone size-full wp-image-11096\" src=\"https:\/\/test2.under-construction.work\/wp-content\/uploads\/2018\/10\/capture-d_c3a9cran-2018-10-02-c3a0-22-53-49.png\" alt=\"Capture d_\u00e9cran 2018-10-02 \u00e0 22.53.49\" width=\"742\" height=\"376\" \/><figcaption id=\"caption-attachment-11096\" class=\"wp-caption-text\">Charlemagne Palestine (expo \u00e0 BoZar)<\/figcaption><\/figure>\n<blockquote>\n<p style=\"text-align:center;\"><strong>L\u2019espace transitionnelle dans mon travail hypnotique<\/strong><\/p>\n<\/blockquote>\n<p style=\"text-align:justify;\">Dans le travail (auto-)hypnotique tout terrain que je propose (en cabinet, dans les bois, avec les chevaux, sur le plateau, dans l&rsquo;eau, chez vous, sur votre lieu de travail\u2026), l\u2019espace transitionnel est un outil \u00ab\u00a0magique\u00a0\u00bb que chacun.e trouve et cr\u00e9e selon son monde et\u00a0son intention et\/ou que le groupe construit ensemble au fur et \u00e0 mesure des travers\u00e9es.<\/p>\n<p style=\"text-align:justify;\">Les (parties d&rsquo;)objets transitionnels sont la plupart du temps offert(e)s par la nature, par la rue, la brocante, le grenier, les coulisses, le hasard. Dans mon accompagnement, je ne suis attach\u00e9e qu\u2019aux r\u00e8gles de la bienveillance envers soi, l\u2019autre et le monde (par exemple, enterrer un objet en plastique ne respecte pas la nature). A part cela, ce sont les processus int\u00e9rieurs qui en dictent la construction et l\u2019utilisation.<\/p>\n<p style=\"text-align:justify;\">Le rituel personnel (son, chant, phrase, mouvement, action, respiration\u2026), l\u2019objet trouv\u00e9-cr\u00e9\u00e9, les \u00e9l\u00e9ments (l\u2019eau, le vent, le soleil, la terre), le v\u00e9g\u00e9tal et m\u00eame l\u2019animal (qui peut faire partie de l&rsquo;aire transitionnelle m\u00eame s&rsquo;il n&rsquo;est pas que cela!) peuvent \u00eatre d&rsquo;une aide consid\u00e9rable, dans les processus de transformation de la subjectivit\u00e9 de l\u2019individu.<\/p>\n<figure id=\"attachment_11040\" aria-describedby=\"caption-attachment-11040\" style=\"width: 1024px\" class=\"wp-caption alignnone\"><img loading=\"lazy\" decoding=\"async\" class=\"alignnone size-large wp-image-11040\" src=\"https:\/\/test2.under-construction.work\/wp-content\/uploads\/2018\/09\/rebecca_horn_1.jpg?w=1024\" alt=\"Rebecca_Horn_1\" width=\"1024\" height=\"683\" \/><figcaption id=\"caption-attachment-11040\" class=\"wp-caption-text\">Rebecca Horn<\/figcaption><\/figure>\n<p style=\"text-align:justify;\">Evidemment, comme bien des \u00e9l\u00e9ments utilis\u00e9s volontairement pour transformer la subjectivit\u00e9, l\u2019espace transitionnel existe naturellement dans le quotidien. Evoquons en vrac le sacro-saint doudou de l&rsquo;enfant au pouvoir apaisant, les boots f\u00e9tish qui transforment en reine de la soir\u00e9e, le vieux pull qui fait tant de bien que l&rsquo;on a du mal \u00e0 le jeter malgr\u00e9 son \u00e9tat catastrophique, l&rsquo;hostie, le t\u00e9l\u00e9phone portable, le lit, l&rsquo;alliance, la baignoire&#8230;<\/p>\n<p style=\"text-align:justify;\">La diff\u00e9rence\u00a0? La clairvoyance, le choix, le cap! Car la construction de l\u2019espace transitionnel est au service du changement vers l\u2019intention, que ce soit un mieux-\u00eatre, une exp\u00e9rimentation ou une cr\u00e9ation.<\/p>\n<blockquote>\n<p style=\"text-align:center;\"><strong>Un cas concret? \u00ab\u00a0L&rsquo;imaginal de ma Soeur\u00a0\u00bb<\/strong><\/p>\n<\/blockquote>\n<p style=\"text-align:justify;\">Dans l&rsquo;article\u00a0<a href=\"https:\/\/test2.under-construction.work\/2017\/03\/01\/limaginal-de-ma-soeur\/\">L&rsquo;imaginal de ma soeur<\/a>\u00a0vous pouvez lire l&rsquo;analyse d&rsquo;un exemple concret de la relation \u00e0 objet transitionnel. Car l&rsquo;objet n&rsquo;est\u00a0pas transitionnel en soi. C&rsquo;est l&rsquo;utilisation que l&rsquo;on en fait qui lui fait acc\u00e9der \u00e0 cette aire interm\u00e9diaire entre le monde ext\u00e9rieur et le monde int\u00e9rieur.<\/p>\n<p style=\"text-align:justify;\">J\u2019ajoute d\u00e8s \u00e0 pr\u00e9sent que cette qualification d\u2019\u00a0\u00ab\u00a0objet\/espace transitionnel\u00a0\u00bb propose une grille de lecture compatible avec d\u2019autres grilles de croyances. L\u2019article l\u2019illustre avec l\u2019approche de \u00ab\u00a0ce en quoi je crois\u00a0\u00bb face \u00e0 la statue de la Vierge ramen\u00e9e des Marolles (vieux quartier de Bruxelles). Pour \u00eatre plus claire, quand je m\u2019adresse au ch\u00eane pour r\u00e9cup\u00e9rer de l\u2019\u00e9nergie et que des glands tombent \u00e0 mes pieds, je n\u2019ai pas besoin de d\u00e9cider si l\u2019arbre en tant qu\u2019\u00eatre vivant sensible m\u2019aide de lui-m\u00eame ou si c\u2019est \u00ab\u00a0seulement\u00a0\u00bb mon espace transitionnel qui l\u2019englobe. Les croyances, des plus rationnelles aux plus \u00e9sot\u00e9riques, peuvent coexister avec la notion d\u2019espace transitionnel, sans rien trancher ni figer. Parce que, finalement&#8230; ce ne sont que des repr\u00e9sentations, comme cet article, comme tous les syst\u00e8mes de pens\u00e9e. La question reste &#8211; en ce qui me concerne : cette repr\u00e9sentation est-elle favorable ici et maintenant \u00e0 ce qui est bon pour moi, pour l&rsquo;autre, pour le monde? \u00ab\u00a0Bon\u00a0\u00bb \u00e9tant en soi une repr\u00e9sentation subjective fa\u00e7onn\u00e9e selon mes valeurs&#8230; eh oui, c&rsquo;est reparti!<\/p>\n<figure id=\"attachment_11098\" aria-describedby=\"caption-attachment-11098\" style=\"width: 503px\" class=\"wp-caption alignnone\"><img loading=\"lazy\" decoding=\"async\" class=\"alignnone size-full wp-image-11098\" src=\"https:\/\/test2.under-construction.work\/wp-content\/uploads\/2018\/10\/capture-d_c3a9cran-2018-10-02-c3a0-22-59-15.png\" alt=\"Capture d_\u00e9cran 2018-10-02 \u00e0 22.59.15\" width=\"503\" height=\"377\" \/><figcaption id=\"caption-attachment-11098\" class=\"wp-caption-text\">Orlan<\/figcaption><\/figure>\n<p>Pour les autres outils, voyez la page \u00ab\u00a0<a href=\"https:\/\/test2.under-construction.work\/les-outils-de-la-praticienne\/\" target=\"_blank\" rel=\"noopener\">Tous les outils<\/a>\u00ab\u00a0.<\/p>\n<p><span style=\"color:#800080;\"><strong>\u00a9 Marie Lisel<\/strong><\/span><\/p>\n","protected":false},"excerpt":{"rendered":"<p>L\u2019espace transitionnel L&rsquo;espace transitionnel peut \u00eatre un objet, une image, un lieu, une odeur, un son&#8230; qui devient une partie de moi hors de moi par la projection de mon monde int\u00e9rieur. Il me permet d\u00e8s lors de transformer mes \u00e9motions, sensations, actions et autres r\u00e9actions. Comme l\u2019imaginal se situe entre le r\u00e9el sensible (monde [&hellip;]<\/p>\n","protected":false},"author":2,"featured_media":11099,"parent":9670,"menu_order":0,"comment_status":"closed","ping_status":"closed","template":"","meta":{"footnotes":""},"class_list":["post-11063","page","type-page","status-publish","has-post-thumbnail","hentry"],"_links":{"self":[{"href":"https:\/\/test2.under-construction.work\/index.php\/wp-json\/wp\/v2\/pages\/11063","targetHints":{"allow":["GET"]}}],"collection":[{"href":"https:\/\/test2.under-construction.work\/index.php\/wp-json\/wp\/v2\/pages"}],"about":[{"href":"https:\/\/test2.under-construction.work\/index.php\/wp-json\/wp\/v2\/types\/page"}],"author":[{"embeddable":true,"href":"https:\/\/test2.under-construction.work\/index.php\/wp-json\/wp\/v2\/users\/2"}],"replies":[{"embeddable":true,"href":"https:\/\/test2.under-construction.work\/index.php\/wp-json\/wp\/v2\/comments?post=11063"}],"version-history":[{"count":0,"href":"https:\/\/test2.under-construction.work\/index.php\/wp-json\/wp\/v2\/pages\/11063\/revisions"}],"up":[{"embeddable":true,"href":"https:\/\/test2.under-construction.work\/index.php\/wp-json\/wp\/v2\/pages\/9670"}],"wp:featuredmedia":[{"embeddable":true,"href":"https:\/\/test2.under-construction.work\/index.php\/wp-json\/"}],"wp:attachment":[{"href":"https:\/\/test2.under-construction.work\/index.php\/wp-json\/wp\/v2\/media?parent=11063"}],"curies":[{"name":"wp","href":"https:\/\/api.w.org\/{rel}","templated":true}]}}