{"id":12081,"date":"2019-01-14T12:44:37","date_gmt":"2019-01-14T11:44:37","guid":{"rendered":"https:\/\/marielisel.com\/?page_id=12081"},"modified":"2019-01-14T12:44:37","modified_gmt":"2019-01-14T11:44:37","slug":"lhypnose-et-la-creation-artistique","status":"publish","type":"page","link":"https:\/\/test2.under-construction.work\/index.php\/accompagnement-pour-la-creation\/lhypnose-et-la-creation-artistique\/","title":{"rendered":"L\u2019hypnose et la cr\u00e9ation artistique en France"},"content":{"rendered":"<p style=\"text-align:justify;\">L&rsquo;hypnose et le r\u00eave \u00e9veill\u00e9 sont des voies directes vers les mondes int\u00e9rieurs, vers d&rsquo;autres dimensions, vers des ouvertures des possibles inou\u00efes.<\/p>\n<p style=\"text-align:justify;\">Dans la sph\u00e8re des arts contemporains fran\u00e7ais, voici quelques cr\u00e9atrices.teurs qui m\u00ealent l&rsquo;outil hypnotique et l&rsquo;art, que ce soit dans la transmission et\/ou dans la cr\u00e9ation. Si vous avez d&rsquo;autres noms-oeuvres, faites-moi signe que je compl\u00e8te cette page, \u00e0 lisellesil@gmail.com<\/p>\n<p style=\"text-align:justify;\">Juste en-dessous, vous trouverez les liens sp\u00e9cifiques \u00e0 mes propres cr\u00e9ations et participations \u00e0 des cr\u00e9ations d&rsquo;autres artistes.<\/p>\n<p style=\"text-align:justify;\">J&rsquo;ai choisi de ne reprendre ici que les cr\u00e9ations des arts contemporains (et non du divertissement), qui utilisent l&rsquo;hypnose en tant que technique (et non ceux qui ont des \u00ab\u00a0effets hypnotiques\u00a0\u00bb, comme des oeuvres stroboscopiques, par exemple).<\/p>\n<p>Je ferai l&rsquo;historique prochainement. Work in progress!<\/p>\n<blockquote>\n<figure id=\"attachment_11826\" aria-describedby=\"caption-attachment-11826\" style=\"width: 497px\" class=\"wp-caption alignnone\"><img loading=\"lazy\" decoding=\"async\" class=\"alignnone size-full wp-image-11826\" src=\"https:\/\/test2.under-construction.work\/wp-content\/uploads\/2018\/12\/capture-d_c3a9cran-2018-12-05-c3a0-17-55-03.png\" alt=\"Capture d_\u00e9cran 2018-12-05 \u00e0 17.55.03\" width=\"497\" height=\"279\" \/><figcaption id=\"caption-attachment-11826\" class=\"wp-caption-text\">J\u00e9r\u00f4me Poret, r\u00e9sidence d\u2019artiste \u00e0 Issoudun, 2011.<\/figcaption><\/figure><\/blockquote>\n<blockquote>\n<p style=\"text-align:center;\"><strong>Quelques artistes contemporains qui utilisent l\u2019hypnose dans leurs cr\u00e9ations<\/strong><\/p>\n<\/blockquote>\n<p><strong>Catherine Contour<\/strong><\/p>\n<p style=\"text-align:justify;\">Pionni\u00e8re dans l&rsquo;outil hypnotique (l&rsquo;expression est d&rsquo;ailleurs d&rsquo;elle), Catherine Contour transmet une m\u00e9thode pour les cr\u00e9ateurs.trices et chor\u00e9graphie des <em>Plong\u00e9es<\/em> sous hypnose.<\/p>\n<p>Voyez son travail sur son site <a href=\"http:\/\/www.maisoncontour.org\" target=\"_blank\" rel=\"noopener\">Maison Contour<\/a><\/p>\n<figure id=\"attachment_11374\" aria-describedby=\"caption-attachment-11374\" style=\"width: 498px\" class=\"wp-caption alignnone\"><img loading=\"lazy\" decoding=\"async\" class=\"alignnone size-full wp-image-11374\" src=\"https:\/\/test2.under-construction.work\/wp-content\/uploads\/2018\/10\/capture-d_c3a9cran-2018-10-16-c3a0-15-52-55.png\" alt=\"Capture d_\u00e9cran 2018-10-16 \u00e0 15.52.55\" width=\"498\" height=\"279\" \/><figcaption id=\"caption-attachment-11374\" class=\"wp-caption-text\">Nina Santes photographi\u00e9e par Mathieu Bouvier Cycle de \u00ab plong\u00e9es \u00bb de Catherine Contour, \u00e0 la Ga\u00eet\u00e9 Lyrique \u2013 2014<\/figcaption><\/figure>\n<p><strong>Gurwann Tran Van Gie<\/strong><\/p>\n<p style=\"text-align:justify;\">Gurwann Tran van Gie produit des films sous hypnose, comme <em>Exp\u00e9rience int\u00e8gre<\/em> (2015) et <em>Exp\u00e9rience septentrionale<\/em> (2016).<\/p>\n<p>Voyez son travail sur <a href=\"https:\/\/www.gurwanntranvangie.com\" target=\"_blank\" rel=\"noopener\">son site\u00a0<\/a><\/p>\n<figure id=\"attachment_12082\" aria-describedby=\"caption-attachment-12082\" style=\"width: 490px\" class=\"wp-caption alignnone\"><img loading=\"lazy\" decoding=\"async\" class=\"alignnone size-full wp-image-12082\" src=\"https:\/\/test2.under-construction.work\/wp-content\/uploads\/2019\/01\/capture-d_%C3%A9cran-2019-01-14-%C3%A0-12.37.35.png\" alt=\"capture d_\u00e9cran 2019-01-14 \u00e0 12.37.35\" width=\"490\" height=\"376\" \/><figcaption id=\"caption-attachment-12082\" class=\"wp-caption-text\">www.gurwanntranvangie.com<\/figcaption><\/figure>\n<p><strong>Joris Lacoste<\/strong><\/p>\n<p style=\"text-align:justify;\">Joris Lacoste a r\u00e9alis\u00e9 des installations, performances, cr\u00e9ations radiophoniques, avec l&rsquo;hypnose, dont le merveilleux <a href=\"https:\/\/www.dropbox.com\/s\/plq6n92fvft050v\/aumuseedusommeil.mp4?dl=0\" target=\"_blank\" rel=\"noopener\">Au Mus\u00e9e du sommeil.<\/a><\/p>\n<p>Vous les trouverez rassembl\u00e9es dans ses \u00ab\u00a0Hypnographies\u00a0\u00bb, <a href=\"http:\/\/jorislacoste.net\" target=\"_blank\" rel=\"noopener\">sur son site\u00a0<\/a><\/p>\n<figure id=\"attachment_12085\" aria-describedby=\"caption-attachment-12085\" style=\"width: 736px\" class=\"wp-caption alignnone\"><img loading=\"lazy\" decoding=\"async\" class=\"alignnone size-full wp-image-12085\" src=\"https:\/\/test2.under-construction.work\/wp-content\/uploads\/2019\/01\/capture-d_%C3%A9cran-2019-01-14-%C3%A0-12.49.54.png\" alt=\"capture d_\u00e9cran 2019-01-14 \u00e0 12.49.54\" width=\"736\" height=\"328\" \/><figcaption id=\"caption-attachment-12085\" class=\"wp-caption-text\">\u00abLe vrai spectacle\u00bb \/ photo Joris Lacoste<\/figcaption><\/figure>\n<p><strong>Vincent Epplay<\/strong><\/p>\n<p style=\"text-align:justify;\">Vincent Epplay a cr\u00e9\u00e9 un disque vinyle 25cm, \u00ab Le disque contre l\u2019insomnie \u00bb.<\/p>\n<p style=\"text-align:justify;\">\u00ab\u00a0Le disque contre l\u2019insomnie\u00a0\u00bb (Hypnose) \u00ab\u00a0M\u00e9thode douce pour choisir son niveau de r\u00e9alit\u00e9 en p\u00e9riode d\u2019intense propagande d\u00e9mocratique\u00a0\u00bb, Disque vinyle, 25cm, Ed. PPT Stembogen 2007 et Le104 cent quatre. Graphisme et textes : Denis Chevalier.<\/p>\n<p>Plus d&rsquo;infos <a href=\"http:\/\/www.viplayland.net\" target=\"_blank\" rel=\"noopener\">sur son site<\/a><\/p>\n<figure id=\"attachment_12086\" aria-describedby=\"caption-attachment-12086\" style=\"width: 783px\" class=\"wp-caption alignnone\"><img loading=\"lazy\" decoding=\"async\" class=\"alignnone size-full wp-image-12086\" src=\"https:\/\/test2.under-construction.work\/wp-content\/uploads\/2019\/01\/capture-d_%C3%A9cran-2019-01-14-%C3%A0-12.57.47.png\" alt=\"capture d_\u00e9cran 2019-01-14 \u00e0 12.57.47\" width=\"783\" height=\"602\" \/><figcaption id=\"caption-attachment-12086\" class=\"wp-caption-text\">http:\/\/www.viplayland.net<\/figcaption><\/figure>\n<p><strong>Quelques autres<\/strong><\/p>\n<p>Une \u00e9mission de France Culture <a href=\"https:\/\/www.franceculture.fr\/emissions\/le-reveil-culturel\/quand-lhypnose-devient-un-lieu-de-fertilisation-de-linvention-artistique?fbclid=IwAR0tQ5aLoTHRno0j1j2Z_11ol7WBgjl8GsPMNgXyFIntQTNL2rn4xwCwzS4\">\u00ab\u00a0Quand l&rsquo;hypnose devient un art\u00a0\u00bb<\/a><\/p>\n<p style=\"text-align:justify;\"><strong>Les soeurs Wilson<\/strong> \u00ad Louise et Jane, artistes britanniques, \u00ad se sont fait hypnotiser ensemble \u00a0en performance (<em>Hypnotic Suggestion 505<\/em>, 1993).<\/p>\n<p style=\"text-align:justify;\"><strong>Daniela Pellaud<\/strong> installe au mur des dessins, qui passent aussi sur l&rsquo;\u00e9cran d&rsquo;un t\u00e9l\u00e9viseur, transpos\u00e9s en vid\u00e9o dont la bande-son est constitu\u00e9e des commentaires de l&rsquo;artiste revenue de son exp\u00e9rience hypnotique (1992).<\/p>\n<p style=\"text-align:justify;\"><em>Untitled (Matt Mullican under Hypnosis: Zurich)\u00a0<\/em>est une <a href=\"http:\/\/i-ac.eu\/fr\/collection\/166_untitled-matt-mullican-under-hypnosis-zurich-MATT-MULLICAN-2003\" target=\"_blank\" rel=\"noopener\">vid\u00e9o d\u2019une performance r\u00e9alis\u00e9e <\/a>par <strong>Matt Mullican<\/strong> en 2003 \u00e0 Zurich mettant en sc\u00e8ne le double de l\u2019artiste, That Person.<\/p>\n<p style=\"text-align:justify;\"><strong>Pascal Rousseau<\/strong>, professeur d\u2019histoire de l\u2019art contemporain \u00e0 l\u2019<a href=\"http:\/\/www.univ-paris1.fr\/recherche\/page-perso\/page\/?tx_oxcspagepersonnel_pi1[uid]=prousseau\" target=\"_blank\" rel=\"noopener\">Universit\u00e9 Paris I Panth\u00e9on-Sorbonne<\/a>, a \u00e9t\u00e9 commissaire d&rsquo;une exposition <em>Sous influence. R\u00e9surgences de l\u2019hypnose dans l\u2019art contemporain<\/em>\u00a0(Mus\u00e9e cantonal des Beaux-Arts de Lausanne, 2006)<\/p>\n<p><strong>Marie Lisel:\u00a0<\/strong>cr\u00e9atrice hypnotique, accompagnatrice de projets au service d&rsquo;un.e cr\u00e9atrice.teur, coach de training hypnotique de groupe sur plateau (th\u00e9\u00e2tre, danse, performance, cirque&#8230;), enseignante en workshops en \u00e9cole sup\u00e9rieure d&rsquo;art&#8230; (les possibles sont innombrables!)<\/p>\n<p>Mes travaux hypno-artistiques sont dans <a href=\"https:\/\/test2.under-construction.work\/a-propos\/cv-artistique\/\">la page CV hypnartistique.<\/a><\/p>\n<figure id=\"attachment_9148\" aria-describedby=\"caption-attachment-9148\" style=\"width: 4896px\" class=\"wp-caption alignnone\"><img loading=\"lazy\" decoding=\"async\" class=\"alignnone size-full wp-image-9148\" src=\"https:\/\/test2.under-construction.work\/wp-content\/uploads\/2018\/01\/p1090943.jpg\" alt=\"P1090943\" width=\"4896\" height=\"2752\" \/><figcaption id=\"caption-attachment-9148\" class=\"wp-caption-text\">Performances participatives au FRAC Lorraine \u00e0 Metz, avec Val\u00e9rie Vivancos, le 26\/01\/2017: La voix disait \u00e0 peu pr\u00e8s: \u00e9carte les plis<\/figcaption><\/figure>\n<p style=\"text-align:center;\"><strong>Pour en savoir plus:\u00a0<\/strong><\/p>\n<ul>\n<li><a href=\"https:\/\/test2.under-construction.work\/a-propos\/cv-artistique\/\" target=\"_blank\" rel=\"noopener\">mes (co)cr\u00e9ations<\/a><\/li>\n<li><a href=\"https:\/\/test2.under-construction.work\/accompagnement-pour-la-creation\/\" target=\"_blank\" rel=\"noopener\">l&rsquo;accompagnement au service de projets de cr\u00e9ateurs.trices<\/a><\/li>\n<li><a href=\"https:\/\/test2.under-construction.work\/accompagnement-pour-la-creation\/workshop-en-ecole-dart\/\" target=\"_blank\" rel=\"noopener\">l&rsquo;accompagnement en workshops en \u00e9cole sup\u00e9rieure d&rsquo;art<\/a><\/li>\n<li><u><a href=\"https:\/\/test2.under-construction.work\/ateliers-workshops\/ateliers-pour-artistes-et-autres-specialistes\/atelier-sur-mesure-au-sein-de-votre-projet-dart-de-la-scene\/\">Accompagnement en workshop sur mesure au sein de votre projet d\u2019art de la sc\u00e8ne<\/a><\/u><\/li>\n<\/ul>\n","protected":false},"excerpt":{"rendered":"<p>L&rsquo;hypnose et le r\u00eave \u00e9veill\u00e9 sont des voies directes vers les mondes int\u00e9rieurs, vers d&rsquo;autres dimensions, vers des ouvertures des possibles inou\u00efes. Dans la sph\u00e8re des arts contemporains fran\u00e7ais, voici quelques cr\u00e9atrices.teurs qui m\u00ealent l&rsquo;outil hypnotique et l&rsquo;art, que ce soit dans la transmission et\/ou dans la cr\u00e9ation. Si vous avez d&rsquo;autres noms-oeuvres, faites-moi signe [&hellip;]<\/p>\n","protected":false},"author":2,"featured_media":9833,"parent":9035,"menu_order":0,"comment_status":"closed","ping_status":"closed","template":"","meta":{"footnotes":""},"class_list":["post-12081","page","type-page","status-publish","has-post-thumbnail","hentry"],"_links":{"self":[{"href":"https:\/\/test2.under-construction.work\/index.php\/wp-json\/wp\/v2\/pages\/12081","targetHints":{"allow":["GET"]}}],"collection":[{"href":"https:\/\/test2.under-construction.work\/index.php\/wp-json\/wp\/v2\/pages"}],"about":[{"href":"https:\/\/test2.under-construction.work\/index.php\/wp-json\/wp\/v2\/types\/page"}],"author":[{"embeddable":true,"href":"https:\/\/test2.under-construction.work\/index.php\/wp-json\/wp\/v2\/users\/2"}],"replies":[{"embeddable":true,"href":"https:\/\/test2.under-construction.work\/index.php\/wp-json\/wp\/v2\/comments?post=12081"}],"version-history":[{"count":0,"href":"https:\/\/test2.under-construction.work\/index.php\/wp-json\/wp\/v2\/pages\/12081\/revisions"}],"up":[{"embeddable":true,"href":"https:\/\/test2.under-construction.work\/index.php\/wp-json\/wp\/v2\/pages\/9035"}],"wp:featuredmedia":[{"embeddable":true,"href":"https:\/\/test2.under-construction.work\/index.php\/wp-json\/"}],"wp:attachment":[{"href":"https:\/\/test2.under-construction.work\/index.php\/wp-json\/wp\/v2\/media?parent=12081"}],"curies":[{"name":"wp","href":"https:\/\/api.w.org\/{rel}","templated":true}]}}