{"id":12317,"date":"2019-03-26T20:08:22","date_gmt":"2019-03-26T19:08:22","guid":{"rendered":"https:\/\/marielisel.com\/?page_id=12317"},"modified":"2019-03-26T20:08:22","modified_gmt":"2019-03-26T19:08:22","slug":"temoignages-workshop-en-ecole-superieure-dart-ensapc","status":"publish","type":"page","link":"https:\/\/test2.under-construction.work\/index.php\/temoignages-workshop-en-ecole-superieure-dart-ensapc\/","title":{"rendered":"T\u00e9moignages, workshop en \u00e9cole sup\u00e9rieure d&rsquo;art: ENSAPC"},"content":{"rendered":"<blockquote>\n<p style=\"text-align:center;\"><strong>WORKSHOP, \u00e0 l\u2019\u00c9cole nationale sup\u00e9rieure d&rsquo;arts de Paris-Cergy (ENSAPC), <\/strong><strong>p\u00f4le sonore, janvier 2019.<br \/>\n<\/strong><\/p>\n<p style=\"text-align:justify;\"><em>Ce workshop a propos\u00e9 aux \u00e9tudiant.e.s d&rsquo;explorer leurs sons en transe, sous hypnose puis sous autohypnose. Il a donn\u00e9 lieu \u00e0 des cr\u00e9ations sonores et \u00e0 une performance lors de la restitution publique.<\/em><\/p>\n<\/blockquote>\n<p>***<\/p>\n<p>Le workshop se constituait d&rsquo;une s\u00e9rie d&rsquo;exercices pratiques de transe visant \u00e0 production collective de sons vocaux.<\/p>\n<p>Tel un guide, Marie am\u00e8ne par la parole chaque participant \u00e0 trouver et \u00e0 s&rsquo;ancrer dans son propre espace mental de cr\u00e9ation depuis lequel les sentiments de s\u00e9curit\u00e9 et de l\u00e2cher-prise progressivement distill\u00e9s en lui lib\u00e8rent la voix et l&rsquo;invite \u00e0 une exp\u00e9rimentation vocale \u00e0 la fois personnelle et collective. Des techniques sont mises en place pour permettre au participer de cr\u00e9er son environnement, d&rsquo;y naviguer, d&rsquo;en changer et d&rsquo;en sortir, mais aussi pour ressentir sa connexion \u00e0 un espace o\u00f9 ceux des autres r\u00e9sonnent en \u00e9cho. Ces sessions aux dur\u00e9es variables sont entrecoup\u00e9es d&rsquo;\u00e9changes durant lesquels chacun partagent les sensations ressenties, les \u00e9cueils rencontr\u00e9s comme les r\u00e9ussites. Marie tente d&rsquo;apporter des solutions pour approfondir ou r\u00e9soudre certaines tensions et possibilit\u00e9s mises en \u00e9vidence.<\/p>\n<p>Quelques exercices r\u00e9alis\u00e9s quant \u00e0 eux de mani\u00e8re individuelle et sans vocation particuli\u00e8re \u00e0 produire des sons, visent \u00e0 transmettre des techniques fondamentales simples et efficaces d&rsquo;exploration. Comment d\u00e9finir un lieu mental, comment le consolider, comment le circonscrire, l&rsquo;\u00e9tendre, comment le s\u00e9curiser, comment le dissocier et comment en sortir. Furent aussi d\u00e9crites quelques applications concr\u00e8tes de ces techniques en r\u00e9ponse \u00e0 une recherche d&rsquo;un bien-\u00eatre quotidien. Chaque participant travaille et r\u00e9pond aux exercices \u00e0 son rythme.<\/p>\n<p>Un temps du workshop fut \u00e9galement consacr\u00e9 \u00e0 une introduction aux \u0153uvres d&rsquo;artistes ayant ou int\u00e9grant encore une pratique de la transe dans leur production que cette derni\u00e8re comporte un caract\u00e8re hypnotique ou non. Marie a elle aussi pr\u00e9sent\u00e9 son propre travail \u00e0 la fois comme artiste et comme outil hypnotique au service d&rsquo;autres artistes.<\/p>\n<p>Enfin, les enregistrements des sons produits lors des exercices collectifs ont servi de mat\u00e9riaux sonores aux \u00e9tudiants souhaitant les monter et les arranger et furent ainsi le point de d\u00e9part d&rsquo;une production satellitaire de pi\u00e8ces sonores. Dans le cadre d&rsquo;une restitution conjointe avec un autre atelier de l&rsquo;\u00e9cole se d\u00e9roulant au Th\u00e9\u00e2tre de Pigalle ont \u00e9t\u00e9 pr\u00e9sent\u00e9es au public ces pi\u00e8ces sonores nouvellement ainsi con\u00e7ues, ainsi qu&rsquo;une performance live des \u00e9tudiants auxquels Marie avait transmis des techniques de transe.<\/p>\n<p>***<\/p>\n<p style=\"text-align:justify;\">Pour moi, encore aujourd&rsquo;hui, je suis assez bouche-b\u00e9e par l\u2019exp\u00e9rience&#8230; ce qui, je pense, est bien, dans le sens ou mon cerveau \u00e9tait \u00ab\u00a0\u00e0 c\u00f4t\u00e9\u00a0\u00bb et j&rsquo;ai \u00e9t\u00e9 tr\u00e8s immerg\u00e9 (peut-\u00eatre un peu trop m\u00eame hehe). Ca a touch\u00e9 des parts assez perso de mon intimit\u00e9 ce qui a impact\u00e9 ma vie personnelle (impact incroyable du point de vue artistique mais un peu plus d\u00e9rangeant de l&rsquo;ext\u00e9rieur).<\/p>\n<p style=\"text-align:justify;\">Je pense que j&rsquo;aurais bien aim\u00e9 qu&rsquo;on se fasse \u00ab\u00a0suivre\u00a0\u00bb peut \u00eatre un peu plus, qu&rsquo;on sache plus concr\u00e8tement ce qui peut arriver (vu que \u00e7a touche quand m\u00eame a des \u00e9tats tr\u00e8s puissants). Ca aurait \u00e9t\u00e9 mieux si \u00e7a avait \u00e9t\u00e9 un peu plus long je pense (peut \u00eatre 5 jours?) pour y aller petit a petit&#8230;<\/p>\n<p style=\"text-align:justify;\">Cela dit, j&rsquo;ai beaucoup aim\u00e9 ce que tu nous a propos\u00e9, c&rsquo;\u00e9tait une exp\u00e9rience tr\u00e8s singuli\u00e8re qui m&rsquo;a aid\u00e9 dans pas mal de sens. Au plaisir de se re-voir!<\/p>\n<p style=\"text-align:justify;\">***<\/p>\n<p style=\"text-align:justify;\">J\u2019ai beaucoup aim\u00e9 les dynamiques de transe en utilisant le son.<\/p>\n<p style=\"text-align:justify;\">Je te remercie pour le workshop et j\u2019aimerais bien \u00eatre au courant des prochaines activit\u00e9s et \u00e9v\u00e9nements futures.<\/p>\n<p style=\"text-align:justify;\">***<\/p>\n<p style=\"text-align:justify;\">Ce workshop \u00e9tais tr\u00e8s int\u00e9ressant pour moi parce que normalement je n&rsquo;aime pas me pr\u00e9senter sur la sc\u00e8ne. En fait, j&rsquo;ai le trac d&rsquo;un acteur et le phobie sociale donc j&rsquo;ai \u00e9prouv\u00e9 des difficult\u00e9s dans une situation o\u00f9 les regards se concentrent sur moi.<\/p>\n<p style=\"text-align:justify;\">Je suis arriv\u00e9e ici l&rsquo;ann\u00e9e derni\u00e8re donc tout le temps la langue fran\u00e7ais est un stress \u00e0 moi. A chaque fois que parler fran\u00e7ais il me fait me raidir. Pour cette raison le premier jour, \u00e0 vrai dire je ne pouvais pas concentrer l&rsquo;exercice. Je devais s&rsquo;efforcer comprendre vos paroles, c&rsquo;est la priorit\u00e9 donc je ne pouvais pas bien observer. Ensuite je ne pouvais pas me plonger en moi \u00e0 cause de la conscience de moi-m\u00eame. Je pensais que j&rsquo;avais des comportements bizarres: je me suis interrog\u00e9e sur ce que c&rsquo;est que cet \u00e9tat, et qui suis-je.<\/p>\n<p style=\"text-align:justify;\">Mais avec le temps je pouvais me concentrer. Je me suis aper\u00e7ue que le sentir et le communiquer sont plus important que bien comprendre et faire des actions exactement. C&rsquo;est alors que j&rsquo;ai senti la libert\u00e9, \u00e9cout\u00e9 des sons en moi et donn\u00e9 des sons aussi. Quand j&rsquo;\u00e9tais dedans, je pouvais effacer toutes les choses que je n&rsquo;ai pas \u00e9cout\u00e9es ni regard\u00e9es.<\/p>\n<p style=\"text-align:justify;\">C&rsquo;\u00e9tait comme ouvrir autre sens. Je ne cesserai pas de faire comme l&rsquo;exercice par moi-m\u00eame.<\/p>\n<p style=\"text-align:justify;\">Merci et bien \u00e0 vous<\/p>\n<p style=\"text-align:justify;\">***<\/p>\n<p style=\"text-align:justify;\">C&rsquo;\u00e9tait une chouette exp\u00e9rience, vraiment. J&rsquo;avais des attentes sur l&rsquo;hypnose et quelques pr\u00e9jug\u00e9s aussi. L&rsquo;approche que tu as eu \u00e9tait plus douce que ce \u00e0 quoi je m&rsquo;attendais. J&rsquo;ai \u00e9tait surpris de chanter\/bruiter\/grommeler pendant 40 minutes qui sont pass\u00e9 tr\u00e8s vite. Un peu \u00e0 l&rsquo;inverse des r\u00eaves.<\/p>\n<p style=\"text-align:justify;\">***<\/p>\n<p style=\"text-align:justify;\">Je voudrais te remercier pour cette exp\u00e9rience. Je ne connaissais pas grand chose \u00e0 l&rsquo;hypnose \u00e0 part quelques exercices de respiration et de relaxation du corps, cela me paraissait lointain et inaccessible.<\/p>\n<p style=\"text-align:justify;\">Gr\u00e2ce \u00e0 toi, je me suis rendu compte qu&rsquo;il s&rsquo;agissait de \u00ab\u00a0quelque chose\u00a0\u00bb de tr\u00e8s \u00ab\u00a0pratique\u00a0\u00bb, d&rsquo;accessible \u00e0 tous (pour ceux qui le veulent), \u00ab\u00a0quelque chose\u00a0\u00bb- \u00ab\u00a0une pratique\u00a0\u00bb qui permettait un \u00ab\u00a0ancrage\u00a0\u00bb en soi-m\u00eame et dans sa vie. C&rsquo;\u00e9tait tr\u00e8s enrichissant que tu nous parles de ta pratique de l&rsquo;hypnose, et de la mani\u00e8re dont elle est en lien avec quasi toutes les facettes de la vie, professionnelle et surtout personnelle. Ce sont de bons outils qui m&rsquo;ouvrent sur d&rsquo;autres possibles que je n&rsquo;avais jamais envisag\u00e9, (par exemple aujourd&rsquo;hui je consid\u00e8re que la th\u00e9rapie par hypnose peut \u00eatre une bonne alternative \u00e0 une psychanalyse (?) ou si ce n&rsquo;est une alternative en tout cas un autre biais \u00e0 explorer pour s&rsquo;explorer soi-m\u00eame, peut \u00eatre en intellectualisant moins..(?) l\u00e2cher-prise\u2026 en tout cas tout ce que tu dis dans \u00ab\u00a0cr\u00e9er sa vie &#8211; cr\u00e9er son monde- cr\u00e9er son oeuvre\u00a0\u00bb me parle beaucoup!).<\/p>\n<p style=\"text-align:justify;\">En tout cas, pour revenir au workshop, ces trois jours ont \u00e9t\u00e9 tr\u00e8s intenses.<\/p>\n<p style=\"text-align:justify;\">Pour moi le principal b\u00e9mol est qu&rsquo;on n&rsquo;ai pas eu assez de temps. Trois jours c&rsquo;\u00e9tait trop court, surtout avec cet imp\u00e9ratif du montage sonore qui a frustr\u00e9 pas mal d&rsquo;entre nous. \u00c7&rsquo;aurait \u00e9t\u00e9 parfait d&rsquo;avoir ces trois jours (ou plus) pour plus prendre le temps d&rsquo;explorer avec toi, et prendre quelques jours plus tard pour faire le montage. \u00c7a nous aurait permis de plus profiter des exp\u00e9riences que tu avais \u00e0 nous proposer, et pour nous de prendre plus de temps et de plaisir pour faire des montages audio (plus r\u00e9fl\u00e9chis et plus exp\u00e9rimentaux peut-\u00eatre). Cette organisation ne d\u00e9pendait pas de toi, mais elle a influenc\u00e9 le cours du workshop.<\/p>\n<p style=\"text-align:justify;\">Le premier jour, les exercices \u00e9taient tr\u00e8s intenses, tu nous a donn\u00e9 beaucoup d&rsquo;outils, ta voix \u00e9tait tr\u00e8s pr\u00e9sente et donnait beaucoup d&rsquo;informations, c&rsquo;\u00e9tait dur car les choses s&rsquo;enchainaient vite, je n&rsquo;avais pas assez le temps de rentrer dans chaque \u00ab\u00a0consigne\u00a0\u00bb de ta voix, (j&rsquo;\u00e9tais surement trop dans l&rsquo;intellect encore..), jusqu&rsquo;\u00e0 ce que je \u00ab\u00a0trouve ma place dans la for\u00eat de sons\u00a0\u00bb, et c&rsquo;\u00e9tait vraiment tr\u00e8s beau.<\/p>\n<p style=\"text-align:justify;\">Le deuxi\u00e8me jour ta voix prenait plus le temps, et nous prenions plus le temps pour rentrer dans l&rsquo;exercice, \u00e7a c&rsquo;\u00e9tait agr\u00e9able. Par contre je trouve que le fait de choisir une phrase n&rsquo;a pas vraiment fonctionn\u00e9, nous renvoyant \u00e0 trop de sens, la place que l&rsquo;on prenait avec le son \u00e9tait plus facile \u00e0 atteindre la veille, quand c&rsquo;\u00e9tait purement sonore, et du coup m\u00eame si on prenait plus de temps j&rsquo;ai eu plus de mal \u00e0 rentrer dans l&rsquo;exercice.<\/p>\n<p style=\"text-align:justify;\">D&rsquo;un point de vue plus personnel, ce n&rsquo;\u00e9tait pas toujours \u00e9vident de ressentir les \u00e9nergie des \u00ab\u00a0sceptiques\u00a0\u00bb. Merci pour ta patience et ton \u00e9coute, tes explications.<\/p>\n<p style=\"text-align:justify;\">Le dernier jour malheureusement je n&rsquo;ai pu participer \u00e0 aucun exercice \u00e0 cause du montage. Donc encore une fois ces histoires de montages, et les discussions que nous avons eues afin d&rsquo;organiser \u00e7a, nous ont pris trop de temps et trop d&rsquo;\u00e9nergie, et nous ont un peu d\u00e9connect\u00e9 de nous-m\u00eame et de ces \u00e9tats de conscience \u00e0 explorer. \u00c7&rsquo;aurait \u00e9t\u00e9 mieux de profiter de ces trois jours enti\u00e8rement consacr\u00e9s \u00e0 exp\u00e9rimenter les outils que tu venais nous enseigner, l\u00e0 c&rsquo;est pass\u00e9 trop vite et nous n&rsquo;avons pas eu assez de temps pour vraiment nous approprier ces outils, \u00e7&rsquo;aurait \u00e9t\u00e9 chouette de pouvoir faire chaque exercice plusieurs fois, pour pouvoir voir si on arrivait \u00e0 aller plus loin que la premi\u00e8re fois d\u00e9j\u00e0 (car chaque fois doit \u00eatre diff\u00e9rente), pour mieux les int\u00e9grer et pouvoir (essayer de) les refaire sans ta voix pour nous guider.<\/p>\n<p style=\"text-align:justify;\">J&rsquo;ai \u00e9cout\u00e9 bOa. L\u00e0 je l&rsquo;ai surtout ressenti dans mon corps, bras\/jambe, pas trop visuellement encore&#8230; Mais je vais renouveler l&rsquo;exp\u00e9rience<\/p>\n<p style=\"text-align:justify;\">Enfin voil\u00e0.<br \/>\nMerci pour tout, sinc\u00e8rement.<br \/>\nBonne continuation \u00e0 toi et peut-\u00eatre \u00e0 une prochaine fois.<\/p>\n<p style=\"text-align:justify;\">***<\/p>\n<p style=\"text-align:justify;\">Cette exp\u00e9rience m&rsquo;a fait plonger dans un \u00e9tat que je ne connaissais pas avant. J&rsquo;ai l&rsquo;impression de ne plus voir les choses de la m\u00eame mani\u00e8re, car tout change quand on arrive \u00e0 se connecter \u00e0 son int\u00e9rieur, et au moment pr\u00e9sent. Souvent j&rsquo;ai du mal \u00e0 me concentrer et \u00e0 ressentir les limites de mon corps.<\/p>\n<p style=\"text-align:justify;\">Cette semaine j&rsquo;ai d\u00e9couvert comment mieux ma\u00eetriser mon monde \u00e0 moi. Je me sens plus connect\u00e9e \u00e0 ce qui m&rsquo;entoure, et \u00e0 moi-m\u00eame. Les exercices propos\u00e9s par Marie ne devaient pas avoir un caract\u00e8re th\u00e9rapeutique &#8211; on \u00e9tait la pour cr\u00e9er. N\u00e9anmoins \u00e7a fait un bien de fou, d&rsquo;\u00eatre ancr\u00e9e aussi profond\u00e9ment! J&rsquo;ai laiss\u00e9 la libert\u00e9 \u00e0 mon corps, je l&rsquo;ai laiss\u00e9 s&rsquo;exprimer. Mon mental \u00e9tait des fois surpris par les mouvements et les bruits que mon corps produisait. Oublier la honte, oublier les codes, oublier son \u00e9ducation, oublier les jugements, oublier la pens\u00e9e, s&rsquo;oublier et se r\u00e9inventer. Revenir, et voir les choses avec de nouveaux yeux.<\/p>\n<p style=\"text-align:justify;\">La performance, \u00e0 laquelle j&rsquo;ai particip\u00e9 le dernier jour du workshop, \u00e0 intrigu\u00e9, g\u00ean\u00e9 le public. Il n&rsquo;est pas \u00e9vident pour certains de voir un corps humain dans son \u00e9tranget\u00e9 la plus profonde. N\u00e9anmoins, la g\u00e8ne n&rsquo;est pas une condition de la qualit\u00e9 de l&rsquo;art ni de messages qu&rsquo;une oeuvre peut porter. J&rsquo;ai envie de continuer dans cette sensibilit\u00e9.<\/p>\n<p style=\"text-align:justify;\">S&rsquo;il y a une semaine, on m&rsquo;avait dit, que j&rsquo;allais m&rsquo;auto-hypnotiser devant un public, j&rsquo;aurais rigol\u00e9. Et bien, c&rsquo;est arriv\u00e9. Les \u00e9tapes des exercices propos\u00e9s par Marie me convenaient, le progr\u00e8s s&rsquo;est fait tr\u00e8s naturellement. Elle nous a confi\u00e9 pleins d&rsquo;outils qui m&rsquo;ont permis d&rsquo;avancer dans ce travail au plus vite. L&rsquo;exp\u00e9rience \u00e0 \u00e9t\u00e9 extr\u00eamement forte pour moi et j&rsquo;ai envie de la garder avec moi. Qu&rsquo;elle continue !<\/p>\n<p style=\"text-align:justify;\">Les points \u00e0 am\u00e9liorer? Peut-\u00eatre quelque chose pour que les gens soient plus \u00e0 l&rsquo;aise des le d\u00e9part ? Des exercices plus doux peut \u00eatre sans hypnose avant d&rsquo;y plonger ? Vu que c&rsquo;\u00e9tait dur de produire un son, peut \u00eatre qu&rsquo;on pourrait se mettre en cercle et commencer \u00e0 produire des sons sans hypnose ? Bref, quelque chose pour casser un peu la honte. Apr\u00e8s je parle des autres personnes, pour moi tout \u00e9tait parfait<\/p>\n<p style=\"text-align:justify;\">Sinon j&rsquo;ai tout tout aim\u00e9 ! Merci beaucoup beaucoup!!!! Je reviendrai vers toi pour ma phobie apr\u00e8s mon m\u00e9moire<\/p>\n<p style=\"text-align:justify;\">PS. J&rsquo;ai fait l&rsquo;exercice aujourd&rsquo;hui!<br \/>\nJe suis rentr\u00e9e en transe et ma main qui s&rsquo;appelait Adrien m&rsquo;a propos\u00e9 de s&rsquo;amuser. Et bien, des sc\u00e8nes extr\u00eamement \u00e9tranges sont venues pendant \u00ab\u00a0le moment final\u00a0\u00bb<br \/>\nJ&rsquo;ai vue une \u00e9\u00e9\u00e9\u00e9\u00e9\u00e9norme langue et un penis en forme de queue de serpent, qui \u00e9tait vert avec des boules violettes dessus, un peu comme une poulpe. J&rsquo;ai bien rigol\u00e9 quand je me suis r\u00e9veill\u00e9e!<\/p>\n<p>***<\/p>\n<p style=\"text-align:justify;\">J\u2019ai aim\u00e9 de mani\u00e8re g\u00e9n\u00e9rale la fa\u00e7on dont j\u2019ai d\u00e9couvert l\u2019hypnose, que je ne connaissais vraiment pas. M\u00eame si je suis parfois rest\u00e9e \u00e0 c\u00f4t\u00e9, j\u2019ai pu exp\u00e9rimenter de tr\u00e8s beaux moments collectifs, harmonieux et vivants. J\u2019ai appr\u00e9ci\u00e9 la mise \u00e0 disposition d\u2019outils pouvant nous aider sur du plus long-terme.<\/p>\n<p style=\"text-align:justify;\">Peut-\u00eatre que parfois les choses allaient un peu vite, je me sentais un peu d\u00e9pass\u00e9e. Mais c\u2019\u00e9tait une d\u00e9couverte pour moi d\u2019essayer volontairement de naviguer entre diff\u00e9rents \u00e9tats de conscience, la possibilit\u00e9 de faire des allers-retours et des plong\u00e9es plus profondes. Les moments o\u00f9 on produisait du son ensemble \u00e9taient assez \u00e9mouvants et une belle exp\u00e9rience musicale.<\/p>\n<p style=\"text-align:justify;\">Cependant je n\u2019ai pas eu l\u2019impression qu\u2019il y ait un grand int\u00e9r\u00eat d\u2019enregistrer du d\u00e9but \u00e0 la fin. Je n\u2019ai pas non plus trop appr\u00e9ci\u00e9 travailler sur la mati\u00e8re sonore de fa\u00e7on aussi factuelle, et avec aussi peu de temps. M\u00eame si c\u2019est toujours int\u00e9ressant de garder une trace, j\u2019avais le sentiment que ces sons \u00e9taient plus des choses \u00e0 produire et recevoir en direct, en live, peut-\u00eatre que le c\u00f4t\u00e9 documentation \u00e9tait moins int\u00e9ressant, et peu pertinent \u00e9tant donn\u00e9 le temps qui nous \u00e9tait imparti pour ce workshop.<\/p>\n<p>***<\/p>\n<p style=\"text-align:justify;\">\n","protected":false},"excerpt":{"rendered":"<p>WORKSHOP, \u00e0 l\u2019\u00c9cole nationale sup\u00e9rieure d&rsquo;arts de Paris-Cergy (ENSAPC), p\u00f4le sonore, janvier 2019. Ce workshop a propos\u00e9 aux \u00e9tudiant.e.s d&rsquo;explorer leurs sons en transe, sous hypnose puis sous autohypnose. Il a donn\u00e9 lieu \u00e0 des cr\u00e9ations sonores et \u00e0 une performance lors de la restitution publique. *** Le workshop se constituait d&rsquo;une s\u00e9rie d&rsquo;exercices pratiques [&hellip;]<\/p>\n","protected":false},"author":2,"featured_media":12318,"parent":0,"menu_order":0,"comment_status":"closed","ping_status":"closed","template":"","meta":{"footnotes":""},"class_list":["post-12317","page","type-page","status-publish","has-post-thumbnail","hentry"],"_links":{"self":[{"href":"https:\/\/test2.under-construction.work\/index.php\/wp-json\/wp\/v2\/pages\/12317","targetHints":{"allow":["GET"]}}],"collection":[{"href":"https:\/\/test2.under-construction.work\/index.php\/wp-json\/wp\/v2\/pages"}],"about":[{"href":"https:\/\/test2.under-construction.work\/index.php\/wp-json\/wp\/v2\/types\/page"}],"author":[{"embeddable":true,"href":"https:\/\/test2.under-construction.work\/index.php\/wp-json\/wp\/v2\/users\/2"}],"replies":[{"embeddable":true,"href":"https:\/\/test2.under-construction.work\/index.php\/wp-json\/wp\/v2\/comments?post=12317"}],"version-history":[{"count":0,"href":"https:\/\/test2.under-construction.work\/index.php\/wp-json\/wp\/v2\/pages\/12317\/revisions"}],"wp:featuredmedia":[{"embeddable":true,"href":"https:\/\/test2.under-construction.work\/index.php\/wp-json\/"}],"wp:attachment":[{"href":"https:\/\/test2.under-construction.work\/index.php\/wp-json\/wp\/v2\/media?parent=12317"}],"curies":[{"name":"wp","href":"https:\/\/api.w.org\/{rel}","templated":true}]}}