{"id":12323,"date":"2019-03-26T20:53:10","date_gmt":"2019-03-26T19:53:10","guid":{"rendered":"https:\/\/marielisel.com\/?page_id=12323"},"modified":"2019-03-26T20:53:10","modified_gmt":"2019-03-26T19:53:10","slug":"temoignages-en-ecole-superieure-dart-participation-detudiants-de-lensa-v-au-projet-de-jerome-poret-pour-la-marechalerie","status":"publish","type":"page","link":"https:\/\/test2.under-construction.work\/index.php\/temoignages-en-ecole-superieure-dart-participation-detudiants-de-lensa-v-au-projet-de-jerome-poret-pour-la-marechalerie\/","title":{"rendered":"T\u00e9moignages en \u00e9cole sup\u00e9rieure d&rsquo;art: participation d&rsquo;\u00e9tudiants de l&rsquo;ENSA-V au projet de J\u00e9r\u00f4me Poret pour La Mar\u00e9chalerie"},"content":{"rendered":"<blockquote>\n<p style=\"text-align:justify;\">Pour la pr\u00e9paration de l&rsquo;exposition de J\u00e9r\u00f4me Poret, \u00ab\u00a0Les h\u00f4tes\u00a0\u00bb, qui se tiendra \u00e0 <a href=\"http:\/\/lamarechalerie.versailles.archi.fr\/\" target=\"_blank\" rel=\"noopener noreferrer\">La Mar\u00e9chalerie, centre d&rsquo;art contemporain de l&rsquo;Ecole Nationale Sup\u00e9rieure d&rsquo;Architecture de Versailles<\/a>,\u00a06 \u00e9tudiants de l&rsquo;<a href=\"http:\/\/www.versailles.archi.fr\" target=\"_blank\" rel=\"noopener noreferrer\">ENSA-V<\/a> ont visit\u00e9 en ma compagnie leur maison int\u00e9rieure, sous hypnose. Je ne livre ici que de courts extraits car ce travail sera visible et audible \u00e0 partir de septembre 2019.<\/p>\n<\/blockquote>\n<p style=\"text-align:justify;\">LOUISE<\/p>\n<p style=\"text-align:justify;\">(&#8230;)<\/p>\n<p style=\"text-align:justify;\">Mon corps m\u2019emm\u00e8ne dans les pieds, qui se rapprochent. Dans les pieds, il y a une biblioth\u00e8que, tr\u00e8s \u00e9troite, je peux \u00e0 peine me tourner sur moi m\u00eame, et tr\u00e8s haute, je ne vois pas le plafond. Les murs sont recouverts d\u2019\u00e9tag\u00e8res, sur lesquelles sont rang\u00e9s des livres en langue ancienne, que je ne connais pas. Il y a un poisson dans un bocal sur une \u00e9tag\u00e8re, je le prends avec moi. La maison continue dans le ventre, o\u00f9 appara\u00eet une pi\u00e8ce ronde, avec les murs en zigzag piquants. Cette pi\u00e8ce se transforme en spirale, au bout de laquelle je d\u00e9pose le poisson.<\/p>\n<p>(&#8230;)<\/p>\n<p style=\"text-align:justify;\">MARIE<\/p>\n<p>(&#8230;)<\/p>\n<p style=\"text-align:justify;\">Quand j\u2019ouvre le coffre je remarque qu\u2019il y a un drap jaune \u00e0 l\u2019int\u00e9rieur et le sol de ce coffre est ouvert. On peut alors voir l\u2019ensemble de la maison \u00e0 travers ce coffre. Si je d\u00e9place le coffre, je peux voir diff\u00e9rents \u00e9tages de la maison (en coupe). Ensuite je remarque que la tour en pierre s\u2019agrandit, elle s\u2019allonge en hauteur, et la maison \u00e9galement, elle se disproportionne. Je passe donc \u00e0 travers les nuages, et j\u2019arrive dans l\u2019Univers , j\u2019y vois des \u00e9toiles, des plan\u00e8tes. La maison redescend ensuite, je repasse par les nuages et j\u2019arrive au sol. Je remarque que j\u2019ai pris un ascenseur de verre, c\u2019est lui qui m\u2019a permis de monter et descendre.<\/p>\n<p>(&#8230;)<\/p>\n<p>BENJAMIN<\/p>\n<p align=\"justify\">(&#8230;)<\/p>\n<p align=\"justify\">J\u2019observe la pi\u00e8ce. Le palier s\u2019ouvre en espace sur la gauche, au sol du parquet et sur le mur un rythme de fen\u00eatre assez important. Impossible je pense\u2026 D\u00e9j\u00e0 cette \u00e9tage ne pouvait pas exister, mais comment est-ce possible d\u2019avoir tant de fen\u00eatre? Je sens l\u00e0 un malaise car mon esprit ne me montre pas l\u2019enti\u00e8ret\u00e9 de la pi\u00e8ce, un triangle reste flou, comme un probl\u00e8me de vision.<\/p>\n<p align=\"justify\">(&#8230;)<\/p>\n<p align=\"justify\">THA\u00cfS<\/p>\n<p align=\"justify\">(&#8230;)<\/p>\n<p align=\"justify\">Je me retrouve devant la porte d\u2019entr\u00e9e. Le sol s\u2019ouvre, un escalier m\u00e9tallique apparait, les parois sont froides, en acier. J\u2019entends mes pas r\u00e9sonner. Un labyrinthe, encore. J\u2019arrive dans le coeur de la maison. Encore sous terre. Une salle des machines qui contr\u00f4le la maison et ses pi\u00e8ces. La maison est modulable. Des \u00e9crans flottants contr\u00f4lent les pi\u00e8ces. Des couloirs \u00ab\u00a0poussent\u00a0\u00bb de cette pi\u00e8ce pour cr\u00e9er de nouveaux espaces et bien plus. Je retourne dans mon observatoire, la pi\u00e8ce en verre , j\u2019ai un hamac. Depuis la d\u00e9couverte de cette salle des machines, j\u2019aper\u00e7ois des r\u00e9seaux se diss\u00e9miner partout sous terre. Ils sont fluorescents. Ils passes sous le lac et continuent vers une for\u00eat, une ville. C\u2019est un r\u00e9seau ! Le coeur de la maison est une art\u00e8re connect\u00e9e \u00e0 d\u2019autres coeurs. Je survole dans ma boite 3 paysages qui se r\u00e9p\u00e8tent et se succ\u00e8dent : la ville &#8211; la foret &#8211; la montagne.<\/p>\n<p align=\"justify\">(&#8230;)<\/p>\n<p align=\"justify\">MATTHIEU<\/p>\n<p align=\"justify\">(&#8230;)<\/p>\n<p align=\"justify\">&#8211; Comment est-elle cette maison ?<\/p>\n<p align=\"justify\">&#8211; Si elle avait des jambes, elle danserait<\/p>\n<p align=\"justify\">La maison avait maintenant un visage et des membres de la m\u00eame nature que l\u2019esprit du manioc. Elle dansait. Elle n\u2019\u00e9tait plus d\u2019une grande hauteur, ayant retrouv\u00e9 sa taille initiale, mais flottait dans le ciel soutenue de deux longues jambes. Sa base \u00e9tait cependant rest\u00e9 au sol.<\/p>\n<p align=\"justify\">La maison se calma lorsque Marie demanda de qu\u2019elle voulait : main sur la bouche, sa porte, elle manifesta un grand \u00e9tonnement et une r\u00e9flexion profonde. La maison se questionnait, elle n\u2019y avait jamais pens\u00e9 avant cela et ne voulait r\u00e9pondre.<\/p>\n<p align=\"justify\">&#8211; Je crois que la maison ne veut pas faire l\u2019exercice, dis-je en riant.<\/p>\n<p align=\"justify\">(&#8230;)<\/p>\n<p align=\"justify\">\n","protected":false},"excerpt":{"rendered":"<p>Pour la pr\u00e9paration de l&rsquo;exposition de J\u00e9r\u00f4me Poret, \u00ab\u00a0Les h\u00f4tes\u00a0\u00bb, qui se tiendra \u00e0 La Mar\u00e9chalerie, centre d&rsquo;art contemporain de l&rsquo;Ecole Nationale Sup\u00e9rieure d&rsquo;Architecture de Versailles,\u00a06 \u00e9tudiants de l&rsquo;ENSA-V ont visit\u00e9 en ma compagnie leur maison int\u00e9rieure, sous hypnose. Je ne livre ici que de courts extraits car ce travail sera visible et audible \u00e0 [&hellip;]<\/p>\n","protected":false},"author":2,"featured_media":12324,"parent":0,"menu_order":0,"comment_status":"closed","ping_status":"closed","template":"","meta":{"footnotes":""},"class_list":["post-12323","page","type-page","status-publish","has-post-thumbnail","hentry"],"_links":{"self":[{"href":"https:\/\/test2.under-construction.work\/index.php\/wp-json\/wp\/v2\/pages\/12323","targetHints":{"allow":["GET"]}}],"collection":[{"href":"https:\/\/test2.under-construction.work\/index.php\/wp-json\/wp\/v2\/pages"}],"about":[{"href":"https:\/\/test2.under-construction.work\/index.php\/wp-json\/wp\/v2\/types\/page"}],"author":[{"embeddable":true,"href":"https:\/\/test2.under-construction.work\/index.php\/wp-json\/wp\/v2\/users\/2"}],"replies":[{"embeddable":true,"href":"https:\/\/test2.under-construction.work\/index.php\/wp-json\/wp\/v2\/comments?post=12323"}],"version-history":[{"count":0,"href":"https:\/\/test2.under-construction.work\/index.php\/wp-json\/wp\/v2\/pages\/12323\/revisions"}],"wp:featuredmedia":[{"embeddable":true,"href":"https:\/\/test2.under-construction.work\/index.php\/wp-json\/"}],"wp:attachment":[{"href":"https:\/\/test2.under-construction.work\/index.php\/wp-json\/wp\/v2\/media?parent=12323"}],"curies":[{"name":"wp","href":"https:\/\/api.w.org\/{rel}","templated":true}]}}