{"id":13394,"date":"2020-01-02T14:35:04","date_gmt":"2020-01-02T13:35:04","guid":{"rendered":"https:\/\/marielisel.com\/?page_id=13394"},"modified":"2020-01-02T14:35:04","modified_gmt":"2020-01-02T13:35:04","slug":"cv-artistique","status":"publish","type":"page","link":"https:\/\/test2.under-construction.work\/index.php\/a-propos\/cv-artistique\/","title":{"rendered":"CV hypnartistique"},"content":{"rendered":"<p style=\"text-align:justify;\"><strong><u>ACCOMPAGNEMENT DE PROJETS ARTISTIQUES, COLLABORATIONS ET CREATIONS<\/u><\/strong><\/p>\n<p>2021<\/p>\n<ul>\n<li>22 janvier: par visio, pour le <a href=\"https:\/\/www.wiels.org\/fr\/events\/open-school-eden-studies-inhabiting-yours-evanescent-subjectivities-the-practice-of-enchantment?fbclid=IwAR0bmj7zhzyoq5kwZqE4J03a59RCNx35Vr7pf-0wAAMIt1FRe2r_7s7fBR4\" target=\"_blank\" rel=\"noreferrer noopener\">WIELS (Bruxelles)<\/a>: \u00ab\u00a0La derni\u00e8re table ronde d\u2019Eden Studies propose une soir\u00e9e d\u2019exploration des notions d\u2019effet de pr\u00e9sence et d\u2019exp\u00e9rience limite. Ana\u00efs Chabeur et Laure Cottin Stefanelli interrogent dans leurs pratiques les relations entre conscience et enveloppe, fiction, enchantement et projection. Leurs invit\u00e9.e.s Emmanuel Grimaud et Marie Lisel proposeront des interventions pour aller plus loin dans cette qu\u00eate des fronti\u00e8res.\u00a0\u00bb<\/li>\n<li>Printemps: ouverture de l\u2019exposition <a href=\"https:\/\/www.toulouse-tourisme.com\/exposition-magies-sorcelleries\/toulouse\/fmamid031v50ks6u\" target=\"_blank\" rel=\"noreferrer noopener\">Magies<\/a> au Museum de Toulouse: j\u2019y propose, en collaborationa avec <a href=\"http:\/\/oceanvivasilver.com\/\" target=\"_blank\" rel=\"noreferrer noopener\">Val\u00e9rie Vivancos<\/a>, un parcours hypnotique audio au coeur de l\u2019exposition.<\/li>\n<li>3 mars 2021, 18h30:<a href=\"https:\/\/www.unidivers.fr\/event\/sorcieres-contemporaines-auditorium-du-museum-de-toulouse-2021-03-03\/\"> conf\u00e9rence au Museum de Toulouse<\/a>, avec C\u00e9line du Chene: <a href=\"https:\/\/www.toulousebouge.com\/expositions\/agenda-visites-animations\/82216-sorcieres-contemporaines.html\" target=\"_blank\" rel=\"noreferrer noopener\">\u00ab\u00a0Sorci\u00e8res contemporaines<\/a>: Du mouvement spirituel Wicca en plein essor aux USA, aux pratiques activistes f\u00e9ministes, la sorci\u00e8re est devenue une figure du f\u00e9minin contemporain. La sorcellerie s\u2019entrem\u00eale avec de nouvelles spiritualit\u00e9s, luttes politiques et combat LGBTQI+. Source de fiert\u00e9 et r\u00e9appropriation de la puissance f\u00e9minine.\u00a0\u00bb<\/li>\n<li>2 avril: soir\u00e9e po\u00e9sie, \u00e0 Lille, performance avec <a href=\"https:\/\/florentine-rey.fr\" target=\"_blank\" rel=\"noreferrer noopener\">Florentine Rey<\/a> (report\u00e9, covidtime)<\/li>\n<li>24 avril: ISELP (Bruxelles), invitation de <a href=\"http:\/\/www.artsplastiques.cfwb.be\/index.php?id=16374\" target=\"_blank\" rel=\"noreferrer noopener\">Lucille Calmel<\/a>: festival international de performance trouble (report\u00e9, covidtime)<\/li>\n<li>Prochain projet radiophonique, <em>La 6\u00e8me dimension <\/em>(avec l\u2019aide de la <a href=\"http:\/\/syntone.fr\/comment-financer-une-creation-radiophonique\/\" target=\"_blank\" rel=\"noopener\">subvention Gulliver<\/a>, en partenariat avec la RTBF (Par Ou\u00ef-Dire), la RTS (Le Labo) et France Culture), 2020.<\/li>\n<li>Stage de danse co-anim\u00e9 avec <a href=\"https:\/\/www.cienue.fr\/compagnie\">Lise Casazza<\/a>, juin 2021<\/li>\n<\/ul>\n<p>2020<\/p>\n<ul>\n<li><a href=\"http:\/\/sonore-visuel.fr\/fr\/evenement\/concert-hypnotique-marie-lisel-jerome-poret?utm_source=activetrail&amp;utm_medium=email&amp;utm_campaign=Lettre+f%C3%A9vrier+2020&amp;fbclid=IwAR1TxHLSOnYAOHZFBEmT5oQCqgB2ELPUujXPMELYRK0LzR1dxw5RXUBUMQQ\" target=\"_blank\" rel=\"noopener\">Concert hypnotique<\/a><strong>: <\/strong>Marie Lisel avec Jerome Poret, dans le cadre de NEMO, <a href=\"https:\/\/www.biennalenemo.fr\/event\/debat-maneges-creepy-but-cosy-linconscient-de-la-maison\/\" target=\"_blank\" rel=\"noopener\">Biennale Internationale des arts num\u00e9riques<\/a>, 8 f\u00e9vrier 2020 (15-18h), Montreuil, au Th\u00e9\u00e2tre Berthelot<\/li>\n<li><strong>Participation \u00e0 l\u2019exposition MagieS<\/strong> au <a href=\"https:\/\/www.museum.toulouse.fr\">Museum d\u2019histoire Naturelle de Toulouse <\/a>(A partir du 18 d\u00e9cembre 2020) par l&rsquo;installation d&rsquo;un parcours hypnotique au coeur de l&rsquo;exposition. REPORTE<\/li>\n<li style=\"text-align:justify;\">Participation \u00e0 Bruxelles, automne 2020, aux <strong>rencontres autour des recherches de <\/strong><a href=\"http:\/\/www.artsplastiques.cfwb.be\/index.php?id=16374\" target=\"_blank\" rel=\"noopener\">Lucille Calmel<\/a>, sur la performance avec-pour-par des animaux et de la communication inter-esp\u00e8ces,\u00a0 \u00ab\u00a0l\u2019animal que donc je suis. Art de la performance &amp; animaux,\u00a0\u00bb recherche soutenue par le fonds national de la recherche scientifique \/ fonds de recherche en art &#8211; Belgique en collaboration avec l&rsquo;ESA Le 75 et l&rsquo;ENSAV La Cambre, 2019-2020 REPORTE<\/li>\n<li>Participation aux <strong>recherches hypnotiques sur plateau<\/strong> (La Balsamine, Bruxelles, septembre 2020), pour le projet \u00ab\u00a0The Edge\u00a0\u00bb, de <a href=\"https:\/\/www.maculture.fr\/entretiens\/meanwhile-gaetan-rusquet\/\" target=\"_blank\" rel=\"noopener\">Ga\u00e9tan Rusquet<\/a>.<\/li>\n<li><a href=\"http:\/\/www.wiels.org\/fr\/exhibitions\/1331\/Risquons-Tout\" target=\"_blank\" rel=\"noopener\"><strong>Performance participative<\/strong>, dans le cadre de Risquons tout <\/a>(Wiels, Bruxelles), 5 d\u00e9cembre 2020. REPORTE<\/li>\n<li><strong>Collaboration<\/strong> avec <a href=\"http:\/\/lageneraledimaginaire.com\/artistes\/anna-czapski\">Anna Czapski<\/a> et <a href=\"https:\/\/www.hiros.be\/fr\/artist\/diederik-peeters\">Diederik Peeters<\/a> sur un projet artistique intitul\u00e9 \u00ab\u00a0Futurologie de la Coop\u00e9ration\u00a0\u00bb (KASK, Gent)<\/li>\n<li>&#8230; \u00e0 compl\u00e9ter!<\/li>\n<\/ul>\n<p>2019<\/p>\n<ul>\n<li><strong>Participation hypnotique \u00e0 l&rsquo;exposition<\/strong> <a href=\"https:\/\/test2.under-construction.work\/2019\/09\/14\/les-hotes-exposition-de-jerome-poret-a-la-marechalerie\/\" target=\"_blank\" rel=\"noopener\"><em>Les H\u00f4tes<\/em>, de J\u00e9r\u00f4me Poret<\/a>, au centre d&rsquo;art La Mar\u00e9chalerie, Versailles (2019)<\/li>\n<li><strong>Discussion-performance<\/strong> lors du finissage de <a href=\"https:\/\/test2.under-construction.work\/2019\/09\/23\/conversation-avec-violaine-lochu-ateliers-vortex-dijon-04-10-2019\/\" target=\"_blank\" rel=\"noopener\">l&rsquo;exposition de Violaine Lochu<\/a> au Centre Vortex, de Dijon (2019)<\/li>\n<li><strong>Workshop<\/strong> \u00e0 <a href=\"https:\/\/test2.under-construction.work\/temoignages-workshops-en-ecole-superieure-dart\/\" target=\"_blank\" rel=\"noopener noreferrer\">ESBA-TALM (Tours)<\/a> (5 jours, mars 2019)<\/li>\n<li><strong>Workshop<\/strong> \u00e0 l&rsquo;<a href=\"https:\/\/test2.under-construction.work\/temoignages-workshop-en-ecole-superieure-dart-ensapc\/\" target=\"_blank\" rel=\"noopener noreferrer\">ENSAPC (Paris-Cergy)<\/a>(3 jours, janvier 2019)<\/li>\n<\/ul>\n<p style=\"text-align:justify;\">2018<\/p>\n<ul style=\"text-align:justify;\">\n<li>Avec <a href=\"http:\/\/www.oceanvivasilver.com\/\">Val\u00e9rie Vivancos<\/a>, <strong>performances participatives<\/strong> au <a href=\"https:\/\/www.fraclorraine.org\">FRAC Lorraine \u00e0 Metz<\/a>, le 26\/01\/2018: <em><a href=\"https:\/\/test2.under-construction.work\/2018\/01\/18\/reve-fantasmatique-au-frac-lorrahttps:\/\/marielisel.com\/2018\/01\/18\/reve-fantasmatique-au-frac-lorraine-le-26-01-la-voix-disait-a-peu-pres-ecarte-les-plis\/\">La voix disait \u00e0 peu pr\u00e8s: \u00e9carte les plis<\/a><\/em>.<\/li>\n<li><strong>Performances participatives \u00ab\u00a0Sorci\u00e8res\u00a0\u00bb <\/strong>au <a href=\"https:\/\/test2.under-construction.work\/2018\/05\/12\/workshop-hypnotique-aux-amandiers-nanterre-pour-le-festival-mondes-possibles-le-13-05-2018\/\">Festival Mondes Possibles<\/a>, de SPEAP aux Amandiers (le 13\/05\/2018)<\/li>\n<li><strong>Intervention conf\u00e9rence<\/strong> \u00ab\u00a0La transe hypnotique : pratiques et questions de recherche\u00a0\u00bb, lors de\u00a0l\u2019atelier \u00ab\u00a0Etats-limites de l\u2019humain\u00a0\u00bb du jeudi 18 octobre 2018, pour l\u2019IHEST, l\u2019Institut des Hautes Etudes pour la science et la technologie (Minist\u00e8re de l\u2019Enseignement Sup\u00e9rieur, de la Recherche et de l\u2019Innovation)<\/li>\n<li><strong>Cr\u00e9ation sonore<\/strong> <em><a href=\"https:\/\/test2.under-construction.work\/2018\/05\/08\/creation-radiophonique-fantasmatique\/\">Fantasmes<\/a><\/em> (52\u201941s, 2018, Halolalune Production, avec l\u2019aide du FACR)<\/li>\n<li><strong>Performance de dessin sous hypnose<\/strong> de\u00a0<a href=\"https:\/\/www.fabricecazenave.com\">Fabrice Cazenave<\/a>dans le cadre du\u00a0programme de recherche DDD \u00ab\u00a0Dessein, Dessin, Design : fabrique m\u00e9diatique de l\u2019histoire\u00a0\u00bb d\u2019Agn\u00e8s Callu (Voir <a href=\"https:\/\/test2.under-construction.work\/2018\/03\/28\/ddd1-de-la-texture-au-present-performance-de-fabrice-cazenave-dessin-sous-hypnose-19-mars-2018\/\">l\u2019article<\/a> sur la performance priv\u00e9e du 19 mars 2018 et le film sur le site de <a href=\"https:\/\/www.fabricecazenave.com\">Fabrice\u00a0<\/a>)<\/li>\n<li><strong>Seance de pr\u00e9paration \u00e0 l\u2019\u00e9criture<\/strong> pour une production 2019 du <a href=\"http:\/\/www.theatredelademesure.fr\/\">Th\u00e9\u00e2tre de la mesure<\/a>(s\u00e9ance pr\u00e9paratoire \u00e0 \u00ab\u00a0Je suis une poule\u00a0\u00bb, dans \u00ab\u00a0<a href=\"http:\/\/lesplateauxsauvages.fr\/benjamin-abitan\/\">Animalogies<\/a>: Les animaux sont partout\u00a0\u00bb, mise en sc\u00e8ne de Benjamin Abitan, expliqu\u00e9 <a href=\"https:\/\/www.franceculture.fr\/emissions\/les-carnets-de-la-creation\/le-theatre-demesure-de-benjamin-abitan\">ici<\/a> sur France Culture).<\/li>\n<\/ul>\n<p>2017<\/p>\n<ul>\n<li><strong>Recherche hypnotique sur plateau<\/strong> (2 jours) dans le projet <em><a href=\"http:\/\/www.kfda.be\/fr\/programme\/boundary-games\">Boundary Games<\/a><\/em> de <a href=\"http:\/\/vaisseau-leadrouet.com\/project\/about\/\">L\u00e9a Drouet <\/a>(2018, Th\u00e9\u00e2tre Les Tanneurs dans le cadre du Kunstenfestivaldesarts)<\/li>\n<li><strong>Recherche hypnotique sur plateau<\/strong> pour les d\u00e9buts d\u2019une cr\u00e9ation de <a href=\"http:\/\/nouveauxballets.fr\/le%20junior%20ballet\/marion%20sage.html\">Marion Sage<\/a> (<a href=\"http:\/\/www.levivat.net\/les-residences\/marion-sage\">Le Vivat, Armenti\u00e8re<\/a>)<\/li>\n<li><strong>Cr\u00e9ation sonore<\/strong> <em><a href=\"https:\/\/test2.under-construction.work\/2017\/07\/24\/agogies\/\">Agogies<\/a> <\/em>(16\u201950s, 2017, co-autrice avec Daniel Martin-Borret, autoproduction, mention au Prix Phonurgia 2017)<\/li>\n<li><strong>Autrice d\u2019un texte\u00a0dans un catalogue d\u2019artiste<\/strong>, <em>Frictions et cri de soie<\/em> (2017), de <a href=\"http:\/\/jvilhena.free.fr\/jvilhena\/perspectives.html\">Jo\u00e3o Vilhena,<\/a><\/li>\n<\/ul>\n<p>2016-2013<\/p>\n<ul>\n<li><strong>Invit\u00e9e dans l\u2019exposition<\/strong> <em><a href=\"https:\/\/www.centrepompidou.fr\/cpv\/ressource.action?param.id=FR_R-ac1246dba7c6111a14574efad8eb514&amp;param.idSource=FR_E-4dea875d99761fc463e3633f85a9639\">Goudron Pressage Sillon Tympan<\/a> <\/em>(immersion sonore et visuelle, exposition personnelle, Centre Georges Pompidou, Paris 2016), par <a href=\"https:\/\/www.blanquet.com\/\">St\u00e9phane Blanquet<\/a>, qui a grav\u00e9 l\u2019une de mes miniatures \u00e9lectroacoustiques sur un vinyle \u00e0 mixer.<\/li>\n<li><strong>Cr\u00e9ation sonore<\/strong><em> <a href=\"https:\/\/test2.under-construction.work\/2015\/12\/03\/creation-radio-hypnotique\/\">bOa<\/a><\/em> (44\u201933s, 2016, production ACSR, avec l\u2019aide du Fonds d\u2019aide \u00e0 la cr\u00e9ation radio de la communaut\u00e9-fran\u00e7aise-wallonie-Bruxelles -&gt; FACR)<\/li>\n<li><strong>Performeuse<\/strong>, pour <em><a href=\"https:\/\/www.franceculture.fr\/emissions\/creation-air\/acoustique-de-lerotisme\" target=\"_blank\" rel=\"noopener\">Acoustique de l\u2019\u00e9rotisme<\/a><\/em>, cr\u00e9ation de <a href=\"http:\/\/franckthoraval.fr\/\">Franck Thoraval <\/a>(en \u00e9coute sur le site de <a href=\"http:\/\/www.franceculture.fr\/emission-creation-on-air-acoustique-de-l-erotisme-2015-11-25\">France Culture<\/a>), 2015<\/li>\n<li><strong>Cr\u00e9ation sonore<\/strong> <em><a href=\"https:\/\/test2.under-construction.work\/2015\/12\/03\/recadrage-par-creation-radiophonique\/\">Merci Madame, <\/a><\/em>27\u201917s, 2013, ACSR<\/li>\n<li><a href=\"http:\/\/marielisel.bandcamp.com\" target=\"_blank\" rel=\"noopener\">Diverses miniatures<\/a> \u00e9lectroacoustiques et radiophoniques<\/li>\n<li><strong>Diff\u00e9rents accompagnements individuels<\/strong> pour des projets artistiques sous le statut de s\u00e9ance individuelle confidentielle, je ne donne pas de nom).<\/li>\n<\/ul>\n\n<p style=\"text-align:justify;\"><strong><u>EN QUELQUES MOTS<\/u><\/strong><\/p>\n<ul style=\"text-align:justify;\">\n<li>Maitre praticienne en hypnose \u00e9ricksonienne, \u00e9galement certifi\u00e9e en RITMO, hypnose conversationnelle, psychopathologie, \u00e0 l&rsquo;Arche et en formation continue dans diff\u00e9rents domaines<\/li>\n<li>Pratique en individuel et en groupe, en cabinet, dans la nature, sur plateau de th\u00e9\u00e2tre&#8230;<\/li>\n<li>Fondatrice de la m\u00e9thode REAH (\u00ab\u00a0r\u00eave \u00e9veill\u00e9 augment\u00e9 par l&rsquo;hypnose\u00a0\u00bb, que j&rsquo;enseigne \u00e0 mes coll\u00e8gues)<\/li>\n<li>Artiste en son et en performance<\/li>\n<li>Exploratrice &#8211; du corps, des transes, de la voix, des magies &#8211;<\/li>\n<\/ul>\n<p style=\"text-align:justify;\"><strong><u>EN QUELQUES LIENS<\/u><\/strong><\/p>\n<ul>\n<li style=\"list-style-type:none;\">\n<ul>\n<li style=\"text-align:justify;\">CV hypnartistique<\/li>\n<li style=\"text-align:justify;\"><a href=\"https:\/\/test2.under-construction.work\/a-propos\/\" target=\"_blank\" rel=\"noopener\">Qui je suis<\/a><\/li>\n<li style=\"text-align:justify;\"><a href=\"https:\/\/test2.under-construction.work\/marie-lisel\/\" target=\"_blank\" rel=\"noopener\">Parcours<\/a><\/li>\n<li style=\"text-align:justify;\"><a href=\"https:\/\/test2.under-construction.work\/a-propos\/mes-creations-et-co-creations\/\" target=\"_blank\" rel=\"noopener\">Mes cr\u00e9ations artistiques<\/a><\/li>\n<li style=\"text-align:justify;\"><a href=\"https:\/\/www.facebook.com\/MarieLiselAcousmateHypnotiste\/\" target=\"_blank\" rel=\"noopener\">Ma page FB<\/a><\/li>\n<li style=\"text-align:justify;\">Mes sons sur <a href=\"http:\/\/marielisel.bandcamp.com\" target=\"_blank\" rel=\"noopener\">Bandcamp<\/a><\/li>\n<li style=\"text-align:justify;\">Quelques noms : <a href=\"https:\/\/test2.under-construction.work\/accompagnement-pour-la-creation\/lhypnose-et-la-creation-artistique\/\" target=\"_blank\" rel=\"noopener noreferrer\">\u00ab hypnose et cr\u00e9ation artistique contemporaine \u00bb<\/a><\/li>\n<li style=\"text-align:justify;\"><a href=\"https:\/\/test2.under-construction.work\/accompagnement-pour-la-creation\/\" target=\"_blank\" rel=\"noopener\">Accompagnement pour la cr\u00e9ation<\/a><\/li>\n<li style=\"text-align:justify;\"><a href=\"https:\/\/test2.under-construction.work\/accompagnement-pour-la-creation\/workshop-en-ecole-dart\/\" target=\"_blank\" rel=\"noopener\">Workshop en \u00e9cole sup\u00e9rieure d\u2019art<\/a><\/li>\n<\/ul>\n<\/li>\n<\/ul>\n","protected":false},"excerpt":{"rendered":"<p>ACCOMPAGNEMENT DE PROJETS ARTISTIQUES, COLLABORATIONS ET CREATIONS 2021 22 janvier: par visio, pour le WIELS (Bruxelles): \u00ab\u00a0La derni\u00e8re table ronde d\u2019Eden Studies propose une soir\u00e9e d\u2019exploration des notions d\u2019effet de pr\u00e9sence et d\u2019exp\u00e9rience limite. Ana\u00efs Chabeur et Laure Cottin Stefanelli interrogent dans leurs pratiques les relations entre conscience et enveloppe, fiction, enchantement et projection. Leurs [&hellip;]<\/p>\n","protected":false},"author":2,"featured_media":8992,"parent":16102,"menu_order":0,"comment_status":"closed","ping_status":"closed","template":"","meta":{"footnotes":""},"class_list":["post-13394","page","type-page","status-publish","has-post-thumbnail","hentry"],"_links":{"self":[{"href":"https:\/\/test2.under-construction.work\/index.php\/wp-json\/wp\/v2\/pages\/13394","targetHints":{"allow":["GET"]}}],"collection":[{"href":"https:\/\/test2.under-construction.work\/index.php\/wp-json\/wp\/v2\/pages"}],"about":[{"href":"https:\/\/test2.under-construction.work\/index.php\/wp-json\/wp\/v2\/types\/page"}],"author":[{"embeddable":true,"href":"https:\/\/test2.under-construction.work\/index.php\/wp-json\/wp\/v2\/users\/2"}],"replies":[{"embeddable":true,"href":"https:\/\/test2.under-construction.work\/index.php\/wp-json\/wp\/v2\/comments?post=13394"}],"version-history":[{"count":0,"href":"https:\/\/test2.under-construction.work\/index.php\/wp-json\/wp\/v2\/pages\/13394\/revisions"}],"up":[{"embeddable":true,"href":"https:\/\/test2.under-construction.work\/index.php\/wp-json\/wp\/v2\/pages\/16102"}],"wp:featuredmedia":[{"embeddable":true,"href":"https:\/\/test2.under-construction.work\/index.php\/wp-json\/"}],"wp:attachment":[{"href":"https:\/\/test2.under-construction.work\/index.php\/wp-json\/wp\/v2\/media?parent=13394"}],"curies":[{"name":"wp","href":"https:\/\/api.w.org\/{rel}","templated":true}]}}