{"id":13591,"date":"2020-02-10T16:35:29","date_gmt":"2020-02-10T15:35:29","guid":{"rendered":"https:\/\/marielisel.com\/?page_id=13591"},"modified":"2020-02-10T16:35:29","modified_gmt":"2020-02-10T15:35:29","slug":"participation-a-lexposition-les-hotes-de-jerome-poret-a-la-marechalerie-septembre-decembre-2019","status":"publish","type":"page","link":"https:\/\/test2.under-construction.work\/index.php\/participation-a-lexposition-les-hotes-de-jerome-poret-a-la-marechalerie-septembre-decembre-2019\/","title":{"rendered":"Participation \u00e0 l&rsquo;exposition \u00ab\u00a0Les H\u00f4tes\u00a0\u00bb, de Jer\u00f4me Poret \u00e0 la Mar\u00e9chalerie, septembre-d\u00e9cembre 2019"},"content":{"rendered":"<p style=\"text-align:justify;\">Le 19 septembre, l\u2019exposition \u00ab\u00a0Les H\u00f4tes\u00a0\u00bb, de J\u00e9rome Poret, \u00e0 la Mar\u00e9chalerie de Versailles, \u00e0 laquelle je participe en tant qu\u2019artiste hypnotiste, ouvre son premier \u00e9v\u00e9nement (Evenement <a href=\"https:\/\/www.facebook.com\/events\/402934636892501\/\" target=\"_blank\" rel=\"noopener\">Facebook<\/a>, de septembre \u00e0 d\u00e9cembre 2019).<\/p>\n<p style=\"text-align:justify;\">Pour en savoir plus, voici l&rsquo;<a href=\"https:\/\/blogs.mediapart.fr\/guillaume-lasserre\/blog\/061219\/jerome-poret-linvitation-aux-fantomes?fbclid=IwAR0uck1yD4NQrRmUicrrGyCpazUCZUBmHwb0-DQkU2pr5cN3TaJjHjZbxSY\" target=\"_blank\" rel=\"noopener\">article de Mediapart.<\/a><\/p>\n<p style=\"text-align:justify;\">Les voix des \u00e9tudiant.e.s que j&rsquo;ai emmen\u00e9.e.s, en r\u00eave \u00e9veill\u00e9 augment\u00e9 par l&rsquo;hypnose, visiter leur maison onirique, ont \u00e9t\u00e9 grav\u00e9es sur disque, lus par un magique Gramophone Path\u00e9.<\/p>\n<p style=\"text-align:justify;\">Nous proposons aussi une performance concert hypnotique le 15 d\u00e9cembre.<\/p>\n<p style=\"text-align:justify;\">Il y a des navettes de Paris \u00e0 Versailles pour les occasions! Tout est sur le site de <a href=\"http:\/\/lamarechalerie.versailles.archi.fr\/\" target=\"_blank\" rel=\"noopener\">La Mar\u00e9chalerie \u2013 centre d\u2019art contemporain \/ ENSA V\u2028<\/a><\/p>\n<p class=\"associated-place-name-and-links cell\" style=\"text-align:justify;\"><em>Du 20 septembre au 15 d\u00e9cembre, La Mar\u00e9chalerie invite J\u00e9r\u00f4me Poret \u00e0 produire une exposition et \u00e0 s\u2019associer \u00e0 l\u2019organisation du cycle de d\u00e9bats annuel Man\u00e8ges.<\/em><\/p>\n<p id=\"post-content\" style=\"text-align:justify;\"><em>En 1884, convaincue qu\u2019une mal\u00e9diction s\u2019abat sur sa famille en raison de l\u2019invention par son beau p\u00e8re de la premi\u00e8re carabine \u00e0 r\u00e9p\u00e9tition, la veuve Winchester d\u00e9bute la construction d\u2019une maison qui ne s\u2019ach\u00e8vera que 38 ans plus tard. Chaque nuit, elle communique alors avec les esprits des victimes pr\u00e9sum\u00e9es de la carabine, qui lui fournissent les plans d\u2019une maison en chantier permanent, comprenant \u00e0 la mort de sa propri\u00e9taire en 1922 pr\u00e8s de 160 pi\u00e8ces.<\/em><\/p>\n<p style=\"text-align:justify;\"><em>S\u2019inspirant de cette histoire, J\u00e9r\u00f4me Poret produit pour l\u2019exposition un ensemble d\u2019\u0153uvres con\u00e7ues dans un rapport \u00e0 l\u2019intersection de l\u2019architecture et du spiritisme.<\/em><\/p>\n<p style=\"text-align:justify;\"><em>N\u00e9 en 1969, il vit et travaille \u00e0 Paris.<\/em><\/p>\n<div style=\"text-align:justify;\"><\/div>\n<div style=\"text-align:justify;\"><strong>\u00c9v\u00e8nements:<\/strong><\/div>\n<ul style=\"text-align:justify;\">\n<li>Samedi 21 et dimanche 22 septembre de 14h \u00e0 19h, Journ\u00e9es Europ\u00e9ennes du Patrimoine \u2013 ouverture de l\u2019exposition + Ateliers parents enfants.<\/li>\n<li>Samedi 5 octobre de 14h \u00e0 1h, Nuit blanche \u2013 Nuit de la cr\u00e9ation (Ville de Versailles).<\/li>\n<li>Les 5 octobre, 2 novembre et 7 d\u00e9cembre de 14h30 \u00e0 16h, visites-ateliers du samedi \u00e0 l\u2019attention des 6 \u2013 12 ans.<\/li>\n<li>Samedi 14 d\u00e9cembre \u00e0 partir de 15h, <a href=\"https:\/\/www.biennalenemo.fr\/event\/debat-maneges-creepy-but-cosy-linconscient-de-la-maison\/\" target=\"_blank\" rel=\"noopener\">finissage et concert<\/a> avec la participation du public et de Marie Lisel, Hypnotiste, dans le cadre de NEMO, Biennale Internationale des arts num\u00e9riques.<\/li>\n<\/ul>\n<div style=\"text-align:justify;\"><\/div>\n<p style=\"text-align:justify;\"><img decoding=\"async\" class=\"alignnone size-full wp-image-12696\" src=\"https:\/\/test2.under-construction.work\/wp-content\/uploads\/2019\/08\/capture-de28099ecc81cran-2019-08-22-acc80-12.48.49.png?w=616\" alt=\"Capture d\u2019e\u0301cran 2019-08-22 a\u0300 12.48.49.png\" \/><\/p>\n<p style=\"text-align:justify;\">La suite bient\u00f4t\u2026<\/p>\n","protected":false},"excerpt":{"rendered":"<p>Le 19 septembre, l\u2019exposition \u00ab\u00a0Les H\u00f4tes\u00a0\u00bb, de J\u00e9rome Poret, \u00e0 la Mar\u00e9chalerie de Versailles, \u00e0 laquelle je participe en tant qu\u2019artiste hypnotiste, ouvre son premier \u00e9v\u00e9nement (Evenement Facebook, de septembre \u00e0 d\u00e9cembre 2019). Pour en savoir plus, voici l&rsquo;article de Mediapart. Les voix des \u00e9tudiant.e.s que j&rsquo;ai emmen\u00e9.e.s, en r\u00eave \u00e9veill\u00e9 augment\u00e9 par l&rsquo;hypnose, visiter [&hellip;]<\/p>\n","protected":false},"author":2,"featured_media":12863,"parent":0,"menu_order":0,"comment_status":"closed","ping_status":"closed","template":"","meta":{"footnotes":""},"class_list":["post-13591","page","type-page","status-publish","has-post-thumbnail","hentry"],"_links":{"self":[{"href":"https:\/\/test2.under-construction.work\/index.php\/wp-json\/wp\/v2\/pages\/13591","targetHints":{"allow":["GET"]}}],"collection":[{"href":"https:\/\/test2.under-construction.work\/index.php\/wp-json\/wp\/v2\/pages"}],"about":[{"href":"https:\/\/test2.under-construction.work\/index.php\/wp-json\/wp\/v2\/types\/page"}],"author":[{"embeddable":true,"href":"https:\/\/test2.under-construction.work\/index.php\/wp-json\/wp\/v2\/users\/2"}],"replies":[{"embeddable":true,"href":"https:\/\/test2.under-construction.work\/index.php\/wp-json\/wp\/v2\/comments?post=13591"}],"version-history":[{"count":0,"href":"https:\/\/test2.under-construction.work\/index.php\/wp-json\/wp\/v2\/pages\/13591\/revisions"}],"wp:featuredmedia":[{"embeddable":true,"href":"https:\/\/test2.under-construction.work\/index.php\/wp-json\/"}],"wp:attachment":[{"href":"https:\/\/test2.under-construction.work\/index.php\/wp-json\/wp\/v2\/media?parent=13591"}],"curies":[{"name":"wp","href":"https:\/\/api.w.org\/{rel}","templated":true}]}}