{"id":2800,"date":"2016-12-23T18:28:49","date_gmt":"2016-12-23T17:28:49","guid":{"rendered":"https:\/\/marielisel.com\/?page_id=2800"},"modified":"2016-12-23T18:28:49","modified_gmt":"2016-12-23T17:28:49","slug":"atelier-dexploration-fluidite-des-genres","status":"publish","type":"page","link":"https:\/\/test2.under-construction.work\/index.php\/ateliers-workshops\/atelier-dexploration-fluidite-des-genres\/","title":{"rendered":"Atelier d&rsquo;exploration: Fluidit\u00e9 des genres"},"content":{"rendered":"<blockquote><p><strong>Cet atelier de 2h \u00e0 une journ\u00e9e (modulable dans sa longueur et son contenu selon le contexte) invite les participants \u00e0 explorer (la fluidit\u00e9 de) leurs genres et les liens de ce(s) dernier(s) avec les environnements, les comportements, les capacit\u00e9s, les croyances, les valeurs, les facettes int\u00e9rieures&#8230;\u00a0 Il invite \u00e9galement \u00e0 distinguer des dividus en soi, \u00e0 entamer un d\u00e9but de conversation avec iel. Par exemple: Comment concilier les attentes a priori paradoxales de dividus? Qui a quelle voix? De quoi iel a-t-iel besoin pour s&rsquo;affirmer quand je fais appel \u00e0 cette voix? Comment expliquer \u00e0 sa poitrine qu&rsquo;elle va bient\u00f4t \u00eatre op\u00e9r\u00e9e et lui demander d&rsquo;entrer dans la coh\u00e9rence de la transformation en devenant un torse? Quelles peurs de quelle partie de moi freine une autre partie que je d\u00e9sire lib\u00e9rer?<br \/>\n<\/strong><\/p>\n<p><strong>Je le pr\u00e9sente avec <a href=\"http:\/\/nathalie-mondot.com\/\">Nathalie Mondot ou<\/a> <a href=\"http:\/\/kaygarnellen.tumblr.com\/\">Kay Garnellen<\/a><br \/>\n<\/strong><\/p>\n<p><strong>Il s&rsquo;adresse aux personnes qui se posent des questions sur la fluidit\u00e9 des genres, sur leur(s) genres, sur la transition&#8230;<br \/>\n<\/strong><\/p>\n<p><strong>En s\u00e9ance individuelle ou en groupes de 2 \u00e0 30 personnes.<\/strong><\/p>\n<p><strong>Il se fait dans une salle tranquille, sans chaises (plut\u00f4t au sol)<br \/>\n<\/strong><\/p><\/blockquote>\n<p>QUELS LIENS ENTRE L\u2019HYPNOSE ET LES ETUDES SUR LES GENRE?<\/p>\n<p>Lorsque l\u2019on parle de repr\u00e9sentation, de croyance, de capacit\u00e9, de comportement, de construction d\u2019identit\u00e9, alors l\u2019hypnose a ses raisons d\u2019intervenir, par le recadrage, l\u2019exploration par le r\u00eave \u00e9veill\u00e9, l\u2019anticipation d\u2019un changement, la transformation d\u2019habitudes devenues obsol\u00e8tes et g\u00eanantes, l&rsquo;ouverture du champ des possibles\u2026<\/p>\n<p><strong>Selon les intentions (exploration-d\u00e9couverte, accompagnement de transition, jeu sur le r\u00eave \u00e9veill\u00e9&#8230;) et selon les groupes (personnes binaires qui d\u00e9couvrent la fluidit\u00e9, personnes en transition, festival queer&#8230;), \u00a0les ateliers sur le genre prennent des tournures diff\u00e9rentes. En voici quelques exemples.<\/strong><\/p>\n<p>RENCONTRER SES GENRES<\/p>\n<p>Au point de vue de l\u2019<strong>exploration<\/strong>, l&rsquo;hypnose permet de d\u00e9couvrir<strong>\u00a0ses sous-personnalit\u00e9s ou ses repr\u00e9sentations symboliques,<\/strong>\u00a0<strong>sans les coincer dans des clich\u00e9s.<\/strong>\u00a0S&rsquo;apprivoiser de fa\u00e7on plurielle et\/ou fluide,\u00a0sans a priori, ouvre la libert\u00e9. Par exemple, certaines de mes sous-personnalit\u00e9s sont clairement genr\u00e9es et d&rsquo;autres sont plut\u00f4t neutres, d&rsquo;autres encore sont totalement fluides&#8230; et quand l&rsquo;une d&rsquo;entre iels prend la place, je me retrouve r\u00e9ellement avec une \u00e9nergie et des r\u00e9actions diff\u00e9rentes (surtout en mati\u00e8re de sexualit\u00e9, mais pas que!).<\/p>\n<p>Au point de vue de l\u2019<strong>exploration<\/strong>\u00a0encore,\u00a0<strong>comprendre, en le vivant de l\u2019int\u00e9rieur, ce que signifie incarner un autre genre social<\/strong>\u00a0<strong>peut \u00eatre \u00e9clairant et transformateur, pour son rapport \u00e0 soi ou pour son rapport \u00e0 l\u2019autre.<\/strong>\u00a0Je pense ici, notamment, \u00e0 une exp\u00e9rience en hypnose (j\u2019\u00e9tais sujet de s\u00e9ance) o\u00f9 j\u2019ai incarn\u00e9 de fa\u00e7on extr\u00eamement binaire un militaire homme sis genre tr\u00e8s viril, fig\u00e9 dans une inspection des troupes (je n\u2019ai pas choisi ce clich\u00e9 loin de mes aspirations, c\u2019est\u00a0<em>Mon autre<\/em>\u00a0qui m\u2019a envoy\u00e9e l\u00e0!). Je pense aussi \u00e0 quelques personnes plut\u00f4t binaires que j&rsquo;accompagne en s\u00e9ance et qui rencontrent, sans suggestion de ma part, quelqu&rsquo;un qui leur ressemble&#8230; iels mettent souvent un temps certain avant que la pi\u00e8ce tombe: \u00ab\u00a0h\u00e9, waw! mais c&rsquo;est moi mec\/nana!\u00a0\u00bb.<\/p>\n<p>VIVRE UNE COMPREHENSION PROFONDE<\/p>\n<p>En sortant de l&rsquo;atelier <a href=\"http:\/\/www.erosticratie.fr\/de-lautre-cote\">De l&rsquo;autre c\u00f4t\u00e9<\/a>, de <a href=\"http:\/\/kaygarnellen.tumblr.com\/\">Kay Garnellen<\/a> (artiste et activiste trans qui questionne les th\u00e8mes du genre et de la sexualit\u00e9), en 2015, j&rsquo;ai eu l\u2019id\u00e9e d\u2019une version hypnotique de ce genre de mise en situation. J&rsquo;ai beaucoup appris par ses jeux de r\u00f4les, dans lesquels je me suis gliss\u00e9e dans le ressenti d&rsquo;une personne trans, dans un contexte social pr\u00e9cis (en rue, aux toilettes publiques, dans un bar, en attendant le bus, en soir\u00e9e LGBT&#8230;) .<\/p>\n<p>ET SIMPLEMENT LAISSER REVER<\/p>\n<p>Lors de mes enregistrements de <a href=\"https:\/\/test2.under-construction.work\/2016\/03\/06\/des-reves-eveilles-fantasmatiques\/\">R\u00eaves \u00e9veill\u00e9s fantasmatiques<\/a>, j&rsquo;ai \u00e9t\u00e9 fort \u00e9tonn\u00e9e de constater \u00e0 quel point les attributs f\u00e9minins et masculins se m\u00e9langeaient spontan\u00e9ment de fa\u00e7on fluide, chez pas mal de gens, en fait.<\/p>\n<p>Sans parler n\u00e9cessairement de sexualit\u00e9, il est int\u00e9ressant de <strong>laisser le r\u00eave avancer tout seul dans les balises de l&rsquo;\u00e9panouissement, du confort et de la d\u00e9couverte<\/strong> \ud83d\ude42<\/p>\n<p>ACCOMPAGNER UN GROUPE EN TRANSITION<\/p>\n<p>Au point de vue de\u00a0<strong>l\u2019anticipation et de l&rsquo;accompagnement d&rsquo;une transformation<\/strong>, l\u2019hypnose est un outil magnifique: la\u00a0<strong>transition M to F ou F to M, par exemple<\/strong>, gagne \u00e0 \u00eatre explor\u00e9e et anticip\u00e9e par l\u2019hypnose, de fa\u00e7on \u00e0 faciliter les connexions entre les identit\u00e9s, \u00e0 r\u00e9soudre d\u2019\u00e9ventuels conflits int\u00e9rieurs et \u00e0 vivre le passage en toute tranquillit\u00e9.<\/p>\n<p>Il suffit d\u2019oser\u00a0<span class=\"wp-smiley wp-emoji wp-emoji-smile\" title=\":)\"><img decoding=\"async\" class=\"emoji\" src=\"https:\/\/s0.wp.com\/wp-content\/mu-plugins\/wpcom-smileys\/twemoji\/2\/svg\/1f642.svg\" alt=\"\ud83d\ude42\" \/><\/span><\/p>\n<p><b>\u00a9<\/b><b><\/b>\u00a0Marie Lisel<\/p>\n<blockquote><p>A CONSULTER: l&rsquo;introductions aux ateliers queer et les sources sont disponibles dans la page \u00ab\u00a0<a href=\"https:\/\/test2.under-construction.work\/ateliers-et-stages\/exploration-queer\/\" target=\"_blank\" rel=\"noopener\">Ateliers d&rsquo;exploration queer<\/a>\u00ab\u00a0.<\/p><\/blockquote>\n","protected":false},"excerpt":{"rendered":"<p>Cet atelier de 2h \u00e0 une journ\u00e9e (modulable dans sa longueur et son contenu selon le contexte) invite les participants \u00e0 explorer (la fluidit\u00e9 de) leurs genres et les liens de ce(s) dernier(s) avec les environnements, les comportements, les capacit\u00e9s, les croyances, les valeurs, les facettes int\u00e9rieures&#8230;\u00a0 Il invite \u00e9galement \u00e0 distinguer des dividus en [&hellip;]<\/p>\n","protected":false},"author":2,"featured_media":748,"parent":2561,"menu_order":0,"comment_status":"closed","ping_status":"closed","template":"","meta":{"footnotes":""},"class_list":["post-2800","page","type-page","status-publish","has-post-thumbnail","hentry"],"_links":{"self":[{"href":"https:\/\/test2.under-construction.work\/index.php\/wp-json\/wp\/v2\/pages\/2800","targetHints":{"allow":["GET"]}}],"collection":[{"href":"https:\/\/test2.under-construction.work\/index.php\/wp-json\/wp\/v2\/pages"}],"about":[{"href":"https:\/\/test2.under-construction.work\/index.php\/wp-json\/wp\/v2\/types\/page"}],"author":[{"embeddable":true,"href":"https:\/\/test2.under-construction.work\/index.php\/wp-json\/wp\/v2\/users\/2"}],"replies":[{"embeddable":true,"href":"https:\/\/test2.under-construction.work\/index.php\/wp-json\/wp\/v2\/comments?post=2800"}],"version-history":[{"count":0,"href":"https:\/\/test2.under-construction.work\/index.php\/wp-json\/wp\/v2\/pages\/2800\/revisions"}],"up":[{"embeddable":true,"href":"https:\/\/test2.under-construction.work\/index.php\/wp-json\/wp\/v2\/pages\/2561"}],"wp:featuredmedia":[{"embeddable":true,"href":"https:\/\/test2.under-construction.work\/index.php\/wp-json\/"}],"wp:attachment":[{"href":"https:\/\/test2.under-construction.work\/index.php\/wp-json\/wp\/v2\/media?parent=2800"}],"curies":[{"name":"wp","href":"https:\/\/api.w.org\/{rel}","templated":true}]}}