{"id":2981,"date":"2017-01-04T18:24:09","date_gmt":"2017-01-04T17:24:09","guid":{"rendered":"https:\/\/marielisel.com\/pour-creer-son-monde\/"},"modified":"2017-01-04T18:24:09","modified_gmt":"2017-01-04T17:24:09","slug":"pour-creer-son-monde","status":"publish","type":"page","link":"https:\/\/test2.under-construction.work\/index.php\/pour-creer-son-monde\/","title":{"rendered":"L&rsquo;hypnose pour cr\u00e9er son monde"},"content":{"rendered":"<p><img loading=\"lazy\" decoding=\"async\" class=\"alignnone size-full wp-image-3075\" src=\"https:\/\/test2.under-construction.work\/wp-content\/uploads\/2016\/03\/capture-d_ecc81cran-2017-01-06-acc80-11-44-05.png\" alt=\"capture-decran-2017-01-06-a-11-44-05\" width=\"1153\" height=\"148\" \/><\/p>\n<p><strong>Cr\u00e9er son monde<\/strong>: parcourir, explorer, plonger, planer, d\u00e9couvrir, \u00e9tendre ses connaissances sensorielles, tester, examiner, prospecter, \u00e9tudier par les sens, jouer, exp\u00e9rimenter, modeler, moduler, inventer, augmenter, expanser\u2026<\/p>\n<p><img loading=\"lazy\" decoding=\"async\" class=\"alignnone size-full wp-image-3087\" src=\"https:\/\/test2.under-construction.work\/wp-content\/uploads\/2017\/01\/15823053_566862913523958_3064364737314137417_n.jpg\" alt=\"15823053_566862913523958_3064364737314137417_n\" width=\"915\" height=\"915\" \/><\/p>\n<p>Victoria Siemer \u2013 Geometric Reflections<\/p>\n<p><strong>Quelques extraits d&rsquo;articles ci-dessous vous permettront de vous faire une id\u00e9e de l&rsquo;incroyable cr\u00e9ation de votre conception du monde, des mondes, de votre monde&#8230; par l&rsquo;hypnose.<\/strong><\/p>\n<p>&nbsp;<\/p>\n<p>IMAGINAL<\/p>\n<p>Depuis le d\u00e9but de l\u2019humanit\u00e9, des humains se mettent en condition de diverses mani\u00e8re impliquant la transe, pour recevoir\u00a0des pr\u00e9sages, pour se mettre en lien avec la nature, pour deviner le bon choix\u2026 en orientant l\u2019attention vers le ressenti int\u00e9rieur, en suspendant les facult\u00e9s volontaires.<\/p>\n<p>Ainsi, en focalisant sur les sensations, l\u2019humain peut obtenir un grossissement de ce qui le parcourt en \u00e9tat de veille ordinaire sans \u00eatre d\u00e9tect\u00e9.<\/p>\n<p>Pour permettre l\u2019apparition de ce monde int\u00e9rieur, la \u00ab\u00a0conscience\u00a0\u00bb (attention port\u00e9e \u00e0 des \u00e9l\u00e9ments habituels, volont\u00e9\u2026) est limit\u00e9e. Personnellement, je ne travaille pas en \u00ab\u00a0perte de conscience\u00a0\u00bb car je pr\u00e9f\u00e8re les s\u00e9ances o\u00f9 une partie de la personne a conscience d\u2019\u00eatre en s\u00e9ance, observe ce qui se passe sans juger, accueille les informations d\u00e9livr\u00e9es, pose ses choix, reste vigilante, me parle\u2026 c\u00f4toie une autre partie qui explore son pays int\u00e9rieur, comme dans un r\u00eave. Ce double \u00e9tat ressemble d\u2019ailleurs \u00e0 celui du r\u00eaveur lucide.<\/p>\n<p>Dans ce monde, que nous nommons en hypnologie \u00ab\u00a0imaginal\u00a0\u00bb, des images multisensorielles (ce que j\u2019entends, vois, ressens, sens, go\u00fbte, etc) se d\u00e9ploient, engendrant des \u00e9motions et des compr\u00e9hensions profondes (diff\u00e9rentes des compr\u00e9hensions intellectuelles). L\u2019approche se fait donc par la pr\u00e9sence au corps. Au pr\u00e9sent.<\/p>\n<p><a href=\"https:\/\/test2.under-construction.work\/2017\/01\/04\/explorer-limaginal-grace-au-pouvoir-animal\/\">lire la suite<\/a><\/p>\n<p>&nbsp;<\/p>\n<p><a href=\"https:\/\/test2.under-construction.work\/2016\/03\/06\/des-reves-eveilles-fantasmatiques\/\">FANTASMES<\/a><\/p>\n<p>Les fantasmes sont relatif au d\u00e9sir, au plaisir, \u00e0 l\u2019\u00e9motion et surtout \u00e0 l\u2019imaginaire. Comme dans le dessin de Mirka Lugosi qui illustre cet article, dans un r\u00eave, tout est possible car aucune limite de \u00ab\u00a0faisabilit\u00e9\u00a0\u00bb (ni dans le r\u00e9el, ni dans une r\u00e9alisation cin\u00e9matographique) n\u2019entrave le r\u00e9cit. Les personnages peuvent n\u2019\u00eatre qu\u2019\u00e9nergie sans corps, se transformer, vivre l\u2019ubiquit\u00e9, \u00eatre purs concepts ou habitants d\u2019un lieu qui n\u2019existe que dans une t\u00eate. La communication peut passer par d\u2019innombrables canaux\u2026 Tout est \u00e0 inventer! Apr\u00e8s, il ne reste plus qu\u2019\u00e0 traduire le voyage en mots, avec autant d\u2019h\u00e9sitation, de po\u00e9sie, de trouble, voire d\u2019incoh\u00e9rence qu\u2019il sera n\u00e9cessaire.<\/p>\n<p>&nbsp;<\/p>\n<p>ETUDES SUR LES GENRES<\/p>\n<p>Lorsque l\u2019on parle de repr\u00e9sentation, de croyance, de capacit\u00e9, de comportement, de construction d\u2019identit\u00e9, alors l\u2019hypnose a ses raisons d\u2019intervenir, par le recadrage, l\u2019exploration par le r\u00eave \u00e9veill\u00e9, le changement comme solution, l\u2019anticipation d\u2019un changement, la transformation d\u2019habitudes devenues obsol\u00e8tes et g\u00eanantes\u2026<\/p>\n<p>Au point de vue de l\u2019exploration, d\u00e9couvrir ses sous-personnalit\u00e9s ou ses repr\u00e9sentations symboliques (r\u00e9gression apr\u00e8s naissance ou dans les vies ant\u00e9rieures, progression, symbolique corporelle, comportement animal\u2026) sans les coincer dans des clich\u00e9s et attentes \u00e9troits permet davantage de possibles. Apprivoiser son \u00eatre sans a priori genr\u00e9 ouvre la libert\u00e9.<\/p>\n<p><a href=\"https:\/\/test2.under-construction.work\/ateliers-workshops\/atelier-dexploration-fluidite-des-genres\/\">lire la suite<\/a><\/p>\n<p>&nbsp;<\/p>\n<p>SYNESTHESIE<\/p>\n<p>Un exemple de mes recherches sur les sons spontan\u00e9s et leurs correspondances synesth\u00e9siques a \u00e9t\u00e9 pr\u00e9sent\u00e9 dans \u00ab\u00a0Acoustique de l\u2019Erotisme\u00a0\u00bb, une cr\u00e9ation radiophonique de Franck Thoraval sur France Culture, \u00e0 laquelle j\u2019ai particip\u00e9. Elle est disponible en ligne<a href=\"http:\/\/www.franceculture.fr\/emission-creation-on-air-acoustique-de-l-erotisme-2015-11-25\"> ici<\/a><\/p>\n<p>Et un article <a href=\"http:\/\/www.telerama.fr\/radio\/les-sons-de-l-amour-ok,135548.php\">ici<\/a><\/p>\n<p><a href=\"https:\/\/test2.under-construction.work\/atelier-dexploration-ecoute-synesthesique-des-sons\/\">lire la suite<\/a><\/p>\n<p>&nbsp;<\/p>\n<p>ECOUTE MUSICALE<\/p>\n<p>La derni\u00e8re fois que je me suis laiss\u00e9e aller \u00e0 une \u00e9coute de l&rsquo;oeuvre d&rsquo;Eliane Radigue, plusieurs heures d\u2019affil\u00e9e, en autohypnose, j\u2019ai atteint cet \u00e9tat incroyable d\u2019impression de faire partie du grand tout, cet \u00e9tat de s\u00e9r\u00e9nit\u00e9 parfaite, si pr\u00e9cieux. Mais \u00e9trangement, ce n\u2019\u00e9tait pas cette fois sous la forme de moll\u00e9cules d\u2019eau parmi les moll\u00e9cules d\u2019eau (mon \u00ab\u00a0corps\u00a0\u00bb dilu\u00e9 dans tout ce qui contient de l\u2019H2O), existant indistinctement en moll\u00e9cules entrem\u00eal\u00e9es, mais sous la forme de grains de sables d\u2019une colline ronronnante, un puma de sable immense. Comme d\u2019autres musiques de transe minimalistes, la musique d\u2019Eliane Radigue peut mener \u00e0 cet \u00e9tat d\u2019ici et maintenant, en harmonie, en paix, en lien avec le monde. Un des \u00e9tats de bonheur qui vaut bien de s\u2019exercer un peu.<\/p>\n<p><a href=\"https:\/\/test2.under-construction.work\/2015\/12\/09\/eliane-radigue-une-musique-hypnotique\/\">lire la suite<\/a><\/p>\n<p>&nbsp;<\/p>\n<p>CYBER<\/p>\n<p>Lorsque j\u2019ai connu Yann Minh et qu\u2019il m\u2019a expliqu\u00e9 ce qu\u2019il vivait \u00e0 travers ses avatars, dans les mondes parall\u00e8les (avec ou sans oculus rift), j\u2019ai imm\u00e9diatement su qu\u2019il faisait partie de cette petite partie de la population qui utilise spontan\u00e9ment et analyse finement des techniques hypnotiques (ch\u00e8re dissociation!), sans pourtant conna\u00eetre la th\u00e9orie de l\u2019hypnose. Incroyable de pr\u00e9cision et d\u2019efficacit\u00e9 !<\/p>\n<p>De fa\u00e7on g\u00e9n\u00e9rale, les parall\u00e8les entre les avatars des cybermondes et les sous-personnalit\u00e9s des th\u00e9ories \u00e9tudi\u00e9es en hypnologie sont \u00e9videntes.<\/p>\n<p><a href=\"https:\/\/test2.under-construction.work\/2015\/12\/03\/dissociation-virtuelle\/\">lire la suite<\/a><\/p>\n<p>&nbsp;<\/p>\n<p>ART CONTEMPORAIN<\/p>\n<p>Je rel\u00e8ve aussi, si je prends l\u2019exemple d\u2019une exposition dans une institution importante (qui accueille entre autres le grand public), que le simple fait de de m\u2019observer (ou de nous observer lorsque je pratique sur quelqu\u2019un) en transe douce, face \u00e0 l\u2019int\u00e9rieur d\u2019une coupole d\u2019Anish Kapoor, \u00e0 un grand tableau bleu d\u2019Yves Klein, au flou d\u2019un Richter, \u00e0 un mobile de Calder\u2026 non seulement pose question (discr\u00e8tement, sans passage \u00e0 l\u2019acte), mais aussi permet \u00e0 certains d\u2019approcher l\u2019oeuvre autrement, d\u2019une fa\u00e7on qu\u2019ils n\u2019auraient sans doute pas envisag\u00e9e sans la permission que leur donne le fait d\u2019observer la fa\u00e7on de faire de quelqu\u2019un qui a l\u2019air \u00e0 l\u2019aise, ce faisant. Lorsque je m\u2019\u00e9loigne, je remarque souvent qu\u2019une personne s\u2019est plac\u00e9e exactement \u00e0 la place que je quitte, \u00ab\u00a0pour voir\u00a0\u00bb.<\/p>\n<p>Car il y a \u00e0 voir, dans l\u2019\u0153uvre bien s\u00fbr mais aussi hors d\u2019elle, \u00e0 l\u2019int\u00e9rieur de soi, avec le monde comme miroir.<\/p>\n<p><a href=\"https:\/\/test2.under-construction.work\/seances-dhypnose-en-musee-galerie-atelier\/\">lire la suite<\/a><\/p>\n<p>&nbsp;<\/p>\n<p>EXPLORER UNE OEUVRE<\/p>\n<p><a href=\"https:\/\/test2.under-construction.work\/2017\/01\/17\/explorer-une-oeuvre-dart-par-lhypnose\/\">Explorer une oeuvre d&rsquo;art<\/a> sous hypnose est \u00e9galement une exp\u00e9rience singuli\u00e8re&#8230; \u00e0<\/p>\n<p>&nbsp;<\/p>\n<p>NATURE<\/p>\n<p>L\u2019\u00e9tat d\u2019hypnose permet d\u2019acc\u00e9der \u00e0 une perception de la nature \u00e9largie, par une forme de sensorialit\u00e9 accrue, une compr\u00e9hension profonde de l\u2019environnement, un d\u00e9veloppement de l\u2019intuition, une ouverture des r\u00e9miniscences et des r\u00e9sonances, un \u00e9veil, \u2026<\/p>\n<p><a href=\"https:\/\/test2.under-construction.work\/2015\/12\/06\/explorer-la-nature-sous-hypnose\/\">lire la suite<\/a><\/p>\n<p>&nbsp;<\/p>\n<p>CREATIVITE QUOTIDIENNE<\/p>\n<p><strong>L\u2019hypnose stimule la cr\u00e9ativit\u00e9 <\/strong>et nous permet d\u2019apprendre \u00e0 nous en servir pour modeler un rapport au r\u00e9el satisfaisant nos besoins et d\u00e9sirs profonds.<\/p>\n<p>Elle est aussi un<strong> outil de cr\u00e9ation artistique<\/strong>, comme si l\u2019art \u00e9tait \u00ab\u00a0augment\u00e9\u00a0\u00bb par l\u2019hypnose (l\u2019expression est de Catherine Contour et fait r\u00e9f\u00e9rence \u00e0 la r\u00e9alit\u00e9 augment\u00e9e par superposition d\u2019un mod\u00e8le virtuel).<\/p>\n<p><strong>Dans la vie courante, les cr\u00e9atifs inventent <\/strong>des concepts, des machines, des histoires, des fa\u00e7ons de traverser la ville, de s\u2019habiller, de communiquer, d\u2019\u00eatre avec l\u2019autre, de g\u00e9rer le temps, d\u2019accorder des aliments, de se jouer des vicissitudes\u2026 car la cr\u00e9ativit\u00e9 est un \u00e9tat d\u2019esprit\u00a0:<strong> \u00e0 chaque fois que nous prenons du recul par rapport \u00e0 nos croyances, nos habitudes, nos conventions, nos r\u00e9flexes, que nous ruons dans les brancards du conformisme et que nous faisons une proposition positive de d\u00e9passement de la routine, nous enclenchons un processus cr\u00e9ateur. <\/strong><\/p>\n<p><a href=\"https:\/\/test2.under-construction.work\/a-propos\/creativite-creation-creer\/\">Lire la suite<\/a><\/p>\n<p><strong>Pour terminer, voici quelques exemples de s\u00e9ances, au hasard de ma m\u00e9moire :<\/strong><\/p>\n<ul>\n<li>D\u00e9velopper l\u2019<strong>\u00e9coute synesth\u00e9sique des sons<\/strong> (un son devient des couleurs ou des sensations kinesth\u00e9siques), avec ou sans mouvement spontan\u00e9, en groupes \u00e9changeant des sons spontan\u00e9s ou carr\u00e9ment en concert.<\/li>\n<li><strong>Suivre le fil d\u2019un son<\/strong> \u00e9lectroacoustique \u00e0 travers un r\u00eave \u00e9veill\u00e9<\/li>\n<li><strong>Permettre \u00e0 son inconscient d\u2019\u00e9crire une lettre<\/strong> que l\u2019on recevra dans quelques mois par la poste, en ignorant son contenu car la main a \u00e9crit sans conscience<\/li>\n<li><strong>Se rencontrer tr\u00e8s vieux<\/strong>, se demander des conseils de sagesse et d\u2019exp\u00e9rience<\/li>\n<li><strong>Se cr\u00e9er une intimit\u00e9 s\u00e9curisante<\/strong>, comme le noyau d\u2019une amande, avant de germer pour s\u2019ouvrir vers la lumi\u00e8re et offrir son feuillage, ses fleurs, ses fruits. Conserver la possibilit\u00e9 de ces diff\u00e9rents \u00e9tats par ancrage (noyaux s\u00e9curisant, fente qui laisse passer la lumi\u00e8re, germe qui file au soleil, arbre qui offre son tronc, ses branches, ses feuilles, fleurs, fruits).<\/li>\n<li><strong>Transf\u00e9rer le pouvoir sexuel<\/strong> d\u2019une main \u00e0 une autre (le bras-bite lesbien droitier ou gaucher s\u2019inverse) le temps de la r\u00e9paration d\u2019une \u00e9paule abim\u00e9e<\/li>\n<li><strong>Transf\u00e9rer la sensation \u00e9rotique \u00e0 un endroit in\u00e9dit<\/strong> et explorer l\u2019orgasme du coude jusqu\u2019\u00e0 s\u2019y connecter facilement (ludique et lib\u00e9rateur)<\/li>\n<li><strong>D\u00e9placer les zones de plaisir et transformer les stimuli<\/strong> qui agissent sur la sensualit\u00e9, jusqu\u2019\u00e0 la jouissance (ou pas) gr\u00e2ce au souffle, aux changements de lumi\u00e8re, aux sons\u2026<\/li>\n<li>Pour une <strong>transition M&gt;F ou F&gt;M, futuriser<\/strong> et explorer un changement de sexe de fa\u00e7on \u00e0 apprivoiser cette transition physique et psychique<\/li>\n<li>Pour tous, <strong>exp\u00e9rimenter la sensation d\u2019\u00eatre dans un corps f\u00e9minin ou masculin<\/strong> de fa\u00e7on \u00e0 comprendre de l\u2019int\u00e9rieur ce que l\u2019autre peut ressentir (et d\u00e9couvrir son c\u00f4t\u00e9 queer)<\/li>\n<li>Retrouver l\u2019<strong>insouciance joyeuse de l\u2019enfant<\/strong> que l\u2019on a en nous en lui rendant visite \u00e0 diff\u00e9rents \u00e2ges (en r\u00e9gression) et jouer, chanter, r\u00eaver en lui<\/li>\n<li><strong>Remplir un espace ressenti comme vide<\/strong> avec de l\u2019\u00e9nergie vitale et la faire monter jusqu\u2019\u00e0 la sensation de p\u00e9tillement joyeux, vivifiant.<\/li>\n<li><strong>Recharger un shakra<\/strong>, gr\u00e2ce aux sollicitations des nerfs par la fraise du dentiste (demander \u00e0 \u00ab\u00a0Mon autre\u00a0\u00bb de transf\u00e9rer chaque impulsion d\u00e9sagr\u00e9able dans la bouche en recharge \u00e9nerg\u00e9tique dans ce que la repr\u00e9sentation place au niveau du 1er shakra par exemple)<\/li>\n<li><strong>Visiter l\u2019alignement de sa vie<\/strong> gr\u00e2ce \u00e0 la futurisation et ajuster mes axes en fonction de ce sur quoi leur orientation peut d\u00e9boucher (ou se dire que tout va bien et se sentir align\u00e9)<\/li>\n<li><strong>Etablir une autre communication, plus confortable, avec son sympt\u00f4me (<\/strong>qui n\u2019est plus oblig\u00e9 de \u00ab\u00a0gueuler de douleur ou de g\u00eane\u00a0\u00bb pour se faire entendre). Le regarder, s\u2019y connecter, lui faire ressentir la complicit\u00e9 et l\u2019amour. Lui donner envie de communiquer autrement, \u00e9couter ce qu&rsquo;il \u00e0 transmettre comme information.<\/li>\n<li><strong>S\u2019ouvrir de tous ses pores \u00e0 une relation<\/strong> amoureuse ou amicale, malgr\u00e9 un v\u00e9cu qui a mis en place des comportements de s\u00e9curit\u00e9<\/li>\n<li><strong>Chercher de la douceur, de la force, de la surprise, une vibration&#8230;<\/strong> dans une vie ant\u00e9rieure et d\u00e9couvrir une version \u00e0 mille lieux de ce que l\u2019on aurait pu imaginer<\/li>\n<li><strong>Comprendre un\u00a0 sch\u00e9ma relationnel<\/strong>, le visiter de l&rsquo;int\u00e9rieur<\/li>\n<li><strong>Se plonger enti\u00e8rement dans un \u00e9tat d\u00e9sir\u00e9<\/strong> (l\u00e9g\u00e8ret\u00e9, souffle, joie, s\u00e9r\u00e9nit\u00e9, plaisir, flottement, hilarit\u00e9\u2026) et l\u2019ancrer pour l\u2019avoir \u00e0 disposition au quotidien (par exemple: ancrer un geste de calme qui apaise instantan\u00e9ment en cas de crise)<\/li>\n<li><strong>Ancrer un mot ou un geste d\u2019amplification<\/strong> qui amplifie et r\u00e9duit les sensations (comme un potentiom\u00e8tre de 0 \u00e0 12 )<\/li>\n<li><strong>Jouer avec un acouph\u00e8ne<\/strong> pour apprendre \u00e0 le faire disparaitre en modulant le volume ou le timbre (\u00e0 partir d\u2019une certaine fr\u00e9quence, je ne l\u2019entends-plus m\u00eame s\u2019il est toujours l\u00e0), mais aussi le faire venir \u00e0 la demande si j\u2019ai besoin d\u2019un fil-focus pour me centrer. En faire un outil d&rsquo;exploration.<\/li>\n<li><strong>Profiter de transpirer pour \u00e9vacuer<\/strong> les d\u00e9chets\u00a0 spirituels et \u00e9motionnels et autres encombrements (bain, sauna, comme une hutte de sudation hypnotique: le feu entraine l\u2019eau) et en vivre le r\u00eave<\/li>\n<li><strong>Se servir des situations inconfortables<\/strong> (gyn\u00e9co, visite, r\u00e9union\u2026), pour apprendre, \u00e9voluer, emmagasiner de l\u2019\u00e9nergie\u2026 en instaurant une conversion (comme pour le dentiste) ou en testant des ancrages (comme la s\u00e9r\u00e9nit\u00e9 face \u00e0 l\u2019administration)<\/li>\n<li><strong>Favoriser les r\u00eaves nocturnes ouvrants<\/strong> (ce que le travail nocturne peut accomplir \u00e0 la demande est magique!)<\/li>\n<li><strong>Favoriser les r\u00eaves lucides<\/strong><\/li>\n<li><strong>Explorer en r\u00eave \u00e9veill\u00e9<\/strong> l\u2019espace de son sexe (pour \u00e9tablir une connexion plus agr\u00e9able, cr\u00e9ative, joyeuse avec lui), le vol plan\u00e9 prolong\u00e9, le meilleur souvenir sensoriel, une situation fantasm\u00e9e, un souvenir r\u00e9confortant (pour moi: l\u2019\u00e9treinte de ma grand-m\u00e8re) et y puiser des ressources \u00e0 ramener dans l\u2019ici et maintenant<\/li>\n<li><strong>Laisser la main \u00e9crire spontan\u00e9ment une r\u00e9ponse<\/strong> inconsciente \u00e0 une question<\/li>\n<li><strong>Etablir une communication facile avec \u00ab\u00a0Mon autre\u00a0\u00bb<\/strong> et les sous-personnalit\u00e9s sp\u00e9cifiques, apprendre \u00e0 les connaitre<\/li>\n<li><strong>Laisser les pas guider une promenade<\/strong> et profiter d\u2019un r\u00eave \u00e9veill\u00e9 en balade pour explorer l\u2019int\u00e9rieur par l\u2019ext\u00e9rieur (en tant que sujet, je suis alors dans un \u00e9tat entre Oculus Rift et psychotrope, sans aucun autre addictif que l\u2019hypnose)<\/li>\n<li><strong>Entendre la musique d\u2019un paysage<\/strong>, voir la couleur d\u2019une voix, la consistance d\u2019une odeur\u2026<\/li>\n<li>Etc.<\/li>\n<\/ul>\n<p>&nbsp;<\/p>\n<p>Il suffit d\u2019oser.<\/p>\n<p><a href=\"https:\/\/test2.under-construction.work\/contact-et-formulaire\/\">Bienvenue en s\u00e9ance!<\/a><\/p>\n<p><strong>\u00a9<\/strong> Marie Lisel<\/p>\n<p>&nbsp;<\/p>\n<p>&nbsp;<\/p>\n<p>&nbsp;<\/p>\n","protected":false},"excerpt":{"rendered":"<p>Cr\u00e9er son monde: parcourir, explorer, plonger, planer, d\u00e9couvrir, \u00e9tendre ses connaissances sensorielles, tester, examiner, prospecter, \u00e9tudier par les sens, jouer, exp\u00e9rimenter, modeler, moduler, inventer, augmenter, expanser\u2026 Victoria Siemer \u2013 Geometric Reflections Quelques extraits d&rsquo;articles ci-dessous vous permettront de vous faire une id\u00e9e de l&rsquo;incroyable cr\u00e9ation de votre conception du monde, des mondes, de votre monde&#8230; [&hellip;]<\/p>\n","protected":false},"author":2,"featured_media":0,"parent":0,"menu_order":0,"comment_status":"closed","ping_status":"closed","template":"","meta":{"footnotes":""},"class_list":["post-2981","page","type-page","status-publish","hentry"],"_links":{"self":[{"href":"https:\/\/test2.under-construction.work\/index.php\/wp-json\/wp\/v2\/pages\/2981","targetHints":{"allow":["GET"]}}],"collection":[{"href":"https:\/\/test2.under-construction.work\/index.php\/wp-json\/wp\/v2\/pages"}],"about":[{"href":"https:\/\/test2.under-construction.work\/index.php\/wp-json\/wp\/v2\/types\/page"}],"author":[{"embeddable":true,"href":"https:\/\/test2.under-construction.work\/index.php\/wp-json\/wp\/v2\/users\/2"}],"replies":[{"embeddable":true,"href":"https:\/\/test2.under-construction.work\/index.php\/wp-json\/wp\/v2\/comments?post=2981"}],"version-history":[{"count":0,"href":"https:\/\/test2.under-construction.work\/index.php\/wp-json\/wp\/v2\/pages\/2981\/revisions"}],"wp:attachment":[{"href":"https:\/\/test2.under-construction.work\/index.php\/wp-json\/wp\/v2\/media?parent=2981"}],"curies":[{"name":"wp","href":"https:\/\/api.w.org\/{rel}","templated":true}]}}