{"id":3707,"date":"2017-01-24T17:03:48","date_gmt":"2017-01-24T16:03:48","guid":{"rendered":"https:\/\/marielisel.com\/?page_id=3707"},"modified":"2017-01-24T17:03:48","modified_gmt":"2017-01-24T16:03:48","slug":"elargir-les-limites-de-notre-liberte","status":"publish","type":"page","link":"https:\/\/test2.under-construction.work\/index.php\/seance-hypnose\/elargir-les-limites-de-notre-liberte\/","title":{"rendered":"Cr\u00e9er sa vie, son \u0153uvre, son monde"},"content":{"rendered":"<p><strong>Cr\u00e9er sa vie, son oeuvre, son monde, gr\u00e2ce \u00e0 l&rsquo;imagination active sous hypnose<\/strong><\/p>\n<p>&nbsp;<\/p>\n<p><strong>Mon accompagnement se d\u00e9cline en trois axes:<\/strong><\/p>\n<p><strong>Cr\u00e9er sa vie:<\/strong> r\u00e9gler un probl\u00e8me, soulager un sympt\u00f4me, r\u00e9cup\u00e9rer de l\u2019\u00e9nergie, l\u00e2cher du lest, s\u2019\u00e9manciper d\u2019une addiction, transformer le r\u00e9seau d\u2019influences, activer des ressources, choisir, se lib\u00e9rer, s\u2019\u00e9panouir, ressentir, grandir, stimuler, se centrer, changer vers un mieux-vivre\u2026<\/p>\n<p><strong>Cr\u00e9er son \u0153uvre<\/strong> : ouvrir, inspirer, souffler, se laisser embarquer, \u00e9crire, dessiner, composer, danser, jouer, monter, modeler, moduler, trouver son mouvement authentique, construire, capter, oser, r\u00e9aliser, proposer, partager, faire \u0153uvre\u2026<\/p>\n<p><strong>Cr\u00e9er son monde<\/strong>: parcourir, explorer, plonger, planer, d\u00e9couvrir, \u00e9tendre ses connaissances sensorielles, tester, examiner, prospecter, \u00e9tudier par les sens, jouer, exp\u00e9rimenter, modeler, moduler, inventer, augmenter, expanser\u2026<\/p>\n<p>&nbsp;<\/p>\n<p>L\u2019hypnose est un <strong>moyen de transformation de la subjectivit\u00e9<\/strong>,<\/p>\n<p>Nous pouvons <strong>adapter les processus psychiques<\/strong> qui connectent des stimuli externes avec un r\u00e9seau complexe de repr\u00e9sentations internes, qui se construisent selon nos exp\u00e9riences, notre milieu&#8230; et qui donnent lieu \u00e0 des impressions, sensations, \u00e9motions, croyances, comportements, traits de caract\u00e8re&#8230;<\/p>\n<p>Chacun, gr\u00e2ce \u00e0 l\u2019hypnose, d\u00e9tient un <strong>pouvoir de cr\u00e9ation de son existence<\/strong> (environnement, comportement, capacit\u00e9, croyances, valeurs, identit\u00e9\u2026), <strong>un pouvoir de cr\u00e9ation de son \u0153uvre<\/strong> (r\u00e9alisation artistique) <strong>et un pouvoir de cr\u00e9ation de son monde int\u00e9rieur<\/strong> (connaissance des sous-personnalit\u00e9s, arch\u00e9types, autres repr\u00e9sentations symboliques de l\u2019imaginal\u2026).<\/p>\n<p>Au quotidien, <strong>nous projetons sans cesse sur le r\u00e9el le contenu de notre imagination.<\/strong> Cette imagination est active sans que nous en soyons conscient, comme si l\u2019on se faisait un film personnel continu et confondu avec le suppos\u00e9 \u00ab\u00a0r\u00e9el\u00a0\u00bb.<\/p>\n<p>L\u2019hypnose \u00e9ricksonienne saisit la personne dans son environnement, dans et par rapport \u00e0 son monde. En arr\u00eatant la perception ordinaire, en mettant de c\u00f4t\u00e9 les stimuli aff\u00e9rents, <strong>en rendant le regard \u00ab\u00a0int\u00e9rieur\u00a0\u00bb, elle installe un focus qui\u00a0met \u00e0 jour la totalit\u00e9 des param\u00e8tres de l\u2019existence<\/strong>, les d\u00e9terminations habituelles, les repr\u00e9sentations, les appartenances, le r\u00e9seau d\u2019influences (bref, ce qui agit sur ce que je consid\u00e8re comme \u00ab\u00a0moi\u00a0\u00bb), qu\u2019il est alors possible de faire \u00e9voluer. L&rsquo;hypnose l\u00e8ve le voile \ud83d\ude42<\/p>\n<p><strong>Gr\u00e2ce au passage vers l&rsquo;\u00e9tat modifi\u00e9 de conscience de l&rsquo;hyper\u00e9veil, l\u2019imagination devient v\u00e9ritablement active et cr\u00e9atrice.<\/strong> La puissance du r\u00eave r\u00e9v\u00e8le les relations qui nous constituent, sous la forme de films int\u00e9rieurs multisensoriels\u2026 et nous offre le pouvoir d\u2019explorer notre monde par tous nos sens, de le d\u00e9velopper, de le cartographier, de l&rsquo;ordonnancer de le transformer \u00e0 la mani\u00e8re qui nous est propre.<\/p>\n<p>Par l\u2019accompagnement hypnotique, il est possible de <strong>se servir de l&rsquo;imagination active pour orienter nos repr\u00e9sentations vers un mieux-\u00eatre, vers l\u2019\u00e9panouissement, vers l\u2019\u00e9largissement de nos horizons, vers la cr\u00e9ativit\u00e9, vers la prise en compte du champ des possibles et donc vers l\u2019\u00e9mancipation d&rsquo;une \u00ab\u00a0fa\u00e7on de voir la vie\u00a0\u00bb<\/strong> pour qu\u2019elle cesse de coincer, faire mal, d\u00e9router, ass\u00e8cher, se r\u00e9p\u00e9ter\u2026 et pour vivre selon ses d\u00e9sirs profonds, libre de ce qui enferme \u00e0 l\u2019int\u00e9rieur, align\u00e9 dans notre rapport \u00e0 soi, aux autres, au monde.<\/p>\n<p>&nbsp;<\/p>\n<p>Les<a href=\"https:\/\/test2.under-construction.work\/seance-hypnose\/anecdotes-et-retours-de-seances\/\"> t\u00e9moignages<\/a> proposent une explication concr\u00e8te de ces processus. Mes <a href=\"https:\/\/test2.under-construction.work\/category\/non-classe\/\">articles <\/a>en d\u00e9clinent diff\u00e9rentes facettes. Vous pouvez \u00e9galement consulter les pr\u00e9sentations des <a href=\"https:\/\/test2.under-construction.work\/contact-et-formulaire\/\">s\u00e9ances<\/a> et des <a href=\"https:\/\/test2.under-construction.work\/ateliers-workshops\/\">ateliers<\/a>.<\/p>\n<p>Bienvenue en s\u00e9ances et en ateliers collectifs pour cr\u00e9er votre vie, votre oeuvre, votre monde!<\/p>\n<p><span class=\"st\">\u00a9<\/span> Marie Lisel<\/p>\n<p><img loading=\"lazy\" decoding=\"async\" class=\"alignnone  wp-image-3447 aligncenter\" src=\"https:\/\/test2.under-construction.work\/wp-content\/uploads\/2017\/01\/15965280_370210380001497_6039153286788906653_n.jpg\" alt=\"15965280_370210380001497_6039153286788906653_n\" width=\"381\" height=\"381\" \/><\/p>\n<p><strong>Loin de pousser \u00e0 \u00ab\u00a0sortir de la zone de confort\u00a0\u00bb l&rsquo;hypnose \u00e9ricksonienne permet d\u2019\u00e9largir les limites de notre libert\u00e9!<\/strong><\/p>\n<ul>\n<li>n\u00e9gocier avec des parties de soi-m\u00eame de fa\u00e7on \u00e0 recouvrer une paix int\u00e9rieure, prendre une d\u00e9cision, oser agir avec la retenue appropri\u00e9e (qui assure la s\u00e9curit\u00e9 sans brider)<\/li>\n<li>demander \u00e0 une\/des parties int\u00e9rieures une co-cr\u00e9ation d\u2019\u0153uvre (j\u2019entends une musique en moi, ma main \u00e9crit, j\u2019observe un mouvement, \u00e7a chante en moi\u2026)<\/li>\n<li>r\u00e9parer des blessures, tranquilliser des peurs, de fa\u00e7on \u00e0 ce qu\u2019elles ne soient plus des obstacles<\/li>\n<li>vivre une situation une fois l&rsquo;obstacle d\u00e9pass\u00e9, le probl\u00e8me r\u00e9gl\u00e9 (<em>je suis parfaitement \u00e0 l&rsquo;aise en donnant ma conf\u00e9rence en auditoire<\/em>) et ramener avec soi ce v\u00e9cu et cette exp\u00e9rience<\/li>\n<li>approcher son sympt\u00f4me (r\u00e9action, sensation, \u00e9motion, addiction\u2026) pour en comprendre le fonctionnement et g\u00e9n\u00e9rer un comportement ou une \u00e9motion constructive, en accord avec les fonctions occup\u00e9es par le sympt\u00f4me g\u00eanant, qui devient d\u00e8s lors inutile<\/li>\n<li>rencontrer des parties de soi et les amplifier, exp\u00e9rimenter leurs ressentis, leurs ressources, leurs diff\u00e9rences et apprendre \u00e0 les g\u00e9rer selon les situations (ex\u00a0: enfant int\u00e9rieur, sagesse, aventurier, d\u00e9fenseur, ado foufou\u2026)<\/li>\n<li>r\u00e9cup\u00e9rer des ressources enfouies, les rendre disponibles, leur permettre de s\u2019accorder entre elles et de sans cesse s\u2019am\u00e9liorer<\/li>\n<li>se rencontrer \u00ab\u00a0en mieux\u00a0\u00bb et mod\u00e9liser ce moi id\u00e9al<\/li>\n<li>l\u00e2cher du lest, enterrer des regrets, se lib\u00e9rer d\u2019influences insoup\u00e7onn\u00e9es<\/li>\n<li>r\u00e9conforter l&rsquo;enfant que l&rsquo;on a en soi de fa\u00e7on \u00e0 lui permettre de grandir en s&rsquo;\u00e9panouissant (et donc de vivre mieux les situations o\u00f9 cette part de nous avait mal ou peur)<\/li>\n<li>am\u00e9liorer un processus ou un pouvoir (r\u00e9cup\u00e9ration d\u2019\u00e9nergie, position m\u00e9ta, communication intuitive, r\u00e9sonances artistiques\u2026)<\/li>\n<li>traverser une zone d\u2019ombre, la d\u00e9passer, la sublimer<\/li>\n<li>vivre des exp\u00e9riences transformatrices (<a href=\"https:\/\/www.youtube.com\/watch?v=YT1QEzBLR4k&amp;t=6s\">peak experience<\/a>, compr\u00e9hensions profondes, \u00e9piphanies\u2026)<\/li>\n<li>mettre en lien des stimuli et des r\u00e9actions de fa\u00e7on inhabituelle (synesth\u00e9sie, \u00e9rotisme de zones dites neutres\u2026)<\/li>\n<li>entrer dans la musique, dans un tableau, dans un arbre\u2026 et se laisser aller dans l\u2019exp\u00e9rience<\/li>\n<\/ul>\n<p>Je con\u00e7ois l\u2019hypnose comme un outil \u00e0 (apprendre \u00e0) utiliser au quotidien, autant avec parcimonie qu\u2019avec intensit\u00e9, pour cr\u00e9er sa vie vers un mieux \u00eatre, cr\u00e9er son travail artistique et cr\u00e9er son monde int\u00e9rieur, chacun \u00e0 son rythme, selon ses intentions propres et en toute s\u00e9curit\u00e9.<\/p>\n","protected":false},"excerpt":{"rendered":"<p>Cr\u00e9er sa vie, son oeuvre, son monde, gr\u00e2ce \u00e0 l&rsquo;imagination active sous hypnose &nbsp; Mon accompagnement se d\u00e9cline en trois axes: Cr\u00e9er sa vie: r\u00e9gler un probl\u00e8me, soulager un sympt\u00f4me, r\u00e9cup\u00e9rer de l\u2019\u00e9nergie, l\u00e2cher du lest, s\u2019\u00e9manciper d\u2019une addiction, transformer le r\u00e9seau d\u2019influences, activer des ressources, choisir, se lib\u00e9rer, s\u2019\u00e9panouir, ressentir, grandir, stimuler, se centrer, [&hellip;]<\/p>\n","protected":false},"author":2,"featured_media":0,"parent":14,"menu_order":0,"comment_status":"closed","ping_status":"closed","template":"","meta":{"footnotes":""},"class_list":["post-3707","page","type-page","status-publish","hentry"],"_links":{"self":[{"href":"https:\/\/test2.under-construction.work\/index.php\/wp-json\/wp\/v2\/pages\/3707","targetHints":{"allow":["GET"]}}],"collection":[{"href":"https:\/\/test2.under-construction.work\/index.php\/wp-json\/wp\/v2\/pages"}],"about":[{"href":"https:\/\/test2.under-construction.work\/index.php\/wp-json\/wp\/v2\/types\/page"}],"author":[{"embeddable":true,"href":"https:\/\/test2.under-construction.work\/index.php\/wp-json\/wp\/v2\/users\/2"}],"replies":[{"embeddable":true,"href":"https:\/\/test2.under-construction.work\/index.php\/wp-json\/wp\/v2\/comments?post=3707"}],"version-history":[{"count":0,"href":"https:\/\/test2.under-construction.work\/index.php\/wp-json\/wp\/v2\/pages\/3707\/revisions"}],"up":[{"embeddable":true,"href":"https:\/\/test2.under-construction.work\/index.php\/wp-json\/wp\/v2\/pages\/14"}],"wp:attachment":[{"href":"https:\/\/test2.under-construction.work\/index.php\/wp-json\/wp\/v2\/media?parent=3707"}],"curies":[{"name":"wp","href":"https:\/\/api.w.org\/{rel}","templated":true}]}}