{"id":4281,"date":"2017-04-03T21:07:08","date_gmt":"2017-04-03T20:07:08","guid":{"rendered":"https:\/\/marielisel.com\/?page_id=4281"},"modified":"2017-04-03T21:07:08","modified_gmt":"2017-04-03T20:07:08","slug":"indications-de-lhypnose","status":"publish","type":"page","link":"https:\/\/test2.under-construction.work\/index.php\/seances\/indications-de-lhypnose\/","title":{"rendered":"Indications de l&rsquo;hypnose"},"content":{"rendered":"<blockquote>\n<p style=\"text-align:center;\"><strong>POUR CRER SA VIE : MIEUX-ETRE<\/strong><\/p>\n<\/blockquote>\n<p style=\"text-align:justify;\">acceptation &#8211; acouph\u00e8ne &#8211; addiction &#8211; alignement &#8211; amour de soi &#8211; angoisse &#8211; attention &#8211; autohypnose &#8211; blocage &#8211; cap &#8211; casting &#8211; changement de vie &#8211; choix &#8211; clart\u00e9 &#8211; coh\u00e9rence &#8211; col\u00e8re &#8211; compulsion &#8211; conciliation int\u00e9rieure &#8211; confiance en soi &#8211; confiance relationnelle &#8211; communication &#8211; concentration &#8211; connaissance de soi &#8211; connexion avec la nature, l&rsquo;animal &#8211; cr\u00e9ation &#8211; cr\u00e9ativit\u00e9 &#8211; culpabilit\u00e9 &#8211; d\u00e9passement &#8211; \u00e9coute du corps &#8211; \u00e9criture &#8211; d\u00e9fense de th\u00e8se &#8211; efficacit\u00e9 &#8211; entrainement &#8211; \u00e9mancipation &#8211; \u00e9panouissement &#8211; exploration &#8211; deuil &#8211; \u00a0\u00e9lan &#8211; \u00e9nergie &#8211; fantasme &#8211; fatigue &#8211; fluidit\u00e9 de genre &#8211; g\u00eane physique r\u00e9p\u00e9titive &#8211; horizon &#8211; hyper\u00e9veil &#8211; ici et maintenant &#8211; image de soi &#8211; inspiration &#8211; intuition &#8211; invention &#8211; irritation &#8211; jeu &#8211; libert\u00e9 &#8211; licorne &#8211; lien toxique &#8211; mouvement spontan\u00e9 &#8211; phobie &#8211; pleine conscience &#8211; prise de position &#8211; procrastination &#8211; relationnel &#8211; ressources &#8211; r\u00e9organisation &#8211; r\u00eave \u00e9veill\u00e9 &#8211; r\u00eave lucide &#8211; shit &#8211; transformation &#8211; tranquillit\u00e9 &#8211; transition de vie &#8211; trauma &#8211; s\u00e9duction &#8211; sensorialit\u00e9 &#8211; sex addict- sexualit\u00e9 &#8211; shopping addict &#8211; sommeil &#8211; stress &#8211; sublimation &#8211; synesth\u00e9sie &#8211; vertige &#8211; voix intuitive &#8211; tabac &#8211; &#8230;<\/p>\n<p>Page compl\u00e8te:<strong>\u00a0<a href=\"https:\/\/test2.under-construction.work\/lhypnose-comme-outil-daccompagnement-vers-la-solution-et-le-changement\/\" target=\"_blank\" rel=\"noopener\">Cr\u00e9er sa vie<\/a>\u00a0<\/strong><\/p>\n<ul>\n<li><a href=\"https:\/\/test2.under-construction.work\/2017\/11\/10\/tabac-nourriture-internet-sexe-achats-defonce-par-le-sport-comment-semanciper-des-addictions-compulsions\/\" target=\"_blank\" rel=\"noopener\">Addictions et compulsions<\/a><\/li>\n<li><a href=\"https:\/\/test2.under-construction.work\/2015\/12\/05\/gerer-un-epuisement-par-lhypnose\/\" target=\"_blank\" rel=\"noopener\">Energie, sommeil<\/a><\/li>\n<li><a href=\"https:\/\/test2.under-construction.work\/category\/douleurs-et-genes-physiques\/\" target=\"_blank\" rel=\"noopener\">Accompagnement des douleurs et g\u00eanes physiques <\/a>(comme les acouph\u00e8nes)<\/li>\n<li><a href=\"https:\/\/test2.under-construction.work\/2016\/01\/06\/transformer-les-liens-par-lhypnose\/\" target=\"_blank\" rel=\"noopener\">Transformation du lien<\/a> (s&rsquo;\u00e9manciper d&rsquo;un.pervers.e, accepter un deuil&#8230;)<\/li>\n<li>Gestion du stress, angoisses, l\u00e2cher du lest<\/li>\n<li>Phobies<\/li>\n<li>Conciliations et r\u00e9conciliations int\u00e9rieures (notamment en cas de traumatisme plus ou moins ancien)<\/li>\n<li>Image corporelle (amaigrissement, mais aussi r\u00e9associations diverses, dans la tendresse et l&rsquo;\u00e9coute du corps)<\/li>\n<li>Confiance en soi, alignement, relation \u00e0 soi, aux autres, au monde (s&rsquo;autoriser \u00e0 exister, \u00e0 prendre sa place, \u00e0 refuser, \u00e0 aimer, \u00e0 lib\u00e9rer&#8230;)<\/li>\n<li>Choix, clart\u00e9, enthousiasme, mettre le cap, aller vers une intention\u00a0(transformation et r\u00e9organisation des patterns pour aller vers, en coh\u00e9rence)<\/li>\n<li>Changement de vie (d\u00e9m\u00e9nagement, changement de poste, divorce, naissance&#8230; mais aussi changement de milieu socio-culturel par conviction profonde)<\/li>\n<li>Concentration, m\u00e9moire, efficacit\u00e9 mentale<\/li>\n<li>Pr\u00e9paration \u00e0 un \u00e9v\u00e9nement (comp\u00e9tition, permis de conduire, casting, d\u00e9fense de th\u00e8se&#8230;)<\/li>\n<li>Joie, \u00e9nergie, amour, youpi!<\/li>\n<li>&#8230;<\/li>\n<\/ul>\n<p><img loading=\"lazy\" decoding=\"async\" class=\"  wp-image-9089 aligncenter\" src=\"https:\/\/test2.under-construction.work\/wp-content\/uploads\/2018\/01\/22860163_10215002827888044_3204724384081951559_o.jpg?w=300\" alt=\"22860163_10215002827888044_3204724384081951559_o\" width=\"430\" height=\"416\" \/><\/p>\n<p>&nbsp;<\/p>\n<blockquote>\n<p style=\"text-align:center;\"><strong>POUR CREER SON OEUVRE: CREATION ARTISTIQUE<\/strong><\/p>\n<\/blockquote>\n<p>Page compl\u00e8te<strong>\u00a0<a href=\"https:\/\/test2.under-construction.work\/a-propos-de-lhypnose-comme-outil-dexploration-et-de-creation\/\" target=\"_blank\" rel=\"noopener\">Cr\u00e9er son oeuvre<\/a><\/strong><\/p>\n<p><strong>S\u00e9ances individuelles d&rsquo;exploration artistique (<\/strong>\u00e0 la recherche d&rsquo;un titre, d&rsquo;un axe, d&rsquo;un d\u00e9blocage&#8230; dans l&rsquo;exploration d &lsquo;une oeuvre, d&rsquo;une couleur, d&rsquo;un son, d&rsquo;un mouvement, d&rsquo;un questionnement&#8230;).<\/p>\n<p><strong>Accompagnement d&rsquo;un projet au service d&rsquo;un.e cr\u00e9atrice\/teur<\/strong>, sur plateau, ou ailleurs en situation de travail de cr\u00e9ation (individuel ou collectif), workshop en \u00e9cole d&rsquo;art&#8230;\u00a0Voir aussi la page \u00ab\u00a0<a href=\"https:\/\/test2.under-construction.work\/accompagnement-pour-la-creation\/\">Accompagnement\u00a0pour la cr\u00e9ation<\/a>\u00a0\u00bb<\/p>\n<figure id=\"attachment_9091\" aria-describedby=\"caption-attachment-9091\" style=\"width: 430px\" class=\"wp-caption aligncenter\"><img loading=\"lazy\" decoding=\"async\" class=\"alignnone  wp-image-9091\" src=\"https:\/\/test2.under-construction.work\/wp-content\/uploads\/2018\/01\/hc3a9lio-oiticica_-parangolc3a9.jpg\" alt=\"H\u00e9lio Oiticica_ Parangol\u00e9\" width=\"430\" height=\"428\" \/><figcaption id=\"caption-attachment-9091\" class=\"wp-caption-text\">helio oiticica parangoles<\/figcaption><\/figure>\n<p>&nbsp;<\/p>\n<blockquote>\n<p style=\"text-align:center;\"><strong>POUR CREER SON MONDE: EXPLORATION<\/strong><\/p>\n<\/blockquote>\n<p>Page compl\u00e8te<strong>\u00a0<a href=\"https:\/\/test2.under-construction.work\/pour-creer-son-monde\/\">Cr\u00e9er son monde<\/a><\/strong><\/p>\n<p>Exploration sensorielle en synesth\u00e9sie, d\u00e9couverte de ses paysages int\u00e9rieurs (genres, imaginal, ressources animales, fantasmes&#8230;), jeu, exp\u00e9rimentation d&rsquo;insight, connexions, expansion&#8230;<\/p>\n<figure id=\"attachment_2931\" aria-describedby=\"caption-attachment-2931\" style=\"width: 428px\" class=\"wp-caption aligncenter\"><img loading=\"lazy\" decoding=\"async\" class=\"alignnone  wp-image-2931\" src=\"https:\/\/test2.under-construction.work\/wp-content\/uploads\/2017\/01\/capture-d_ecc81cran-2017-01-04-acc80-17-14-23.png\" alt=\"capture-decran-2017-01-04-a-17-14-23\" width=\"428\" height=\"506\" \/><figcaption id=\"caption-attachment-2931\" class=\"wp-caption-text\">Io + gatto\u00a0(Cat + I) by Wanda Wulz, 1932. Gelatin silver print<\/figcaption><\/figure>\n<p>&nbsp;<\/p>\n","protected":false},"excerpt":{"rendered":"<p>POUR CRER SA VIE : MIEUX-ETRE acceptation &#8211; acouph\u00e8ne &#8211; addiction &#8211; alignement &#8211; amour de soi &#8211; angoisse &#8211; attention &#8211; autohypnose &#8211; blocage &#8211; cap &#8211; casting &#8211; changement de vie &#8211; choix &#8211; clart\u00e9 &#8211; coh\u00e9rence &#8211; col\u00e8re &#8211; compulsion &#8211; conciliation int\u00e9rieure &#8211; confiance en soi &#8211; confiance relationnelle &#8211; communication [&hellip;]<\/p>\n","protected":false},"author":2,"featured_media":0,"parent":883,"menu_order":0,"comment_status":"closed","ping_status":"closed","template":"","meta":{"footnotes":""},"class_list":["post-4281","page","type-page","status-publish","hentry"],"_links":{"self":[{"href":"https:\/\/test2.under-construction.work\/index.php\/wp-json\/wp\/v2\/pages\/4281","targetHints":{"allow":["GET"]}}],"collection":[{"href":"https:\/\/test2.under-construction.work\/index.php\/wp-json\/wp\/v2\/pages"}],"about":[{"href":"https:\/\/test2.under-construction.work\/index.php\/wp-json\/wp\/v2\/types\/page"}],"author":[{"embeddable":true,"href":"https:\/\/test2.under-construction.work\/index.php\/wp-json\/wp\/v2\/users\/2"}],"replies":[{"embeddable":true,"href":"https:\/\/test2.under-construction.work\/index.php\/wp-json\/wp\/v2\/comments?post=4281"}],"version-history":[{"count":0,"href":"https:\/\/test2.under-construction.work\/index.php\/wp-json\/wp\/v2\/pages\/4281\/revisions"}],"up":[{"embeddable":true,"href":"https:\/\/test2.under-construction.work\/index.php\/wp-json\/wp\/v2\/pages\/883"}],"wp:attachment":[{"href":"https:\/\/test2.under-construction.work\/index.php\/wp-json\/wp\/v2\/media?parent=4281"}],"curies":[{"name":"wp","href":"https:\/\/api.w.org\/{rel}","templated":true}]}}