{"id":46,"date":"2015-11-29T13:26:21","date_gmt":"2015-11-29T12:26:21","guid":{"rendered":"https:\/\/marielisel.com\/?page_id=46"},"modified":"2015-11-29T13:26:21","modified_gmt":"2015-11-29T12:26:21","slug":"applications","status":"publish","type":"page","link":"https:\/\/test2.under-construction.work\/index.php\/applications\/","title":{"rendered":"Applications th\u00e9rapeutiques de l&rsquo;hypnose \u00e9ricksonienne"},"content":{"rendered":"<p>Image: travail de l&rsquo;artiste Laurent Pernot<span class=\"_5yl5\"> &#8211; ADAGP<\/span>, sur www.laurentpernot.net<\/p>\n<p><strong>Form\u00e9e en acad\u00e9mies d&rsquo;hypnose (INH Bruxelles, Arche Paris, Antoine Garnier Paris) et certifi\u00e9e praticienne en hypnose par l&rsquo;Arche, je pratique des s\u00e9ances d&rsquo;hypnose \u00e9ricksonienne th\u00e9rapeutique\u00a0 et de d\u00e9veloppement personnel:<br \/>\n<\/strong><\/p>\n<ul>\n<li>Gestions des addictions: cigarettes, boulimie, alcool, jeu, FB&#8230;<\/li>\n<li>Gestion du stress, de la confiance en soi<\/li>\n<li>Gestion des \u00e9motions, des phobies<\/li>\n<li>Pr\u00e9paration \u00e0 un casting, examen, comp\u00e9tition, permis de conduire, concert, enregistrement en studio&#8230;<\/li>\n<li>Perte de poids, image de soi<\/li>\n<li>Am\u00e9lioration de la sexualit\u00e9<\/li>\n<li>Gestion des d\u00e9pendances affectives<\/li>\n<li>Changement de comportement (mauvaises habitudes, r\u00e9actions irrationnelles, r\u00e9p\u00e9tition de sch\u00e9mas destructeurs&#8230;)<\/li>\n<li>Troubles du sommeil, gestion de la fatigue<\/li>\n<li>Soulagement de la douleur, des acouph\u00e8nes, des somatisations<\/li>\n<li>Transformation des liens (deuil, relation toxique, corps transform\u00e9 par un accident, d\u00e9m\u00e9nagement, divorce&#8230;)<\/li>\n<li>Acc\u00e9l\u00e9ration de l&rsquo;apprentissage d&rsquo;une langue<\/li>\n<li>Gestion de la procrastination, d\u00e9veloppement de la r\u00e9activit\u00e9 ou proactivit\u00e9, de la maitrise de soi, de la concentration<\/li>\n<li>R\u00e9solution d&rsquo;un conflit int\u00e9rieur<\/li>\n<\/ul>\n<p>&nbsp;<\/p>\n<p>L&rsquo;hypnose nous permet d&rsquo;<strong>oser sortir de la zone de confort<\/strong> (ce que l&rsquo;on connait et qui nous rassure, m\u00eame si l&rsquo;on s&rsquo;en plaint) pour <strong>explorer de nouveaux points de vues, comportements, capacit\u00e9s, repr\u00e9sentations, \u00e9motions, connexions, inspirations, intuitions, possibilit\u00e9s<\/strong>&#8230; et de comprendre que <strong>chacun a le pouvoir de cr\u00e9er une bonne partie de sa r\u00e9alit\u00e9<\/strong>, en choisissant ses besoins (et en se coupant des autres \u00ab\u00a0faux-besoins\u00a0\u00bb non choisis), ses intentions, ses paradigmes, son degr\u00e9 de convention ou de libert\u00e9.<\/p>\n<p>Il suffit d&rsquo;oser \ud83d\ude42<\/p>\n<p class=\"western\" lang=\"fr-FR\" align=\"justify\">Bienvenue en s\u00e9ance : https:\/\/test2.under-construction.work\/contact-et-formulaire\/<\/p>\n<p class=\"western\" lang=\"fr-FR\" align=\"justify\"><span style=\"color:#000000;font-family:Arial Black;font-size:large;\"><b>\u00a9<\/b><\/span><b><\/b> Marie Lisel<\/p>\n<p>&nbsp;<\/p>\n<p>&nbsp;<\/p>\n<p>&nbsp;<\/p>\n<p>&nbsp;<\/p>\n","protected":false},"excerpt":{"rendered":"<p>Image: travail de l&rsquo;artiste Laurent Pernot &#8211; ADAGP, sur www.laurentpernot.net Form\u00e9e en acad\u00e9mies d&rsquo;hypnose (INH Bruxelles, Arche Paris, Antoine Garnier Paris) et certifi\u00e9e praticienne en hypnose par l&rsquo;Arche, je pratique des s\u00e9ances d&rsquo;hypnose \u00e9ricksonienne th\u00e9rapeutique\u00a0 et de d\u00e9veloppement personnel: Gestions des addictions: cigarettes, boulimie, alcool, jeu, FB&#8230; Gestion du stress, de la confiance en soi [&hellip;]<\/p>\n","protected":false},"author":2,"featured_media":390,"parent":0,"menu_order":0,"comment_status":"closed","ping_status":"closed","template":"","meta":{"footnotes":""},"class_list":["post-46","page","type-page","status-publish","has-post-thumbnail","hentry"],"_links":{"self":[{"href":"https:\/\/test2.under-construction.work\/index.php\/wp-json\/wp\/v2\/pages\/46","targetHints":{"allow":["GET"]}}],"collection":[{"href":"https:\/\/test2.under-construction.work\/index.php\/wp-json\/wp\/v2\/pages"}],"about":[{"href":"https:\/\/test2.under-construction.work\/index.php\/wp-json\/wp\/v2\/types\/page"}],"author":[{"embeddable":true,"href":"https:\/\/test2.under-construction.work\/index.php\/wp-json\/wp\/v2\/users\/2"}],"replies":[{"embeddable":true,"href":"https:\/\/test2.under-construction.work\/index.php\/wp-json\/wp\/v2\/comments?post=46"}],"version-history":[{"count":0,"href":"https:\/\/test2.under-construction.work\/index.php\/wp-json\/wp\/v2\/pages\/46\/revisions"}],"wp:featuredmedia":[{"embeddable":true,"href":"https:\/\/test2.under-construction.work\/index.php\/wp-json\/"}],"wp:attachment":[{"href":"https:\/\/test2.under-construction.work\/index.php\/wp-json\/wp\/v2\/media?parent=46"}],"curies":[{"name":"wp","href":"https:\/\/api.w.org\/{rel}","templated":true}]}}