{"id":5308,"date":"2017-06-07T16:50:36","date_gmt":"2017-06-07T15:50:36","guid":{"rendered":"https:\/\/marielisel.com\/?page_id=5308"},"modified":"2017-06-07T16:50:36","modified_gmt":"2017-06-07T15:50:36","slug":"temoignages-sur-les-ateliers","status":"publish","type":"page","link":"https:\/\/test2.under-construction.work\/index.php\/ateliers-workshops\/temoignages-sur-les-ateliers\/","title":{"rendered":"T\u00e9moignages sur des ateliers"},"content":{"rendered":"<p>&nbsp;<\/p>\n<blockquote>\n<p style=\"text-align:center;\"><strong>T\u00e9moignage sur les stages \u00ab\u00a0cheval-miroir et hypnose\u00a0\u00bb<\/strong><\/p>\n<\/blockquote>\n<p><strong>En attendant les d\u00e9tails (les trois stages seront diff\u00e9rents), vous pouvez lire le\u00a0t\u00e9moignage d\u00e9taill\u00e9 de L\u00e9a, participante au stage de septembre 2017, pour avoir une id\u00e9e de ce que vous avez la libert\u00e9 de vivre avec les chevaux. Il suffit de cliquer ici:\u00a0<\/strong><a href=\"https:\/\/test2.under-construction.work\/2017\/10\/29\/temoignages-sur-le-stage-2-jours-pour-se-connecter-a-soi-au-cheval-au-monde\/\" target=\"_blank\" rel=\"noopener\">Dates des 3 stages 2018 &amp; t\u00e9moignages: \u00ab\u00a0se connecter \u00e0 soi, au cheval, au monde\u00a0\u00bb (cheval-miroir &amp; hypnose), en\u00a0Loz\u00e8re<\/a><\/p>\n<blockquote>\n<p style=\"text-align:center;\"><strong>T\u00e9moignage sur les ateliers reli\u00e9s \u00e0 la nature (un jour et demi)<\/strong><\/p>\n<\/blockquote>\n<p>J&rsquo;ai d\u00e9couverts que l&rsquo;exercice \u00ab\u00a0observer un objet et se fondre en lui\u00a0\u00bb \u00e9tait une pratique courante pour moi lorsque j&rsquo;\u00e9tais enfant et jeune adulte. Cet objet peut \u00eatre sonore (c&rsquo;est + facile pour moi et cela me permet d&rsquo;enseigner le violoncelle par exemple), visuel. Je ne sais si conceptuel est possible. C&rsquo;\u00e9tait m\u00eame tellement courant que je ne savais plus vraiment qui j&rsquo;\u00e9tais ni ce que pouvait signifier le mot r\u00e9alit\u00e9. Tu as fais une intervention la-dessus au cours du stage et \u00e7a ma fortement aid\u00e9e \u00e0 pr\u00e9ciser ma pens\u00e9e et mon mode d&rsquo;\u00eatre au monde.<\/p>\n<p>Pendant le stage j&rsquo;ai d\u00e9couvert que je n&rsquo;\u00e9tais pas la seule \u00e0 \u00eatre un peu \u00ab\u00a0bizarre\u00a0\u00bb cad entendre les gens par exemple avec des sons,(certains sons annoncent un accidents de sant\u00e9 proche, je l&rsquo;ai v\u00e9rifi\u00e9 plusieurs fois), parfois des couleurs,des densit\u00e9, savoir mot pour mot ce que la personne en face de moi va dire, \u00ab\u00a0voir\u00a0\u00bb des choses cad avoir la certitude sur le moment qu&rsquo;elles vont se produire et les voir advenir parfois plusieurs mois\/ann\u00e9es apr\u00e8s. Ces diff\u00e9rences \u00e9taient tellement insupportables et parfois handicapantes qu&rsquo;\u00e0 un moment j&rsquo;ai tout arr\u00eat\u00e9: je me suis interdit de voir, entendre, sentir, dire&#8230; Au cours du stage, prendre conscience que je n&rsquo;\u00e9tais pas seule \u00e7a ma dr\u00f4lement rassur\u00e9e et donc j&rsquo;ai \u00e9t\u00e9 heureuse de retrouver un peu de ces sensations parce qu&rsquo;au fond elles sont moi et c&rsquo;est comme \u00e7a et aujourd&rsquo;hui \u00e7a me va. Je n&rsquo;ai plus peur!!<\/p>\n<p>Ce stage m&rsquo;a permis de me pr\u00e9ciser -et \u00e0 mon insu en plus!- ce vers quoi je veux diriger ma vie: la connaissance de ma f\u00e9minit\u00e9. Comme par hasard stage en vue&#8230;<\/p>\n<p>Une remarque : le lendemain du stage ma maman m&rsquo;a donn\u00e9 une revue pile sur ce sujet. Donc j&rsquo;ai renou\u00e9 avec ce qui m&rsquo;arrivais auparavant. Je pense, je visualise tranquillement sur des sentiments profonds et zou, la r\u00e9ponse arrive.<\/p>\n<p>Pour r\u00e9sumer et faire court j&rsquo;ai renou\u00e9 avec une partie de moi-m\u00eame et vais en d\u00e9couvrir d&rsquo;autres.<\/p>\n<p>Pendant le stage je n&rsquo;ai pas eu conscience du tout d&rsquo;\u00eatre \u00ab\u00a0perch\u00e9e\u00a0\u00bb ou d&rsquo;avoir \u00e9largi un champs de conscience&#8230; Le retour \u00e0 la vie civile et quotidienne m&rsquo;a montr\u00e9 \u00e0 quel point j&rsquo;avais \u00e9t\u00e9 transform\u00e9e, ouverte de nouveau. Une \u00e9nergie latente s&rsquo;est affirm\u00e9e.<\/p>\n<p>Rmq: sur le moment j&rsquo;ai trouv\u00e9 que tu parlais beaucoup, que tu te racontais beaucoup. Aujourd&rsquo;hui je ne sais pas.<\/p>\n<p>J&rsquo;ai aim\u00e9 lorsque apr\u00e8s avoir observ\u00e9 un \u00ab\u00a0objet\u00a0\u00bb nous avons racont\u00e9 chacune notre \u00ab\u00a0voyage\u00a0\u00bb j&rsquo;ai pris conscience combien nos monde int\u00e9rieurs sont diff\u00e9rents et cela m&rsquo;a \u00e9merveill\u00e9e.<\/p>\n<p>J&rsquo;ai aim\u00e9 ta ponctualit\u00e9.<\/p>\n<p>J&rsquo;ai aim\u00e9 le voyage sonore avec le boa, la femme sur la plage&#8230; J&rsquo;en garde encore la vision que je m&rsquo;en \u00e9tais faite et \u00e7a me fait du bien. Ainsi que l&rsquo;\u00e9change avec les participantes : de nouveau des mondes si divers, \u00e0 l&rsquo;infini&#8230;<\/p>\n<blockquote>\n<p style=\"text-align:center;\"><strong>T\u00e9moignage sur un travail de plateau au sein d&rsquo;une cr\u00e9ation en arts de la sc\u00e8ne (un jour et demi)<br \/>\n<\/strong><\/p>\n<\/blockquote>\n<p>De mani\u00e8re g\u00e9n\u00e9rale, l&rsquo;exp\u00e9rience \u00e9tait tr\u00e8s int\u00e9ressante, j&rsquo;ai eu le sentiment qu&rsquo;elle tombait \u00e0 pic du travail fait pr\u00e9c\u00e9demment, plus formel et plus dans la construction que dans la mati\u00e8re elle-m\u00eame.<br \/>\nCa m&rsquo;a fait du bien de redescendre des concepts ou des repr\u00e9sentations pour retravailler la base, le terrain, les fondements.<\/p>\n<p>J&rsquo;ai eu le sentiment que le cadre disparaissait ou tout du moins que j&rsquo;\u00e9tais capable de l&rsquo;oublier par un double mouvement, \u00e0 la fois \u00e0 l&rsquo;int\u00e9rieur de la mati\u00e8re et inversement dans une perception plus globale de l&rsquo;environnement, quand les choses vont \u00e0 travers soi ou quand je me sentais dissolu dans une unit\u00e9.<br \/>\nLes points d&rsquo;acc\u00e8s, les portes et les clefs de ces portes sont des outils que j&rsquo;aimerais retravailler. C&rsquo;est assez d\u00e9concertant.<\/p>\n<p>Comme la technique semble simple et comme j&rsquo;ai du mal \u00e0 me donner ou me rappeler ce genre d&rsquo;outil pour ne pas me laisser d\u00e9border par des sentiments.<br \/>\nEn fait le cadre du travail de la performance m&rsquo;a fortement aid\u00e9 \u00e0 accepter le travail avec hypnose, car j&rsquo;\u00e9tais d\u00e9j\u00e0 volontairement dans l&rsquo;acceptation et le non jugement de pratiques qui ne me sont pas habituelles. L&rsquo;attrait pour des nouvelles exp\u00e9riences n&rsquo;y est pas pour rien, et le laisser aller qui en d\u00e9coule se fait plus ais\u00e9ment.<\/p>\n<p>J&rsquo;ai particuli\u00e8rement aim\u00e9 les sentiments de se concentrer sur quelque chose et d&rsquo;en ressentir des vertiges ou de l&rsquo;apaisement, \u00e7a se rapproche un peu des sensations que je peux avoir sur sc\u00e8ne quand une \u00e9mulation un peu magique se fait, proche de l&rsquo;extase.<br \/>\n\u00e7a se rapproche aussi de l&rsquo;abandon de soi .<\/p>\n<p>Le rapport \u00e0 l&rsquo;intime est assez ambigu en groupe, car je l&rsquo;ai clairement laiss\u00e9 venir sans avoir le sentiment que c&rsquo;\u00e9tait non \u00e0 propos.<br \/>\nApr\u00e8s les outils que j&rsquo;ai construit ici sont rest\u00e9 l\u00e0-bas avec le travail de plateau&#8230; genre le travail est fini.<br \/>\nDans le rapport aux autres je pense qu&rsquo;il y a eu une \u00e9mulation par le fait de sentir tout le monde au travail dans quelque chose de profond, plus d&rsquo;attentif, plus concentr\u00e9.<\/p>\n<p>Il est tr\u00e8s difficile de parler de ta m\u00e9thodologie car \u00e0 partir du moment ou tu acceptes le travail tu rentres dans le non jugement de la m\u00e9thode, c&rsquo;est trop complexe d&rsquo;en parler car j&rsquo;ai l&rsquo;impression que les qualit\u00e9s peuvent-\u00eatre des d\u00e9faut et les d\u00e9faut des qualit\u00e9s. Par exemple l&rsquo;intonation de ta voix monocorde \u00e0 pu me faire sortir du travail parce que je me suis poser la question du ton et de pourquoi (car je l&rsquo;y associais au ton journalistique) et en m\u00eame elle m&rsquo;a donn\u00e9 la possibilit\u00e9 de l&rsquo;oublier.<br \/>\nEn tous les cas le fait que tu sois sur le plateau est hyper important et la l\u00e9g\u00e8ret\u00e9 avec laquelle tu m\u00e8nes l&rsquo;exp\u00e9rience est bienvenue, je n&rsquo;ai pas ressenti de crispation.<br \/>\nPar contre je ne per\u00e7ois pas l&rsquo;int\u00e9r\u00eat d&rsquo;un travail en groupe sans projet commun au pr\u00e9alable.<\/p>\n<p>Pour mieux nommer les outils que j&rsquo;ai utilis\u00e9 et pour les sortir du travail fait au plateau<br \/>\nj&rsquo;ai le sentiment qu&rsquo;il faudra une rencontre individuelle<\/p>\n<p>&nbsp;<\/p>\n","protected":false},"excerpt":{"rendered":"<p>&nbsp; T\u00e9moignage sur les stages \u00ab\u00a0cheval-miroir et hypnose\u00a0\u00bb En attendant les d\u00e9tails (les trois stages seront diff\u00e9rents), vous pouvez lire le\u00a0t\u00e9moignage d\u00e9taill\u00e9 de L\u00e9a, participante au stage de septembre 2017, pour avoir une id\u00e9e de ce que vous avez la libert\u00e9 de vivre avec les chevaux. Il suffit de cliquer ici:\u00a0Dates des 3 stages 2018 [&hellip;]<\/p>\n","protected":false},"author":2,"featured_media":0,"parent":2561,"menu_order":0,"comment_status":"closed","ping_status":"closed","template":"","meta":{"footnotes":""},"class_list":["post-5308","page","type-page","status-publish","hentry"],"_links":{"self":[{"href":"https:\/\/test2.under-construction.work\/index.php\/wp-json\/wp\/v2\/pages\/5308","targetHints":{"allow":["GET"]}}],"collection":[{"href":"https:\/\/test2.under-construction.work\/index.php\/wp-json\/wp\/v2\/pages"}],"about":[{"href":"https:\/\/test2.under-construction.work\/index.php\/wp-json\/wp\/v2\/types\/page"}],"author":[{"embeddable":true,"href":"https:\/\/test2.under-construction.work\/index.php\/wp-json\/wp\/v2\/users\/2"}],"replies":[{"embeddable":true,"href":"https:\/\/test2.under-construction.work\/index.php\/wp-json\/wp\/v2\/comments?post=5308"}],"version-history":[{"count":0,"href":"https:\/\/test2.under-construction.work\/index.php\/wp-json\/wp\/v2\/pages\/5308\/revisions"}],"up":[{"embeddable":true,"href":"https:\/\/test2.under-construction.work\/index.php\/wp-json\/wp\/v2\/pages\/2561"}],"wp:attachment":[{"href":"https:\/\/test2.under-construction.work\/index.php\/wp-json\/wp\/v2\/media?parent=5308"}],"curies":[{"name":"wp","href":"https:\/\/api.w.org\/{rel}","templated":true}]}}