{"id":883,"date":"2015-12-25T19:02:27","date_gmt":"2015-12-25T18:02:27","guid":{"rendered":"https:\/\/marielisel.com\/?page_id=883"},"modified":"2015-12-25T19:02:27","modified_gmt":"2015-12-25T18:02:27","slug":"seances","status":"publish","type":"page","link":"https:\/\/test2.under-construction.work\/index.php\/seances\/","title":{"rendered":"Conditions des s\u00e9ances"},"content":{"rendered":"<blockquote>\n<p style=\"text-align:center;\"><strong>CONTACT PAR EMAIL<br \/>\n<\/strong><\/p>\n<\/blockquote>\n<p style=\"text-align:justify;\"><strong>Pour une s\u00e9ance, contactez-moi uniquement par lisellesil@gmail.com. Si vous en avez besoin, nous prendrons un rendez-vous t\u00e9l\u00e9phonique pr\u00e9alable \u00e0 la s\u00e9ance (je ne r\u00e9ponds pas au tel directement et je n&rsquo;\u00e9coute pas les messages audio).<br \/>\n<\/strong><\/p>\n<p style=\"text-align:justify;\">N&rsquo;h\u00e9sitez pas \u00e0 <strong>doubler vos messages<\/strong>, je voyage beaucoup&#8230; je fais 1001 trucs et il m&rsquo;arrive dans la course de louper un mail.<\/p>\n<p style=\"text-align:justify;\">Par mail, je m&rsquo;assure que nous pouvons travailler ensemble selon les <a href=\"https:\/\/test2.under-construction.work\/seances\/indications-de-lhypnose\/\" target=\"_blank\" rel=\"noopener\">indications<\/a> et <a href=\"https:\/\/test2.under-construction.work\/seances\/contre-indications-et-precautions\/\" target=\"_blank\" rel=\"noopener\">contre-indications<\/a> et selon votre demande. Je r\u00e9ponds \u00e9galement \u00e0 vos questions.<\/p>\n<p style=\"text-align:justify;\">Si vous le d\u00e9sirez, nous pouvons aussi nous parler lors d&rsquo;un rendez-vous t\u00e9l\u00e9phonique. C&rsquo;est possible mais pas n\u00e9cessaire.<\/p>\n<p>Merci de lire, avant la premi\u00e8re s\u00e9ance, le\u00a0 <a href=\"https:\/\/test2.under-construction.work\/contrat-dengagement\/\">Contrat d\u2019engagement.<\/a><\/p>\n<p style=\"text-align:justify;\">Voil\u00e0&#8230; bienvenue!<\/p>\n<blockquote>\n<p style=\"text-align:center;\"><strong>TARIFS<br \/>\n<\/strong><\/p>\n<p><strong>Tarif r\u00e9duit: <\/strong>coll\u00e8gues hypnos ou artistes, \u00e9tudiant.e.s &#8211; de 25 ans, \u00e9tudiant.e de l&rsquo;ARCHE, personne au ch\u00f4mage ou au RSA.<\/p>\n<p><strong>Tarif tr\u00e8s r\u00e9duit<\/strong>: en cas de difficult\u00e9s financi\u00e8res ponctuelles, parlons-en. Priorit\u00e9 aux personnes LGBTQIA+<\/p>\n<p><strong>S\u00e9ances suspendues:<\/strong> participez aux s\u00e9ances \u00e0 celleux qui en ont besoin en payant plus que votre s\u00e9ance (vos dons vont dans la caisse des tarifs tr\u00e8s r\u00e9duits pour que je ne sois pas la seule \u00e0 l&rsquo;alimenter).<\/p>\n<p><strong>S\u00e9ance annul\u00e9e moins de 24h en amont<\/strong>: je prends en charge la moiti\u00e9 et vous la moiti\u00e9. Vous me payez donc une demi-s\u00e9ance, selon le <a href=\"https:\/\/test2.under-construction.work\/contrat-dengagement\/\">Contrat d\u2019engagement<\/a><\/p>\n<p><strong>Visio:<\/strong> 60 pour 1h (uniquement en rdv r\u00e9guliers et rapproch\u00e9s), 75 pour 1h15 (longueur normale), 90 pour 1h30 (s\u00e9ance longue). Tarif r\u00e9duit: r\u00e9duction de 10 euros par s\u00e9ance d&rsquo;1h30, 1h15 et 1h (donc 80, 65, 50 euros).<\/p>\n<p><strong>Pr\u00e9sentiel \u00e0 Paris<\/strong>: 90 (75 en r\u00e9duit, moins en tr\u00e8s r\u00e9duit) pour une s\u00e9ance normale d&rsquo;1h-1h15, pour une s\u00e9ance longue 1h30-1h45: 120 (110 en r\u00e9duit) et 150 pour une s\u00e9ance double.<\/p>\n<p><strong>Pr\u00e9sentiel ailleurs<\/strong>: 75 (65 en r\u00e9duit) pour 1h-1h15, 105 (90 en r\u00e9duit) pour 1h30-1h45, 140 (120 en r\u00e9duit) pour 2h-2h15.<\/p>\n<p><strong>Travers\u00e9es en nature ou ailleurs<\/strong>: 105 (90 en r\u00e9duit) pour 1h30-1h45, 150 (130 en r\u00e9duit) pour 2h-2h15, 220 (200 en r\u00e9duit) pour 3h, 290 (270 en r\u00e9duit) pour 4h, 350 (330 en r\u00e9duit) pour 5-6h (journ\u00e9e avec une pause: autohypnose, r\u00eave \u00e9veill\u00e9, rituel).<\/p>\n<p><strong>Discussions:<\/strong> pour des \u00e9changes sur un sujet qui vous int\u00e9resse ou du coaching de coll\u00e8gue ou d&rsquo;artiste sur un point technique ou pour la mise en place d&rsquo;un rituel. Comptez le prix r\u00e9duit de visio quel que soit votre statut, \u00e0 partir de 30 minutes (25 euros), 45 minutes (40 euros), 60 min (50 euros). Pas de r\u00eave ni d&rsquo;hypnose, seulement du coaching .<\/p>\n<p><strong>Pac de 10<\/strong>: si vous prenez 10 s\u00e9ances d&rsquo;un coup, la 10\u00e8me est gratuite, que ce soit en tarif normal ou r\u00e9duit. Elles sont valables une ann\u00e9e. Vous me faites alors <a href=\"https:\/\/test2.under-construction.work\/seances\/virements-bancaires\/\">un virement<\/a> pour 9 s\u00e9ances avec la mention pr\u00e9sentiel\/visio, normal\/r\u00e9duit et la dur\u00e9e 1h15 ou autres.<\/p>\n<p><b>D\u00e9placements<\/b>: selon la dur\u00e9e de l&rsquo;aller\/retour et la dur\u00e9e des s\u00e9ances de travail, \u00e0 discuter. D\u00e9placement gratuit dans Paris intramuros avec un certificat notant que vous \u00eates \u00e0 mobilit\u00e9 r\u00e9duite, pour des s\u00e9ances longues, double, etc.<\/p>\n<p><strong>Accompagnement de cr\u00e9ation:<\/strong><\/p>\n<ul>\n<li><strong>Pr\u00e9paration de collaboration en 50\/50 <\/strong>: on bosse chacun.e sans se payer. Pas d&rsquo;hypnose ni de r\u00eave, juste de l&rsquo;\u00e9criture, des \u00e9changes de mots-cl\u00e9s et d&rsquo;id\u00e9es en discussion pour trouver notre ligne. Puis r\u00e9daction partag\u00e9e, recherche d&rsquo;un lieu, r\u00e9p\u00e9titions&#8230;<\/li>\n<li><strong>S\u00e9ances individuelle pour la cr\u00e9ation (cr\u00e9ateur.isse, interpr\u00e8te, technicien.ne&#8230;)<\/strong> dans le cadre de la cr\u00e9ation: 1h15: 65 euros, 1h30: 80 euros (voir les prix visios en tarif r\u00e9duit appliqu\u00e9s en pr\u00e9sentiel)<strong><br \/>\n<\/strong><\/li>\n<li><strong>Accompagnement de cr\u00e9ation sur plateau, en atelier:<\/strong> 1h30: 100 euros, 2h: 130 \/ 3h: 180 euros, 4h: 240, 5h : 300 (5-6h sur plateau = journ\u00e9e).<\/li>\n<li><b>D\u00e9placements<\/b>: selon la dur\u00e9e de l&rsquo;aller\/retour et la dur\u00e9e des s\u00e9ances de travail, \u00e0 discuter.<\/li>\n<\/ul>\n<\/blockquote>\n<figure id=\"attachment_14762\" aria-describedby=\"caption-attachment-14762\" style=\"width: 904px\" class=\"wp-caption alignnone\"><img loading=\"lazy\" decoding=\"async\" class=\"alignnone size-full wp-image-14762\" src=\"https:\/\/test2.under-construction.work\/wp-content\/uploads\/2020\/06\/capture-de28099ecc81cran-2020-06-03-acc80-18.45.26.png\" alt=\"Capture d\u2019\u00e9cran 2020-06-03 \u00e0 18.45.26\" width=\"904\" height=\"545\" \/><figcaption id=\"caption-attachment-14762\" class=\"wp-caption-text\">Fifi Brindacier<\/figcaption><\/figure>\n<blockquote>\n<p style=\"text-align:center;\"><strong>DUREE, ESPACEMENT DES SEANCES<br \/>\n<\/strong><\/p>\n<\/blockquote>\n<p><strong>ESPACEMENT<\/strong><\/p>\n<p style=\"text-align:justify;\">Apr\u00e8s la premi\u00e8re s\u00e9ance, nous convenons d&rsquo;un processus:<\/p>\n<ul style=\"text-align:justify;\">\n<li><strong>s\u00e9ances ponctuelles<\/strong> (certaines personnes viennent une fois tous les X mois, selon leurs besoins)<\/li>\n<li><strong>d\u00e9but de suivi<\/strong> (cycles de 3 s\u00e9ances, la derni\u00e8re \u00e9tant une s\u00e9ance de cl\u00f4ture ou suivie d&rsquo;une autre s\u00e9ance, selon vos besoins)<\/li>\n<li><strong>suivi r\u00e9gulier<\/strong> (toutes les 1 \u00e0 4 semaines, avec une s\u00e9ance de cl\u00f4ture \u00e0 la fin du cycle).<\/li>\n<\/ul>\n<p style=\"text-align:justify;\"><b>Les s\u00e9ances ponctuelles <\/b>se font \u00e0 la demande, de fa\u00e7on irr\u00e9guli\u00e8re, une fois tous les quelques mois, pour une remise \u00e0 niveau ponctuelle selon les besoins, un peu comme l&rsquo;on se rend chez l&rsquo;osth\u00e9o, quelques fois par an quand \u00e7a coince.<\/p>\n<p style=\"text-align:justify;\"><b>Les s\u00e9ances r\u00e9guli\u00e8res <\/b>sont espac\u00e9es de 1 \u00e0 4 semaines (pour travailler sur un objectif de fa\u00e7on r\u00e9guli\u00e8re) et se terminent par une s\u00e9ance de cl\u00f4ture de cycle.<\/p>\n<p style=\"text-align:justify;\"><strong>La plupart du temps, il y a besoin de moins de 10 s\u00e9ances par objectif<\/strong>. Apr\u00e8s, vous \u00eates libres de stopper, de faire une pause ou d&rsquo;enchainer avec un autre objectif.<\/p>\n<p><strong>Le pac de 9+1<\/strong> vous permet de r\u00e9cup\u00e9rer 10 pourcents.<\/p>\n<p><strong>DUREE<\/strong><\/p>\n<ul style=\"text-align:justify;\">\n<li>s\u00e9ance normale: 1h-1h15<\/li>\n<li>s\u00e9ance longue: 1h30-1h45<\/li>\n<li>s\u00e9ance double: 2h-2h15<\/li>\n<li>travers\u00e9es: 3h, 4h, 5h, 6h-7h (les travers\u00e9es permettent de combiner une balade hypnotique, un rituel en nature, un r\u00eave \u00e9veill\u00e9, des exercices d&rsquo;auto-hypnose, une hypnose en compagnie de votre animal, un chant spontan\u00e9 \u00e0 deux&#8230;)<\/li>\n<\/ul>\n<p><strong>PAIEMENT<\/strong><\/p>\n<ul>\n<li>ch\u00e8que<\/li>\n<li><a href=\"https:\/\/test2.under-construction.work\/seances\/virements-bancaires\/\">virement bancaire direct<\/a><\/li>\n<li>cash (pr\u00e9voyez la monnaie exacte)<\/li>\n<\/ul>\n<blockquote>\n<p style=\"text-align:center;\"><strong>CABINET NOMADE<br \/>\n<\/strong><\/p>\n<\/blockquote>\n<ul style=\"text-align:justify;\">\n<li><strong>Paris<\/strong> (12\u00e8 arrondissement)<\/li>\n<li><strong>Bruxelles<\/strong> (Dansaert), j&rsquo;y re\u00e7ois 2jours par mois hors p\u00e9riode Covid19<\/li>\n<li><strong>N&rsquo;importe o\u00f9<\/strong> dans le monde, par <strong><a href=\"https:\/\/test2.under-construction.work\/seances\/seance-par-skype\/\" target=\"_blank\" rel=\"noopener noreferrer\">Visioconf\u00e9rence<\/a><\/strong><\/li>\n<li><strong>Chez vous<\/strong>: je me d\u00e9place sans frais \u00e0 Paris et Bruxelles intra muros pour une s\u00e9ance double et avec des frais plus loin<\/li>\n<li><strong>Nature<\/strong>: Bois de Vincennes, Bois de la Cambre, parcs, for\u00eat, pr\u00e9 des chevaux, paddock, plage, lac, bateau&#8230;<\/li>\n<li><strong>Tatami, terrain de&#8230;<\/strong><\/li>\n<li><strong>Mus\u00e9e, galerie<\/strong>, <strong>atelier, plateau, studio &#8230;<\/strong><\/li>\n<li><strong>Festival<\/strong><\/li>\n<li><strong>Entreprise \u00e9thique<br \/>\n<\/strong><\/li>\n<li><strong>J&rsquo;aime voyager<\/strong>&#8230; il m&rsquo;est possible de partir quelques jours si vous regroupez des s\u00e9ances et\/ou ateliers hors de mes deux villes. Invitez-moi \ud83d\ude42 Je travaille aussi \u00e0 <strong>Berlin, Montpellier, en Loz\u00e8re, dans les C\u00e9vennes, en Gaume<\/strong>&#8230;<\/li>\n<\/ul>\n<figure id=\"attachment_14761\" aria-describedby=\"caption-attachment-14761\" style=\"width: 2000px\" class=\"wp-caption alignnone\"><img loading=\"lazy\" decoding=\"async\" class=\"alignnone size-full wp-image-14761\" src=\"https:\/\/test2.under-construction.work\/wp-content\/uploads\/2020\/06\/101549567_585559125716459_8741645970904711168_n.jpg\" alt=\"101549567_585559125716459_8741645970904711168_n\" width=\"2000\" height=\"1500\" \/><figcaption id=\"caption-attachment-14761\" class=\"wp-caption-text\">Gaume, printemps 2020<\/figcaption><\/figure>\n<blockquote>\n<p style=\"text-align:center;\"><strong>VISIOCONFERENCE <\/strong><\/p>\n<\/blockquote>\n<p style=\"text-align:justify;\">La dur\u00e9e des visio-s\u00e9ances peut varier, selon votre entrainement et selon vos pr\u00e9f\u00e9rences. Vous me payez par <a href=\"https:\/\/test2.under-construction.work\/seances\/virements-bancaires\/\">virement bancaire direct<\/a>.<\/p>\n<p style=\"text-align:justify;\"><strong>Le sch\u00e9ma habituel est de 1h15. Mais je peux m&rsquo;adapter.<br \/>\n<\/strong><\/p>\n<ul style=\"text-align:justify;\">\n<li><strong>45 min<\/strong> (uniquement pour des s\u00e9ances hebdomadaires o\u00f9 l\u2019on reprend le fil de l\u2019entrainement sans pretalk avec des personnes qui bossent en autohypnose tous les autres jours de la semaine) <strong>45 euros \/ 40 euros<\/strong> en tarif r\u00e9duit<\/li>\n<li><strong>1h<\/strong> (\u00e0 partir de la seconde s\u00e9ance avec moins de 15 jours entre deux s\u00e9ances) <strong>60 euros \/ 50 euros<\/strong> en tarif r\u00e9duit<\/li>\n<li><strong>1h15 (dur\u00e9e normale) 75 \/ 65 euros en tarif r\u00e9duit<\/strong><\/li>\n<\/ul>\n<p style=\"text-align:justify;\">On peut aussi prendre son temps&#8230;<\/p>\n<ul style=\"text-align:justify;\">\n<li><strong>1h30<\/strong> (on prend du temps de coaching et d\u2019hypnose en deux partie de s\u00e9ance) <strong>90 \/ 80<\/strong> euros en tarif r\u00e9duit<\/li>\n<li><strong>1h45 <\/strong>(tr\u00e8s \u00e0 l\u2019aise) <strong>105 \/ 95<br \/>\n<\/strong><\/li>\n<li><strong>2h<\/strong> (super \u00e0 l\u2019aise) <strong>120 \/ 110<\/strong><\/li>\n<\/ul>\n<p style=\"text-align:justify;\"><strong>Tarif r\u00e9duit<\/strong>: statut d\u2019artiste, coll\u00e8gue hypno, \u00e9tudiant.e de l\u2019Arche, personne au ch\u00f4mage ou RSA, \u00e9tudiant.e de moins de 25 ans, demande particuli\u00e8re (\u00e0 discuter en amont).<\/p>\n<p><strong>Tarif tr\u00e8s r\u00e9duit<\/strong>: en cas de difficult\u00e9s financi\u00e8res ponctuelles, parlons-en. Priorit\u00e9 aux personnes LGBTQIA+<\/p>\n<p style=\"text-align:justify;\">Bienvenue dans mon espace de travail virtuel!<\/p>\n<p style=\"text-align:justify;\"><a href=\"https:\/\/test2.under-construction.work\/seances\/seance-par-skype\/\" target=\"_blank\" rel=\"noopener\">Les t\u00e9moignages de visio-s\u00e9ances sont sur cette page.<\/a><\/p>\n<p><img loading=\"lazy\" decoding=\"async\" class=\"alignnone size-full wp-image-11818\" src=\"https:\/\/test2.under-construction.work\/wp-content\/uploads\/2018\/12\/46988683_2188700571195932_3887043186400428032_n.jpg\" alt=\"46988683_2188700571195932_3887043186400428032_n\" width=\"564\" height=\"564\" \/><\/p>\n<blockquote>\n<p style=\"text-align:center;\"><strong>SEANCES EN PRESENTIEL<\/strong><\/p>\n<\/blockquote>\n<p class=\"has-text-align-justify\"><strong>Pr\u00e9cautions covid en s\u00e9ance en pr\u00e9sentiel \u00e0 Paris<\/strong><\/p>\n<p class=\"has-text-align-justify\">Vous arrivez avec un masque et votre gel hydroalcoolique, vous passez la porte sans la toucher, vous enlevez vos chaussures et vous vous installez dans le fauteuil (je nettoie ou change sa protection pour chaque personne), avec ou sans masque, selon votre choix. Je m\u2019installe \u00e0 3m de vous et je garde ou enl\u00e8ve mon masque selon votre choix. Nous pouvons travailler fen\u00eatre ouverte ou ferm\u00e9e (j\u2019a\u00e8re entre les personnes qui viennent). En fin de s\u00e9ance, vous r\u00e9glez en cash (pr\u00e9voyez la monnaie) ou en ch\u00e8que ou en <a href=\"https:\/\/test2.under-construction.work\/seances\/virements-bancaires\/\">virement bancaire direct<\/a>, vous remettez vos chaussures et votre masque (et moi le mien) pour le croisement de la sortie.<\/p>\n<p>Je reviendrai mensuellement en <strong>s\u00e9ance \u00e0 Bruxelles<\/strong> apr\u00e8s la crise, pour le moment, je propose uniquement des visios et cela fonctionne tr\u00e8s bien.<\/p>\n<p><strong>Des accompagnements de parisien.ne.s passent aussi par la visio<\/strong> pour le moment par s\u00e9curit\u00e9. Je pratique les deux. Choisissez.<\/p>\n<p style=\"text-align:justify;\"><strong>S\u00e9ance normale (1h-1h15)<\/strong><\/p>\n<ul style=\"text-align:justify;\">\n<li>Paris: 90 en tarif normal &#8211; 75 en tarif r\u00e9duit<\/li>\n<li>Bruxelles: 75 en tarif normal &#8211; 65 en tarif r\u00e9duit<\/li>\n<li>Ailleurs: idem Bruxelles ou moins selon l&rsquo;usage du coin (\u00e0 la campagne on part sur 65)<\/li>\n<li>Trois tarifs pour la s\u00e9ance normale de 1h-1h15\n<ul>\n<li><strong>tarif de base<\/strong><\/li>\n<li><strong>tarif r\u00e9duit<\/strong>: coll\u00e8gues hypnos, coll\u00e8gues artistes (professionnel.le.s), \u00e9tudiant.e.s de l&rsquo;ARCHE, personnes au ch\u00f4mage, RSA, \u00e9tudiant.e.s de moins de 25 ans<\/li>\n<li><strong>Tarif tr\u00e8s r\u00e9duit<\/strong>: en cas de difficult\u00e9s financi\u00e8res ponctuelles, parlons-en. Priorit\u00e9 aux personnes LGBTQIA+<\/li>\n<li><strong>s\u00e9ances suspendues<\/strong>: vous donnez plus que le prix de votre s\u00e9ance pour la caisse de solidarit\u00e9 des tarifs tr\u00e8s r\u00e9duits<\/li>\n<\/ul>\n<\/li>\n<\/ul>\n<p><strong>S\u00e9ance longue (1h30-1h45)<br \/>\n<\/strong><\/p>\n<ul>\n<li>120 \/ 110 en r\u00e9duit \u00e0 Paris<\/li>\n<li>105 \/ 95 \u00e0 Bruxelles et ailleurs<\/li>\n<\/ul>\n<p><strong>S\u00e9ance double et travers\u00e9es<br \/>\n<\/strong><\/p>\n<ul>\n<li>s\u00e9ance double: 2h15: 150<\/li>\n<li>travers\u00e9es de 3h: 225, 4h: 300, 5h: 375, 6h ou 7h: 450<\/li>\n<\/ul>\n<p>Les travers\u00e9es permettent de combiner diff\u00e9rents vaisseaux: une balade hypnotique, un rituel en nature, un r\u00eave \u00e9veill\u00e9, des exercices d&rsquo;auto-hypnose, une hypnose en compagnie de votre animal, un chant spontan\u00e9 \u00e0 deux&#8230; Le d\u00e9placement est en sus.<\/p>\n<p style=\"text-align:justify;\"><strong>S\u00e9ances suspendues<br \/>\n<\/strong><\/p>\n<p style=\"text-align:justify;\">Vous pouvez aider les personnes qui n&rsquo;ont pas les moyens, en payant <strong>plus que votre s\u00e9ance, pour participer aux<\/strong> <strong>s\u00e9ances suspendues.\u00a0<\/strong><\/p>\n<p style=\"text-align:justify;\">Vous me payez par ch\u00e8que, cash (pr\u00e9voyez la monnaie) ou <a href=\"https:\/\/test2.under-construction.work\/seances\/virements-bancaires\/\">virement bancaire direct<\/a>.<\/p>\n<figure id=\"attachment_14394\" aria-describedby=\"caption-attachment-14394\" style=\"width: 2431px\" class=\"wp-caption alignnone\"><img loading=\"lazy\" decoding=\"async\" class=\"alignnone size-full wp-image-14394\" src=\"https:\/\/test2.under-construction.work\/wp-content\/uploads\/2020\/05\/marie-2.jpg\" alt=\"Marie 2\" width=\"2431\" height=\"3638\" \/><figcaption id=\"caption-attachment-14394\" class=\"wp-caption-text\">Accompagnement des MagieS int\u00e9rieures en nature (stage avec les chevaux, Loz\u00e8re)<\/figcaption><\/figure>\n<blockquote>\n<p style=\"text-align:center;\"><strong>A LIRE<\/strong><\/p>\n<\/blockquote>\n<ul style=\"text-align:justify;\">\n<li><a href=\"https:\/\/test2.under-construction.work\/les-outils-de-la-praticienne\/lhypnose\/\">L&rsquo;hypnose \u00e9ricksonienne<\/a><\/li>\n<li>Pour qui?\u00a0<a href=\"https:\/\/test2.under-construction.work\/seances\/indications-de-lhypnose\/\" target=\"_blank\" rel=\"noopener noreferrer\">Indications de l&rsquo;hypnose<\/a><\/li>\n<li>Contre-indications : <a href=\"https:\/\/test2.under-construction.work\/seances\/contre-indications-et-precautions\/\" target=\"_blank\" rel=\"noopener noreferrer\">Contre-indications de l&rsquo;hypnose<\/a><\/li>\n<li>Comment?<a href=\"https:\/\/test2.under-construction.work\/contact-et-formulaire\/deroulement-dune-seance-dhypnose\/\"> D\u00e9roulement d\u2019une s\u00e9ance d\u2019hypnose<\/a><\/li>\n<li>Pr\u00e9sentation de votre accompagnante: <a href=\"https:\/\/test2.under-construction.work\/a-propos\/\" target=\"_blank\" rel=\"noopener noreferrer\">Marie Lisel<\/a><\/li>\n<li>Nous sommes du m\u00eame champ? :<a href=\"https:\/\/test2.under-construction.work\/et-si-on-se-connait-prend-on-des-amis-potes-connaissances-collegues-en-seance\/\" target=\"_blank\" rel=\"noopener noreferrer\"> Et si on se connait?<\/a><\/li>\n<li>Bienvenue aux licornes:<a href=\"https:\/\/test2.under-construction.work\/licornes-zebres-loutres-nonnes-none-bienvenue\/\" target=\"_blank\" rel=\"noopener noreferrer\"> Inclusivit\u00e9<\/a><\/li>\n<li>Par<strong>\u00a0<a href=\"https:\/\/test2.under-construction.work\/seances\/seance-par-skype\/\" target=\"_blank\" rel=\"noopener noreferrer\">Skype<\/a><\/strong><\/li>\n<li>Des exemples?:<a href=\"https:\/\/test2.under-construction.work\/seance-hypnose\/anecdotes-et-retours-de-seances\/\"> Anecdotes et t\u00e9moignages de s\u00e9ances<\/a><\/li>\n<li>Ma garantie:<a href=\"https:\/\/test2.under-construction.work\/charte-ethique\/\"> Charte \u00e9thique de l\u2019Arche<\/a><\/li>\n<li>Autre garantie:\u00a0 <a href=\"http:\/\/www.arche-hypnose.com\/la-liste-des-praticiens-de-larche\/\">liste des praticiens recommand\u00e9s par l&rsquo;Arche<\/a><\/li>\n<li>A lire avant de venir:<a href=\"https:\/\/test2.under-construction.work\/contrat-dengagement\/\"> Contrat d\u2019engagement<\/a><\/li>\n<li>Pas de sous du tout? :<a href=\"https:\/\/test2.under-construction.work\/2017\/04\/25\/lassociation-les-hypnos-du-coeur-paris\/\"> Les Hypnos du coeur<\/a><\/li>\n<\/ul>\n<p style=\"text-align:justify;\"><strong>Pour les s\u00e9ances collectives<\/strong>, voyez les onglets \u00ab\u00a0<a href=\"https:\/\/test2.under-construction.work\/ateliers-et-stages\/\" target=\"_blank\" rel=\"noopener noreferrer\">ateliers<\/a>\u00ab\u00a0, \u00ab\u00a0<a href=\"https:\/\/test2.under-construction.work\/les-stages-et-formations-2-3-jours\/\" target=\"_blank\" rel=\"noopener noreferrer\">stages<\/a>\u00a0\u00bb et \u00ab\u00a0<a href=\"https:\/\/test2.under-construction.work\/accompagnement-pour-la-creation\/\" target=\"_blank\" rel=\"noopener noreferrer\">pour la cr\u00e9ation<\/a>\u00a0\u00bb . J&rsquo;en organise pas mal moi-m\u00eame et je r\u00e9ponds aux invitations qui me sont faites par une association, un festival, une \u00e9cole sup\u00e9rieure d&rsquo;art, une compagnie de danse ou de th\u00e9\u00e2tre, une entreprise ou un.e ami.e (hypnose et yoga, hypnose et cheval-miroir&#8230;), un groupe de coll\u00e8gues&#8230;<\/p>\n<p><img loading=\"lazy\" decoding=\"async\" class=\"alignnone size-full wp-image-12763\" src=\"https:\/\/test2.under-construction.work\/wp-content\/uploads\/2019\/08\/69169863_2495941753967347_3777044426795253760_o.jpg\" alt=\"69169863_2495941753967347_3777044426795253760_o\" width=\"2048\" height=\"1600\" \/><\/p>\n<blockquote>\n<p style=\"text-align:center;\"><strong>3 AXES<br \/>\n<\/strong><\/p>\n<\/blockquote>\n<p style=\"text-align:justify;\"><strong><a href=\"https:\/\/test2.under-construction.work\/lhypnose-comme-outil-daccompagnement-vers-la-solution-et-le-changement\/\">Cr\u00e9er sa vie<\/a>:<\/strong>\u00a0r\u00e9gler un probl\u00e8me, soulager un sympt\u00f4me, r\u00e9cup\u00e9rer de l\u2019\u00e9nergie, l\u00e2cher du lest, s\u2019\u00e9manciper d\u2019une addiction, transformer le r\u00e9seau d\u2019influences, activer des ressources, choisir, se lib\u00e9rer, s\u2019\u00e9panouir, ressentir, grandir, stimuler, se centrer, changer vers un mieux-vivre\u2026<\/p>\n<p style=\"text-align:justify;\"><a href=\"https:\/\/test2.under-construction.work\/a-propos-de-lhypnose-comme-outil-dexploration-et-de-creation\/\"><strong>Cr\u00e9er son \u0153uvre<\/strong>\u00a0<\/a>: ouvrir, inspirer, souffler, se laisser embarquer, \u00e9crire, dessiner, composer, danser, jouer, monter, modeler, moduler, trouver son mouvement authentique, construire, capter, oser, r\u00e9aliser, proposer, partager, faire \u0153uvre\u2026<\/p>\n<p style=\"text-align:justify;\"><a href=\"https:\/\/test2.under-construction.work\/pour-creer-son-monde\/\"><strong>Cr\u00e9er son monde<\/strong><\/a>: parcourir, explorer, plonger, planer, d\u00e9couvrir, \u00e9tendre ses connaissances sensorielles, tester, examiner, prospecter, \u00e9tudier par les sens, jouer, exp\u00e9rimenter, modeler, moduler, inventer, augmenter, expanser\u2026<\/p>\n<p style=\"text-align:justify;\">Bienvenue!<\/p>\n<p style=\"text-align:justify;\">Marie Lisel<\/p>\n<p style=\"text-align:justify;\"><img loading=\"lazy\" decoding=\"async\" class=\"aligncenter size-medium wp-image-10020\" src=\"https:\/\/test2.under-construction.work\/wp-content\/uploads\/2018\/04\/15966075_569012733308976_2123927272101130415_n.jpg?w=300\" alt=\"15966075_569012733308976_2123927272101130415_n\" width=\"300\" height=\"300\" \/><\/p>\n<div class=\"fusion-one-half one_half fusion-layout-column fusion-column last spacing-yes\">\n<p class=\"western\" lang=\"fr-FR\" style=\"text-align:justify;\" align=\"justify\">\n<\/div>\n","protected":false},"excerpt":{"rendered":"<p>CONTACT PAR EMAIL Pour une s\u00e9ance, contactez-moi uniquement par lisellesil@gmail.com. Si vous en avez besoin, nous prendrons un rendez-vous t\u00e9l\u00e9phonique pr\u00e9alable \u00e0 la s\u00e9ance (je ne r\u00e9ponds pas au tel directement et je n&rsquo;\u00e9coute pas les messages audio). N&rsquo;h\u00e9sitez pas \u00e0 doubler vos messages, je voyage beaucoup&#8230; je fais 1001 trucs et il m&rsquo;arrive dans [&hellip;]<\/p>\n","protected":false},"author":2,"featured_media":14834,"parent":0,"menu_order":0,"comment_status":"closed","ping_status":"closed","template":"","meta":{"footnotes":""},"class_list":["post-883","page","type-page","status-publish","has-post-thumbnail","hentry"],"_links":{"self":[{"href":"https:\/\/test2.under-construction.work\/index.php\/wp-json\/wp\/v2\/pages\/883","targetHints":{"allow":["GET"]}}],"collection":[{"href":"https:\/\/test2.under-construction.work\/index.php\/wp-json\/wp\/v2\/pages"}],"about":[{"href":"https:\/\/test2.under-construction.work\/index.php\/wp-json\/wp\/v2\/types\/page"}],"author":[{"embeddable":true,"href":"https:\/\/test2.under-construction.work\/index.php\/wp-json\/wp\/v2\/users\/2"}],"replies":[{"embeddable":true,"href":"https:\/\/test2.under-construction.work\/index.php\/wp-json\/wp\/v2\/comments?post=883"}],"version-history":[{"count":0,"href":"https:\/\/test2.under-construction.work\/index.php\/wp-json\/wp\/v2\/pages\/883\/revisions"}],"wp:featuredmedia":[{"embeddable":true,"href":"https:\/\/test2.under-construction.work\/index.php\/wp-json\/"}],"wp:attachment":[{"href":"https:\/\/test2.under-construction.work\/index.php\/wp-json\/wp\/v2\/media?parent=883"}],"curies":[{"name":"wp","href":"https:\/\/api.w.org\/{rel}","templated":true}]}}