{"id":9382,"date":"2018-02-24T21:14:37","date_gmt":"2018-02-24T20:14:37","guid":{"rendered":"https:\/\/marielisel.com\/?page_id=9382"},"modified":"2018-02-24T21:14:37","modified_gmt":"2018-02-24T20:14:37","slug":"les-secrets-de-ma-licorne","status":"publish","type":"page","link":"https:\/\/test2.under-construction.work\/index.php\/ateliers-et-stages\/exploration-queer\/les-secrets-de-ma-licorne\/","title":{"rendered":"Les secrets de ma licorne"},"content":{"rendered":"<p style=\"text-align:justify;\">Dans cet <a href=\"https:\/\/tenor.com\/view\/unicorn-gif-9592579\" target=\"_blank\" rel=\"noopener\">atelier de r\u00eave \u00e9veill\u00e9 dirig\u00e9<\/a>, vous explorerez votre paysage int\u00e9rieur \u00e0 la rencontre de votre licorne singuli\u00e8re.<\/p>\n<p style=\"text-align:justify;\">Mots-cl\u00e9s: licorne * unicorne * magie * narval * l\u00e9gende * unique * symbole * extra-ordinaire * puret\u00e9 * virginit\u00e9 * puissance * invisible * merveilleux * arc-en-ciel * r\u00e9v\u00e9lation * phallus * gr\u00e2ce * complicit\u00e9 * ralliement * peluche * mignon.ne * rayonnant.e * non binaire * composite * intersexe *<\/p>\n<p>&nbsp;<\/p>\n<figure id=\"attachment_9395\" aria-describedby=\"caption-attachment-9395\" style=\"width: 764px\" class=\"wp-caption alignnone\"><img loading=\"lazy\" decoding=\"async\" class=\"alignnone size-full wp-image-9395\" src=\"https:\/\/test2.under-construction.work\/wp-content\/uploads\/2018\/02\/capture-d_c3a9cran-2018-02-24-c3a0-21-06-02.png\" alt=\"Capture d_\u00e9cran 2018-02-24 \u00e0 21.06.02\" width=\"764\" height=\"586\" \/><figcaption id=\"caption-attachment-9395\" class=\"wp-caption-text\">Arnoult Cobbaut (?), La Chasse \u00e0 la licorne (d\u00e9tail), tapisserie des ateliers d&rsquo;Audenarde, Flandres, XVIe si\u00e8cle<\/figcaption><\/figure>\n<p>&nbsp;<\/p>\n<p>Le licorne,\u00a0parfois nomm\u00e9e\u00a0unicorne, est une\u00a0cr\u00e9ature l\u00e9gendaire\u00a0\u00e0\u00a0corne\u00a0unique.<\/p>\n<p>Symbole de l\u2019extraordinaire, de la puret\u00e9, de l&rsquo;invisibilit\u00e9, du composite, de l&rsquo;intersexe, du merveilleux&#8230; en lien avec l&rsquo;arc-en-ciel, ses connotations LGBTQI sont nombreuses.<\/p>\n<p>&nbsp;<\/p>\n<figure id=\"attachment_9392\" aria-describedby=\"caption-attachment-9392\" style=\"width: 609px\" class=\"wp-caption alignnone\"><img loading=\"lazy\" decoding=\"async\" class=\"alignnone size-full wp-image-9392\" src=\"https:\/\/test2.under-construction.work\/wp-content\/uploads\/2018\/02\/capture-d_c3a9cran-2018-02-24-c3a0-20-31-19.png\" alt=\"Capture d_\u00e9cran 2018-02-24 \u00e0 20.31.19\" width=\"609\" height=\"376\" \/><figcaption id=\"caption-attachment-9392\" class=\"wp-caption-text\">Pandora Boxx<\/figcaption><\/figure>\n<p>&nbsp;<\/p>\n<p style=\"text-align:justify;\"><em>\u00abC\u2019est un\u00a0animal que l\u2019on n\u2019arrive pas \u00e0 capturer, l\u2019animal pur par excellence, attir\u00e9 par la puret\u00e9 et la virginit\u00e9. Elle a des propri\u00e9t\u00e9s merveilleuses, c\u2019est pour \u00e7a que les humains cherchaient \u00e0 s\u2019en emparer.\u00bb <\/em>Michel Pastoureau<\/p>\n<p style=\"text-align:justify;\">Au Moyen Age, elle repr\u00e9sentait \u00e9galement, par sa corne, la\u00a0puissance (arme meurtri\u00e8re), la r\u00e9v\u00e9lation divine (fl\u00e8che spirituelle, rayon solaire, \u00e9p\u00e9e de Dieu&#8230;) et l&rsquo;antith\u00e8se de l&rsquo;impur (qu&rsquo;elle d\u00e9tecte et punit)&#8230;<\/p>\n<p style=\"text-align:justify;\">Sa corne phallique et sa gr\u00e2ce (rattach\u00e9e \u00e0 la Vierge Marie) en font un \u00eatre unisexe, qui passionne des psychanalystes comme Jung et Lacan.<\/p>\n<p>&nbsp;<\/p>\n<figure id=\"attachment_9393\" aria-describedby=\"caption-attachment-9393\" style=\"width: 391px\" class=\"wp-caption alignnone\"><img loading=\"lazy\" decoding=\"async\" class=\"alignnone size-full wp-image-9393\" src=\"https:\/\/test2.under-construction.work\/wp-content\/uploads\/2018\/02\/capture-d_c3a9cran-2018-02-24-c3a0-20-34-04.png\" alt=\"Capture d_\u00e9cran 2018-02-24 \u00e0 20.34.04\" width=\"391\" height=\"442\" \/><figcaption id=\"caption-attachment-9393\" class=\"wp-caption-text\">Gustave Moreau, 1885.<\/figcaption><\/figure>\n<p>&nbsp;<\/p>\n<p style=\"text-align:justify;\">Signe de complicit\u00e9, peluche rayonnante, fougueux animal magique, tueur sans piti\u00e9, lien avec le spirituel, genre non binaire par excellence&#8230; \u00e0 chacun.e ses r\u00e9sonances.<\/p>\n<p style=\"text-align:justify;\">Bienvenue dans le pays de votre licorne!<\/p>\n<p>&nbsp;<\/p>\n<figure id=\"attachment_9391\" aria-describedby=\"caption-attachment-9391\" style=\"width: 674px\" class=\"wp-caption alignnone\"><img loading=\"lazy\" decoding=\"async\" class=\"alignnone size-full wp-image-9391\" src=\"https:\/\/test2.under-construction.work\/wp-content\/uploads\/2018\/02\/capture-d_c3a9cran-2018-02-24-c3a0-20-21-29.png\" alt=\"Capture d_\u00e9cran 2018-02-24 \u00e0 20.21.29\" width=\"674\" height=\"416\" \/><figcaption id=\"caption-attachment-9391\" class=\"wp-caption-text\">Jan Jonston, historiae Naturalis, 1651<\/figcaption><\/figure>\n<p>&nbsp;<\/p>\n<p><strong>A lire, \u00e0 regarder et \u00e0 \u00e9couter sur les licornes:<\/strong><\/p>\n<p>Le <a href=\"https:\/\/www.youtube.com\/watch?v=usJpbWOiYZk\" target=\"_blank\" rel=\"noopener\">UnicornBrand Caf\u00e9<\/a>\u00a0de Bangkok<\/p>\n<p>Un article de <a href=\"https:\/\/www.slate.fr\/story\/146055\/licornes-symbole-lgbt\" target=\"_blank\" rel=\"noopener\">Slate :\u00a0<\/a><em>Comment les licornes sont devenues un symbole LGBT<\/em><\/p>\n<p>Un article de <a href=\"https:\/\/medium.com\/@SophieB.\/la-symbolique-de-la-licorne-et-sa-place-dans-la-s\u00e9miologie-du-web-6ec33ef2745f\" target=\"_blank\" rel=\"noopener\">Medium.com<\/a>:\u00a0<em>La symbolique de la licorne et sa place dans la s\u00e9miologie du web\u00a0?<\/em><\/p>\n<p>Le <a href=\"https:\/\/www.amazon.fr\/secrets-licorne-Michel-Pastoureau\/dp\/2711861120\" target=\"_blank\" rel=\"noopener\">livre de Michel Pastoureau<\/a><\/p>\n<p>Des \u00e9missions de France Culture: <a href=\"https:\/\/www.franceculture.fr\/emissions\/les-regardeurs\/la-dame-la-licorne\" target=\"_blank\" rel=\"noopener\">La dame \u00e0 la licorne<\/a> (2014), <a href=\"https:\/\/www.franceculture.fr\/emissions\/concordance-des-temps\/les-secrets-de-la-licorne\" target=\"_blank\" rel=\"noopener\">Le secret de la licorne<\/a> (2013), <a href=\"https:\/\/www.franceculture.fr\/emissions\/les-animaux-ont-aussi-leur-histoire\/les-mysteres-de-la-licorne\" target=\"_blank\" rel=\"noopener\">Les myst\u00e8res de la licorne<\/a> (2013), <a href=\"https:\/\/www.franceculture.fr\/emissions\/creation-air\/anne-de-jongh-la-rebelle-la-licorne\" target=\"_blank\" rel=\"noopener\">La rebelle \u00e0 la licorne<\/a> (2016)<\/p>\n<p>Un article tr\u00e8s fourni de\u00a0<a href=\"https:\/\/fr.wikipedia.org\/wiki\/Licorne\" target=\"_blank\" rel=\"noopener\">Wikipedia<\/a> pour les d\u00e9tails de sa naissance sur divers continents et pour toutes les passions qu&rsquo;elle a d\u00e9chain\u00e9es.<\/p>\n<p>Un site d&rsquo;un <a href=\"http:\/\/fbecuwe.free.fr\/licorne1.htm\" target=\"_blank\" rel=\"noopener\">passionn\u00e9<\/a><\/p>\n<p>&nbsp;<\/p>\n<p>&nbsp;<\/p>\n<p><iframe loading=\"lazy\" title=\"Charlie the Unicorn\" width=\"500\" height=\"281\" src=\"https:\/\/www.youtube.com\/embed\/CsGYh8AacgY?feature=oembed\" frameborder=\"0\" allow=\"accelerometer; autoplay; clipboard-write; encrypted-media; gyroscope; picture-in-picture; web-share\" referrerpolicy=\"strict-origin-when-cross-origin\" allowfullscreen><\/iframe><\/p>\n<p>&nbsp;<\/p>\n<blockquote>\n<p style=\"text-align:center;\"><strong>A CONSULTER: onirO-Queer<\/strong><\/p>\n<\/blockquote>\n<p><a href=\"https:\/\/test2.under-construction.work\/oniroqueer-ateliers-dexploration-en-visio-par-jitsi\/\" target=\"_blank\" rel=\"noopener\">onirO-Queer<\/a> est un espace d&rsquo;ateliers en visio que je partage tous les 15 jours.<\/p>\n<p>Bienvenue!<\/p>\n<p>&nbsp;<\/p>\n","protected":false},"excerpt":{"rendered":"<p>Dans cet atelier de r\u00eave \u00e9veill\u00e9 dirig\u00e9, vous explorerez votre paysage int\u00e9rieur \u00e0 la rencontre de votre licorne singuli\u00e8re. Mots-cl\u00e9s: licorne * unicorne * magie * narval * l\u00e9gende * unique * symbole * extra-ordinaire * puret\u00e9 * virginit\u00e9 * puissance * invisible * merveilleux * arc-en-ciel * r\u00e9v\u00e9lation * phallus * gr\u00e2ce * complicit\u00e9 [&hellip;]<\/p>\n","protected":false},"author":2,"featured_media":9312,"parent":9348,"menu_order":0,"comment_status":"closed","ping_status":"closed","template":"","meta":{"footnotes":""},"class_list":["post-9382","page","type-page","status-publish","has-post-thumbnail","hentry"],"_links":{"self":[{"href":"https:\/\/test2.under-construction.work\/index.php\/wp-json\/wp\/v2\/pages\/9382","targetHints":{"allow":["GET"]}}],"collection":[{"href":"https:\/\/test2.under-construction.work\/index.php\/wp-json\/wp\/v2\/pages"}],"about":[{"href":"https:\/\/test2.under-construction.work\/index.php\/wp-json\/wp\/v2\/types\/page"}],"author":[{"embeddable":true,"href":"https:\/\/test2.under-construction.work\/index.php\/wp-json\/wp\/v2\/users\/2"}],"replies":[{"embeddable":true,"href":"https:\/\/test2.under-construction.work\/index.php\/wp-json\/wp\/v2\/comments?post=9382"}],"version-history":[{"count":0,"href":"https:\/\/test2.under-construction.work\/index.php\/wp-json\/wp\/v2\/pages\/9382\/revisions"}],"up":[{"embeddable":true,"href":"https:\/\/test2.under-construction.work\/index.php\/wp-json\/wp\/v2\/pages\/9348"}],"wp:featuredmedia":[{"embeddable":true,"href":"https:\/\/test2.under-construction.work\/index.php\/wp-json\/"}],"wp:attachment":[{"href":"https:\/\/test2.under-construction.work\/index.php\/wp-json\/wp\/v2\/media?parent=9382"}],"curies":[{"name":"wp","href":"https:\/\/api.w.org\/{rel}","templated":true}]}}