{"id":9421,"date":"2018-02-25T11:51:38","date_gmt":"2018-02-25T10:51:38","guid":{"rendered":"https:\/\/marielisel.com\/?page_id=9421"},"modified":"2018-02-25T11:51:38","modified_gmt":"2018-02-25T10:51:38","slug":"exploration-chanter-pour-les-vaches","status":"publish","type":"page","link":"https:\/\/test2.under-construction.work\/index.php\/ateliers-et-stages\/exploration-de-la-nature\/exploration-chanter-pour-les-vaches\/","title":{"rendered":"Exploration: \u00ab\u00a0Chanter pour les vaches\u00a0\u00bb"},"content":{"rendered":"<div id=\"id_5a928e21d0c579443741030\" class=\"text_exposed_root text_exposed\"><\/div>\n<p class=\"fbPhotoAlbumActions\">L&rsquo;id\u00e9e de ce workshop m&rsquo;est venue lors d&rsquo;une balade, <a href=\"https:\/\/www.luxembourg-belge.be\/fr\/decouvrir\/incontournables\/la-gaume.php\" target=\"_blank\" rel=\"noopener\">en Gaume<\/a>.<\/p>\n<p class=\"fbPhotoAlbumActions\">En revenant d&rsquo;une balade en solitaire, j&rsquo;ai trouv\u00e9 l&rsquo;endroit id\u00e9al pour jouer avec ma voix: ni trop pr\u00e8s des habitations (pas envie d&rsquo;ennuyer les habitants) ni dans les bois (foutons la paix \u00e0 la faune sauvage!).<\/p>\n<p class=\"fbPhotoAlbumActions\">J&rsquo;ai commenc\u00e9 mes vocalises en marchant sur la cr\u00eate surplombant des p\u00e2tures et des cultures. Et je me suis arr\u00eat\u00e9e pr\u00e8s d&rsquo;une grande prairie o\u00f9 des vaches broutaient au loin (on les voit pr\u00e8s de leur cabane)<\/p>\n<p><img loading=\"lazy\" decoding=\"async\" class=\"alignnone size-full wp-image-9433\" src=\"https:\/\/test2.under-construction.work\/wp-content\/uploads\/2018\/02\/p11200052.jpg\" alt=\"P1120005\" width=\"3264\" height=\"2448\" \/><\/p>\n<p class=\"fbPhotoAlbumActions\">Et l\u00e0, surprise: elles ont toutes rappliqu\u00e9! M\u00eame le taureau a fini par venir \u00e9couter. En rang, tranquilles, elles sont rest\u00e9es un long moment (apr\u00e8s 20 minutes, j&rsquo;ai arr\u00eat\u00e9), immobiles.<\/p>\n<p class=\"fbPhotoAlbumActions\">Le lendemain, j&rsquo;ai donc r\u00e9it\u00e9r\u00e9 l&rsquo;exp\u00e9rience, en chantant et en filmant en m\u00eame temps (pas \u00e9vident). J&rsquo;ai retent\u00e9 l&rsquo;exp\u00e9rience le surlendemain, avec le groupe qui suivait l&rsquo;atelier \u00ab\u00a0<a href=\"https:\/\/test2.under-construction.work\/2017\/08\/11\/balade-naturaliste-hypnotique-le-dimanche-27-aout-a-martue-gaume-belgique\/\" target=\"_blank\" rel=\"noopener\">Balade naturaliste hypnotique<\/a>\u00ab\u00a0.\u00a0Elles sont revenues au galop.<\/p>\n\n<p class=\"fbPhotoAlbumActions\">La connexion par la voix est sympa. Les vaches aiment le son et aussi la transe. Elles sont r\u00e9ellement \u00e0 l&rsquo;\u00e9coute et en questionnement. C&rsquo;est une merveilleuse fa\u00e7on de communiquer avec elles. Visiblement, cela les ravit.<\/p>\n<p class=\"fbPhotoAlbumActions\">Je recommencerai. Et j&rsquo;aimerais le faire avec un groupe (en recherche artistique ou en recherche de connexion ou&#8230;). \u00a0 Voici donc le 1er opus d&rsquo;une nouvelle recherche: \u00ab\u00a0Chanter pour les vaches\u00a0\u00bb<\/p>\n<p>https:\/\/www.facebook.com\/uniladmag\/videos\/4571684789521211\/<\/p>\n<p class=\"fbPhotoAlbumActions\">Sourire.<\/p>\n<p class=\"fbPhotoAlbumActions\">Marie<\/p>\n","protected":false},"excerpt":{"rendered":"<p>L&rsquo;id\u00e9e de ce workshop m&rsquo;est venue lors d&rsquo;une balade, en Gaume. En revenant d&rsquo;une balade en solitaire, j&rsquo;ai trouv\u00e9 l&rsquo;endroit id\u00e9al pour jouer avec ma voix: ni trop pr\u00e8s des habitations (pas envie d&rsquo;ennuyer les habitants) ni dans les bois (foutons la paix \u00e0 la faune sauvage!). J&rsquo;ai commenc\u00e9 mes vocalises en marchant sur la [&hellip;]<\/p>\n","protected":false},"author":2,"featured_media":9429,"parent":9350,"menu_order":0,"comment_status":"closed","ping_status":"closed","template":"","meta":{"footnotes":""},"class_list":["post-9421","page","type-page","status-publish","has-post-thumbnail","hentry"],"_links":{"self":[{"href":"https:\/\/test2.under-construction.work\/index.php\/wp-json\/wp\/v2\/pages\/9421","targetHints":{"allow":["GET"]}}],"collection":[{"href":"https:\/\/test2.under-construction.work\/index.php\/wp-json\/wp\/v2\/pages"}],"about":[{"href":"https:\/\/test2.under-construction.work\/index.php\/wp-json\/wp\/v2\/types\/page"}],"author":[{"embeddable":true,"href":"https:\/\/test2.under-construction.work\/index.php\/wp-json\/wp\/v2\/users\/2"}],"replies":[{"embeddable":true,"href":"https:\/\/test2.under-construction.work\/index.php\/wp-json\/wp\/v2\/comments?post=9421"}],"version-history":[{"count":0,"href":"https:\/\/test2.under-construction.work\/index.php\/wp-json\/wp\/v2\/pages\/9421\/revisions"}],"up":[{"embeddable":true,"href":"https:\/\/test2.under-construction.work\/index.php\/wp-json\/wp\/v2\/pages\/9350"}],"wp:featuredmedia":[{"embeddable":true,"href":"https:\/\/test2.under-construction.work\/index.php\/wp-json\/"}],"wp:attachment":[{"href":"https:\/\/test2.under-construction.work\/index.php\/wp-json\/wp\/v2\/media?parent=9421"}],"curies":[{"name":"wp","href":"https:\/\/api.w.org\/{rel}","templated":true}]}}