{"id":9468,"date":"2018-02-25T17:59:47","date_gmt":"2018-02-25T16:59:47","guid":{"rendered":"https:\/\/marielisel.com\/?page_id=9468"},"modified":"2018-02-25T17:59:47","modified_gmt":"2018-02-25T16:59:47","slug":"stage-reapprendre-a-rever","status":"publish","type":"page","link":"https:\/\/test2.under-construction.work\/index.php\/ateliers-et-stages\/exploration-de-la-nature\/stage-reapprendre-a-rever\/","title":{"rendered":"Stage: \u00ab\u00a0(r\u00e9)apprendre \u00e0 r\u00eaver\u00a0\u00bb, juin 2019, C\u00e9vennes"},"content":{"rendered":"<p style=\"text-align:justify;\">Ce stage de deux jours aborde le r\u00eave en tant que champ d&rsquo;exploration int\u00e9rieure, en tant que vaisseau qui relie, transporte, traverse, en tant que moyen de transformation de l&rsquo;\u00eatre.<\/p>\n<p style=\"text-align:justify;\">Au coeur de la nature accueillante et magnifique des C\u00e9vennes, offrez-vous deux jours pour r\u00eaver!<\/p>\n<blockquote>\n<p style=\"text-align:center;\"><strong>O\u00f9 sont mes r\u00eaves?<\/strong><\/p>\n<\/blockquote>\n<p style=\"text-align:justify;\">R\u00e9guli\u00e8rement, des personnes viennent en s\u00e9ance pour (re)trouver leurs r\u00eaves.<\/p>\n<p style=\"text-align:justify;\">R\u00eaves nocturnes, r\u00eaves lucides, r\u00eaves \u00e9veill\u00e9s libres ou simples r\u00eaveries sont en effet souvent encag\u00e9s dans le quotidien fait d\u2019agendas, de listes, de conversations repass\u00e9es, de futurisations r\u00e9p\u00e9titives, de ruminations, d\u2019angoisses\u2026 ou carr\u00e9ment d\u2019amn\u00e9sie ou d\u2019espace vide.<\/p>\n<div class=\"text_exposed_show\" style=\"text-align:justify;\">\n<p>O\u00f9 se cache donc l\u2019imaginaire?!<\/p>\n<p><img loading=\"lazy\" decoding=\"async\" class=\"alignnone size-full wp-image-9107\" src=\"https:\/\/test2.under-construction.work\/wp-content\/uploads\/2018\/01\/26231166_733746480168933_1419659683434186512_n.jpg\" alt=\"26231166_733746480168933_1419659683434186512_n\" width=\"420\" height=\"519\" \/><\/p>\n<blockquote>\n<p style=\"text-align:center;\"><strong>En r\u00eave&#8230;<\/strong><\/p>\n<\/blockquote>\n<p><strong>L&rsquo;exp\u00e9rience<\/strong><\/p>\n<p>En exp\u00e9rimentant le r\u00eave \u00e9veill\u00e9 sous hypnose, une fen\u00eatre s\u2019ouvre d\u00e9j\u00e0: le r\u00eave est bien l\u00e0. Il se d\u00e9roule, s\u2019ouvre, \u00e9cl\u00f4t, offre des repr\u00e9sentations (paysage, personnages, narration\u2026), des cheminements, des transformations et des espaces-temps in\u00e9dits qu\u2019il est possible de retrouver seul.e par la suite (avec une porte, un ancrage, un appel\u2026).<\/p>\n<p><strong>L&rsquo;entrainement<\/strong><\/p>\n<p>En apprenant \u00e0 jouer avec l\u2019imagination volontaire (c\u2019est-\u00e0-dire imaginer volontairement un \u00e9l\u00e9ment, respirer pour aller vers tel espace temps, demander \u00ab\u00a0+ de\u2026\u00a0\u00bb, etc.) et l\u2019imagination active (laisser faire le r\u00eave), chacun.e s\u2019 approprie un outil magique d\u2019entrainement, surtout au r\u00eave \u00e9veill\u00e9 et au r\u00eave lucide.<\/p>\n<p><strong>La qu\u00eate<\/strong><\/p>\n<p>Et puis, en allant \u00e0 la recherche du r\u00eave comme une qu\u00eate au tr\u00e9sor dans l\u2019imaginal, des transformations s\u2019op\u00e8rent, des \u00e9l\u00e9ments se d\u00e9nouent, se nettoient, se ressourcent\u2026 et les personnages-repr\u00e9sentations responsables des r\u00eaves n\u00e9gocient leurs besoins et d\u00e9sirs et se concilient pour \u00ab\u00a0un r\u00eaver\u00a0\u00bb \u00e0 la fois agr\u00e9able, ouvrant et lib\u00e9rateur.<\/p>\n<figure id=\"attachment_2425\" aria-describedby=\"caption-attachment-2425\" style=\"width: 4320px\" class=\"wp-caption alignnone\"><img loading=\"lazy\" decoding=\"async\" class=\"alignnone size-full wp-image-2425\" src=\"https:\/\/test2.under-construction.work\/wp-content\/uploads\/2015\/12\/p1060567.jpg\" alt=\"p1060567\" width=\"4320\" height=\"3240\" \/><figcaption id=\"caption-attachment-2425\" class=\"wp-caption-text\">Je pratique des s\u00e9ances en hamac (au bois de Vincennes pour les parisienn.es et en nature pour les C\u00e9venol.e.s)<\/figcaption><\/figure>\n<blockquote>\n<p style=\"text-align:center;\"><strong>En vrai&#8230;<\/strong><\/p>\n<\/blockquote>\n<p><strong>Travailler avec et sur l&rsquo;imaginaire transforme \u00ab\u00a0la vraie vie\u00a0\u00bb.<\/strong><\/p>\n<p>Le titre de mon site et le coeur de ma pratique repose sur le r\u00eave: \u00ab\u00a0L&rsquo;hypnose pour cr\u00e9er sa vie, son oeuvre, son monde\u00a0\u00bb\u00a0permet non seulement de transformer sa r\u00e9alit\u00e9 personnelle, mais aussi de transcender les peurs collectives pour construire des repr\u00e9sentations, des intentions, des id\u00e9aux, ensemble.<\/p>\n<p>Ce stage explore les r\u00eaves sous toutes leurs formes: r\u00eave nocturne, r\u00eave lucide, r\u00eave \u00e9veill\u00e9 libre, r\u00eave \u00e9veill\u00e9 dirig\u00e9 de Robert Desoille, RED adapt\u00e9 \u00e0 l&rsquo;hypnose, r\u00eaverie, r\u00eave de groupe, r\u00eave d&rsquo;arbre&#8230; en mettant surtout l&rsquo;accent sur le RED de Desoille et sur le RED hypnotique.<\/p>\n<p>Il envisage aussi le mouvement et la transformation par le r\u00eave.<\/p>\n<p>Venez r\u00eaver dans et avec la nature magnifique, en juin, au coeur des C\u00e9vennes.<\/p>\n<p>Il suffit d\u2019oser!<\/p>\n<blockquote>\n<p style=\"text-align:center;\"><b>Quels r\u00eaves?<\/b><\/p>\n<\/blockquote>\n<p><strong>R\u00eave nocturne<\/strong><\/p>\n<p>Dans les ann\u00e9es cinquante, des m\u00e9thodes d\u2019enregistrement de l\u2019activit\u00e9 micro-\u00e9lectrique qui r\u00e9sulte du fonctionnement du cerveau (\u00e9lectro-enc\u00e9phalographie (EEG)) permettent la\u00a0d\u00e9couverte du sommeil paradoxal. Le Pr Michel Jouvet\u00a0constate qu\u2019il y a, toute les 90 minutes de sommeil, des p\u00e9riodes o\u00f9 l\u2019activit\u00e9 EEG ressemblent \u00e0 de l\u2019\u00e9veil.\u00a0Alors que le corps est totalement rel\u00e2ch\u00e9, le cerveau d\u00e9pense beaucoup d&rsquo;\u00e9nergie. L\u2019enregistrement EEG permet d\u2019observer l\u2019apparition d\u2019un trac\u00e9 rapide et d\u00e9sorganis\u00e9 analogue \u00e0 celui qu\u2019on observe durant l\u2019\u00e9veil durant ce SP, qui survient \u00e0 chaque cycle de sommeil (entre 4 et 6 par nuit).<\/p>\n<p><img loading=\"lazy\" decoding=\"async\" class=\"alignnone size-full wp-image-9526\" src=\"https:\/\/test2.under-construction.work\/wp-content\/uploads\/2018\/02\/capture-d_c3a9cran-2018-02-27-c3a0-18-09-25.png\" alt=\"Capture d\u2019\u00e9cran 2018-02-27 \u00e0 18.09.25.png\" width=\"649\" height=\"85\" \/><\/p>\n<p>La science n&rsquo;a pas encore r\u00e9solu l&rsquo;\u00e9nigme de la fonction du r\u00eave nocturne en SP. De nombreux articles et livres avancent des th\u00e9ories diverses.\u00a0Personnellement, je penche pour la th\u00e9orie de Fran\u00e7ois Roustang, sans verrouiller de certitudes.<\/p>\n<p>Certaines techniques permettent de mieux se souvenir des r\u00eaves nocturnes.<\/p>\n<ul>\n<li>La plus simple: avoir l&rsquo;intention ferme de les noter au r\u00e9veil, se le r\u00e9p\u00e9ter et prendre un carnet d\u00e8s le r\u00e9veil. L&rsquo;intention peut \u00eatre mat\u00e9rialis\u00e9e dans un rituel pour \u00eatre amplifi\u00e9e.<\/li>\n<li>Le bouddhisme tib\u00e9tain a d\u00e9velopp\u00e9 le\u00a0<i>yoga du r\u00eave,<\/i>\u00a0destin\u00e9 \u00e0 maintenir la m\u00eame conscience qu\u2019\u00e0 l\u2019\u00e9tat de veille au cours du r\u00eave<\/li>\n<li>\u00a0L\u2019exposition \u00e0 des flashes lumineux au cours du sommeil gr\u00e2ce \u00e0 un appareil portatif (\u00ab\u00a0DreamLight\u00a0\u00bb \u00e0 usage domestique), augmenterait la fr\u00e9quence rapport\u00e9e des r\u00eaves<\/li>\n<li>&#8230;<\/li>\n<\/ul>\n<p>Depuis le d\u00e9but de l&rsquo;humanit\u00e9, les r\u00eaves nocturnes sont \u00e9tudi\u00e9s et utilis\u00e9s selon les croyances de chaque culture, pour\u00a0guider, initier, gu\u00e9rir (chamanisme, par exemple), cr\u00e9er&#8230; ou pour analyser sa psych\u00e9 (Freud, Jung).<\/p>\n<p><em>L\u2019interpr\u00e9tation des r\u00eaves est\u00a0la voie royale, menant \u00e0 la connaissance de l\u2019inconscient dans la vie psychique.<\/em> \u00a0(Freud, Die Tramdeutung, 1900).<\/p>\n<p>L&rsquo;hypnose, qui travaille avec l&rsquo;outil de l&rsquo;imagination active, met le focus sur la croyance en la facult\u00e9 de r\u00eaver. En outre, elle propose un entrainement au r\u00eave, ce qui permet de se reconnecter \u00e0 ses r\u00eaves, nocturnes ou diurnes. Ce n&rsquo;est pas une loi g\u00e9n\u00e9rale. Mais de nombreuses\/x accompagn\u00e9s m&rsquo;ont confi\u00e9 le retour de leurs r\u00eaves nocturnes \u00e0 la suite de s\u00e9ances de travail hypnotique sur d&rsquo;autres intentions.<\/p>\n<p><strong>R\u00eave lucide<\/strong><\/p>\n<p>Les r\u00eaveuses.eurs lucides, profond\u00e9ment endormi.e.s, savent qu&rsquo;iels r\u00eavent.<\/p>\n<p>Certain.e.s sont en pleine possession de leurs facult\u00e9s cognitives (c&rsquo;est l\u00e0 le sens du mot \u00a0\u00bb lucide \u00ab\u00a0) et peuvent donc raisonner clairement, se souvenir de leur vie de veille, agir \u00e0 volont\u00e9 &#8211; de mani\u00e8re r\u00e9fl\u00e9chie ou selon des plans d&rsquo;action \u00e9tablis avant le sommeil.<\/p>\n<p>En \u00e9tant conscient.e que le monde onirique est imaginaire, les r\u00eaveuses.eurs lucides peuvent transformer leur r\u00eave (transformer et faire appara\u00eetre ou dispara\u00eetre des personnages, des objets, la lumi\u00e8re), transgresser les lois physiques (voler ou transpercer la mati\u00e8re) et m\u00eame changer de r\u00eave (par des passages entre les mondes oniriques).<\/p>\n<p>Certain.e.s le font de mani\u00e8re occasionnelle (c&rsquo;est mon cas, consultez mes articles sur <a href=\"https:\/\/test2.under-construction.work\/category\/reve-lucide\/\" target=\"_blank\" rel=\"noopener\">mes r\u00eaves lucides<\/a> autoth\u00e9rapeutiques). D&rsquo;autres s&rsquo;entrainent pour en vivre chaque nuit. Il existe en effet de nombreuses m\u00e9thodes pour se former au r\u00eave lucide. C&rsquo;est du boulot, mais cela en vaut la peine!\u00a0L\u00e0 o\u00f9 l&rsquo;on pourrait paniquer au coeur d&rsquo;un cauchemar, la.e r\u00eaveuse.eur lucide a conscience que les monstres sont aussi inoffensif qu&rsquo;un film d&rsquo;horreur et que son corps r\u00e9el, lui, ne craint rien en \u00e9tant aval\u00e9, dissout, propuls\u00e9 d&rsquo;une falaise&#8230; cette conscience permet de continuer \u00e0 r\u00eaver, de surmonter ses peurs irrationnelles, de s&rsquo;amuser d&rsquo;aventures inou\u00efes, d&rsquo;\u00e9largir le champ des exp\u00e9riences, de voler!<\/p>\n<p>A nouveau, l&rsquo;entrainement au r\u00eave \u00e9veill\u00e9 et \u00e0 la lucidit\u00e9 dans le r\u00eave, par la dissociation (vous \u00eates \u00e0 la fois ici avec moi et l\u00e0-bas avec les oiseaux) en hypnose pr\u00e9dispose au r\u00eave lucide. Cependant, pour devenir un.e expert.e qui programme l&rsquo;espace-temps de son r\u00eave avent de s&rsquo;endormir, cela demande un investissement en temps et en \u00e9nergie (consultez les sites et forums de passionn\u00e9s).<\/p>\n<p><strong>R\u00eaverie<\/strong><\/p>\n<p>La r\u00eaverie est une activit\u00e9 mentale qui n&rsquo;est pas dirig\u00e9e par l&rsquo;attention, mais se soumet \u00e0 des causes subjectives et affectives. Dans une r\u00eaverie, nous nous d\u00e9tachons mentalement\u00a0de notre environnement r\u00e9el imm\u00e9diat, pour divaguer, en pens\u00e9es floues, sans but pr\u00e9cis.<\/p>\n<p><span class=\"tlf_cdefinition\">L&rsquo;\u00e9tat de conscience est passif et g\u00e9n\u00e9ralement agr\u00e9able. \u00a0L&rsquo;esprit se laisse captiver par une impression, un souvenir, un sentiment, une pens\u00e9e et laisse aller son imagination au hasard des vagues d&rsquo;associations d&rsquo;id\u00e9es.<\/span><\/p>\n<p><span class=\"tlf_cexemple\"><i>Le moindre fait me plonge dans des r\u00eaveries sans fin. Je m&rsquo;en vais de pens\u00e9es en pens\u00e9es, comme une herbe dess\u00e9ch\u00e9e sur un fleuve, et qui descend le courant flot \u00e0 flot<\/i>\u00a0(<span class=\"tlf_cauteur\"><span class=\"tlf_smallcaps\">Flaub.<\/span><\/span><span class=\"tlf_ctitre\">,\u00a0<i>Corresp.<\/i><\/span><span class=\"tlf_cdate\">, 1850<\/span>, p. 281).<\/span><\/p>\n<p>Dans pas mal d&rsquo;articles, elle est confondue avec le r\u00eave \u00e9veill\u00e9. Or, elle s&rsquo;en distingue par l&rsquo;attention et l&rsquo;intention. En travaillant sur le focus, la r\u00eaverie peut \u00eatre transform\u00e9e en r\u00eave \u00e9veill\u00e9. De fa\u00e7on plus g\u00e9n\u00e9rale, elle nous int\u00e9resse ici par l&rsquo;entrainement qu&rsquo;elle offre au \u00ab\u00a0laisser aller\u00a0\u00bb de l&rsquo;imaginaire et \u00e0 la po\u00e9sie.<\/p>\n<p>Il y a aussi des entre-deux. Par exemple, lorsque je me retrouve face \u00e0 un choix crucial, je pose mon intention en demandant \u00e0 \u00ab\u00a0ce qui sait en moi\u00a0\u00bb de r\u00e9fl\u00e9chir sans ma volont\u00e9 et sans contraintes. Puis je l\u00e2che et laisse la r\u00eaverie faire son job. Je me contente alors de baliser (si cela tourne en rumination ou en film catastrophe, je \u00ab\u00a0ram\u00e8ne le cheval\u00a0\u00bb, sinon, je laisse galoper. Pour cet exercice, se coucher dans une cascade de rivi\u00e8re ou dans un hamac est sensationnel \ud83d\ude42<\/p>\n<p><strong>Fantasme en r\u00eave diurne<\/strong><\/p>\n<p>Le\u00a0fantasme\u00a0se nourrit du d\u00e9sir, du principe de plaisir et de l&rsquo;interdit. Nous aborderons bri\u00e8vement ce r\u00eave si la majorit\u00e9 du groupe s&rsquo;y int\u00e9resse, en option.<\/p>\n<p><em>D\u2019ailleurs, vous aussi devez conna\u00eetre des r\u00eaveries troubles, n\u2019est-ce pas?<\/em>\u00a0Milton H. Erickson (qui a donn\u00e9 son nom \u00e0 l&rsquo;hypnose \u00e9ricksonienne)<\/p>\n<p><em>L<\/em><i>\u2019homme vertueux se contente de r\u00eaver ce que l\u2019homme pervers fait en r\u00e9alit\u00e9.\u00a0<\/i>Platon<\/p>\n<p><em>Si vous faites attention, non \u00e0 ce que vous pensez mais \u00e0 la forme de votre pens\u00e9e, vous vous apercevez que vous faites rarement des phrases compl\u00e8tes. Il y a des morceaux de r\u00eaves, un fantasme, un souvenir, des chansons. On a des scies dans la t\u00eate.<\/em>\u00a0<span class=\"underline\">Marie Darrieussecq<\/span><\/p>\n<p><em>Fantasmes de d\u00e9sir comme des r\u00eaves, les oeuvres d&rsquo;art constituent pour leur cr\u00e9ateur &#8211; comme ensuite pour ceux qui en jouissent &#8211; une sorte de soupape de s\u00fbret\u00e9 \u00e0 la pression trop forte des instincts refoul\u00e9s<\/em>. Marie Bonaparte<\/p>\n<p><em>J&rsquo;exige le respect pour mes r\u00eaves, aussi insens\u00e9s puissent-ils para\u00eetre. Un\u00a0fantasme, \u00e7a ne se discute pas.\u00a0<\/em>Julien Blanc-Gras<\/p>\n<p><strong>Cin\u00e9ma int\u00e9rieur limitant <\/strong><\/p>\n<p>Quand les films int\u00e9rieurs des ruminations (\u00ab\u00a0j&rsquo;aurais d\u00fb&#8230;\u00a0\u00bb) et anticipations anxiog\u00e8nes (\u00ab\u00a0et si&#8230;\u00a0\u00bb catastrophes) emm\u00e8nent vers l&rsquo;angoisse, la tristesse, la col\u00e8re&#8230; ils amplifient un \u00e9tat \u00e9motionnel non propice (donc \u00ab\u00a0limitant\u00a0\u00bb) \u00e0 ce que l&rsquo;on d\u00e9sire accomplir. Le travail sous (auto)hypnose est alors fantastique, pour mettre le cap vers un \u00e9tat aidant l&rsquo;intention. A lire \u00ab\u00a0<a href=\"https:\/\/test2.under-construction.work\/2016\/01\/15\/moi-je-me-fais-un-film\/\" target=\"_blank\" rel=\"noopener\">Moi? Je me fais un film?<\/a>\u00a0\u00bb<\/p>\n<p><strong>R\u00eave \u00e9veill\u00e9 dirig\u00e9 (RED), selon Robert Desoille<\/strong><\/p>\n<p>La technique de\u00a0<a href=\"http:\/\/www.universalis.fr\/encyclopedie\/reve-eveille\/#i_90253\">Robert Desoille<\/a>\u00a0est relativement simple\u00a0: \u00ab Le sujet est invit\u00e9 \u00e0 faire une r\u00eaverie. Pour faciliter celle-ci, il est bon de soustraire le patient \u00e0 tout effort musculaire ainsi qu\u2019\u00e0 toute excitation lumineuse et sonore. La position horizontale, dans une pi\u00e8ce semi-obscure et loin du bruit, sera donc meilleure.\u00a0Le sujet allong\u00e9 se met en \u00e9tat de relaxation et ferme les yeux pour cr\u00e9er un sc\u00e9nario imaginaire dont il est lui-m\u00eame le h\u00e9ros principal (ou unique). Le th\u00e9rapeute intervient parfois pour faire pr\u00e9ciser une partie de l\u2019espace imaginaire ou une bifurcation possible du sc\u00e9nario.\u00bb<\/p>\n<p>Je pratique le RED selon la m\u00e9thode de Robert Desoille en atelier de recherche. En s\u00e9ance individuelle ou de groupe, le\u00a0plus souvent, je pr\u00e9f\u00e8re le m\u00ealer le RED \u00e0 d\u2019autres pratiques. Dans ce stage, nous pratiquerons les deux.<\/p>\n<p><strong>REL<\/strong> (r\u00eave \u00e9veill\u00e9 libre)\u00a0et autres techniques d\u00e9riv\u00e9es du RED: voir la page sur les <a href=\"https:\/\/test2.under-construction.work\/les-techniques-de-reve-eveille\/\" target=\"_blank\" rel=\"noopener\">techniques de r\u00eave \u00e9veill\u00e9<\/a><\/p>\n<p><strong>REAH (r\u00eave \u00e9veill\u00e9 augment\u00e9\/amplifi\u00e9 par l&rsquo;hypnose: mon dispositif \ud83d\ude42 )<\/strong><\/p>\n<p>La m\u00e9thode de Robert Desoille est une base \u00e0 laquelle je m\u00eale des techniques hypnotiques, mais aussi des repr\u00e9sentations traditionnelles europ\u00e9ennes ou chamaniques, diff\u00e9remment selon les contextes, les intentions, les personnes accompagn\u00e9es&#8230;<\/p>\n<p><strong>R\u00eave \u00e9veill\u00e9 avec surface de projection\u00a0<\/strong><\/p>\n<p>L&rsquo;on pourrait \u00e9galement consid\u00e9rer comme r\u00eave la projection appliqu\u00e9e \u00e0 l&rsquo;objet transitionnel (quelle histoire je me raconte en construisant ma cabane \u00e0 r\u00eave?), ou le travail avec des acteurs qui prennent un r\u00f4le actif de repr\u00e9sentation dans notre histoire (constellations familiales, par exemple, ce que je ne fais pas) ou ce qui se joue avec des \u00eatres qui renvoient instinctivement ce que nous d\u00e9gageons \u00a0(voir les stages \u00ab\u00a0cheval-miroir et hypnose\u00a0\u00bb) ou l&rsquo;interpr\u00e9tation fantasmagorique d&rsquo;une situation donn\u00e9e, ou&#8230;<\/p>\n<p>C&rsquo;est le cas dans de nombreuses situations quotidiennes, n&rsquo;est-ce pas?<\/p>\n<p><strong>R\u00eave conscient\u00a0<\/strong><\/p>\n<p>Des expressions comme \u00ab\u00a0Je r\u00eave de&#8230;\u00a0\u00bb, \u00ab\u00a0moi, mon r\u00eave, ce serait de&#8230;\u00a0\u00bb r\u00e9v\u00e8lent des projets, des id\u00e9aux, des d\u00e9sirs, que l&rsquo;on peut envisager comme impossibles \u00e0 atteindre (et donc \u00e0 conserver juste en r\u00eaverie douce) ou comme cap vers lesquels tendre.<\/p>\n<p>Prendre de la hauteur, se distancier pour un temps de ses \u00e9motions, avoir une vue d&rsquo;ensemble, organiser son r\u00eave et l&rsquo;ajuster (au contexte, aux besoins, d\u00e9sirs, valeurs&#8230;) ramener le cheval en focus vers ce cap et y aller, \u00e0 son rythme&#8230; voil\u00e0 encore une application de l&rsquo;hypnose \u00e9ricksonienne.<\/p>\n<p><strong>R\u00eave id\u00e9ologique de groupe<\/strong><\/p>\n<p><a href=\"https:\/\/www.youtube.com\/watch?v=8ryy7eP0kks\" target=\"_blank\" rel=\"noopener\">I have a dream<\/a>,\u00a0Martin Luther King<\/p>\n<\/div>\n<div class=\"text_exposed_show\" style=\"text-align:justify;\">\n<p><a href=\"https:\/\/www.cambourakis.com\/spip.php?article549\" target=\"_blank\" rel=\"noopener\">R\u00eaver l&rsquo;obscur<\/a>, Starhawk<\/p>\n<p>Nous ne l&rsquo;aborderons pas lors de ces trois jours, mais le r\u00eave peut aussi \u00eatre politique: r\u00eaver ensemble, c&rsquo;est cr\u00e9er des repr\u00e9sentations pour sortir des peurs individuelles, faire \u00e9merger de l&rsquo;ombre des solutions nouvelles, cr\u00e9er le cap d&rsquo;un monde meilleur. Ensemble.<\/p>\n<\/div>\n<blockquote>\n<p style=\"text-align:center;\"><strong>Liens et biblio?<\/strong><\/p>\n<\/blockquote>\n<p style=\"text-align:justify;\">Pour les liens, sources bibliographique&#8230; voyez la <a href=\"https:\/\/test2.under-construction.work\/les-reves\/\" target=\"_blank\" rel=\"noopener\">page consacr\u00e9e aux r\u00eaves<\/a>.<\/p>\n<p style=\"text-align:justify;\">Pour les techniques de r\u00eave \u00e9veill\u00e9, voyez la page <a href=\"https:\/\/test2.under-construction.work\/les-techniques-de-reve-eveille\/\" target=\"_blank\" rel=\"noopener\">techniques de r\u00eave \u00e9veill\u00e9<\/a><\/p>\n","protected":false},"excerpt":{"rendered":"<p>Ce stage de deux jours aborde le r\u00eave en tant que champ d&rsquo;exploration int\u00e9rieure, en tant que vaisseau qui relie, transporte, traverse, en tant que moyen de transformation de l&rsquo;\u00eatre. Au coeur de la nature accueillante et magnifique des C\u00e9vennes, offrez-vous deux jours pour r\u00eaver! O\u00f9 sont mes r\u00eaves? R\u00e9guli\u00e8rement, des personnes viennent en s\u00e9ance [&hellip;]<\/p>\n","protected":false},"author":2,"featured_media":4193,"parent":9350,"menu_order":0,"comment_status":"closed","ping_status":"closed","template":"","meta":{"footnotes":""},"class_list":["post-9468","page","type-page","status-publish","has-post-thumbnail","hentry"],"_links":{"self":[{"href":"https:\/\/test2.under-construction.work\/index.php\/wp-json\/wp\/v2\/pages\/9468","targetHints":{"allow":["GET"]}}],"collection":[{"href":"https:\/\/test2.under-construction.work\/index.php\/wp-json\/wp\/v2\/pages"}],"about":[{"href":"https:\/\/test2.under-construction.work\/index.php\/wp-json\/wp\/v2\/types\/page"}],"author":[{"embeddable":true,"href":"https:\/\/test2.under-construction.work\/index.php\/wp-json\/wp\/v2\/users\/2"}],"replies":[{"embeddable":true,"href":"https:\/\/test2.under-construction.work\/index.php\/wp-json\/wp\/v2\/comments?post=9468"}],"version-history":[{"count":0,"href":"https:\/\/test2.under-construction.work\/index.php\/wp-json\/wp\/v2\/pages\/9468\/revisions"}],"up":[{"embeddable":true,"href":"https:\/\/test2.under-construction.work\/index.php\/wp-json\/wp\/v2\/pages\/9350"}],"wp:featuredmedia":[{"embeddable":true,"href":"https:\/\/test2.under-construction.work\/index.php\/wp-json\/"}],"wp:attachment":[{"href":"https:\/\/test2.under-construction.work\/index.php\/wp-json\/wp\/v2\/media?parent=9468"}],"curies":[{"name":"wp","href":"https:\/\/api.w.org\/{rel}","templated":true}]}}